000
CDUS44 KFWD 260637
CLIDFW

CLIMATE REPORT
NATIONAL WEATHER SERVICE FORT WORTH TX
1236 AM CST FRI DEC 26 2014


...................................

...THE DALLAS FORT WORTH CLIMATE SUMMARY FOR DECEMBER 25 2014...

CLIMATE NORMAL PERIOD 1981 TO 2010
CLIMATE RECORD PERIOD 1898 TO 2014


WEATHER ITEM   OBSERVED TIME   RECORD YEAR NORMAL DEPARTURE LAST
                VALUE   (LST)  VALUE       VALUE  FROM      YEAR
                                                  NORMAL
..................................................................
TEMPERATURE (F)
 YESTERDAY
  MAXIMUM         62    320 PM  78    1934  56      6       57
                                      1922
  MINIMUM         34    610 AM   6    1983  36     -2       33
  AVERAGE         48                        46      2       45

PRECIPITATION (IN)
  YESTERDAY        0.00          1.94 2000   0.08  -0.08     0.00
  MONTH TO DATE    1.12                      2.11  -0.99     2.76
  SINCE DEC 1      1.12                      2.11  -0.99     2.76
  SINCE JAN 1     21.31                     35.70 -14.39    29.40

SNOWFALL (IN)
  YESTERDAY        0.0           2.0  1926   0.0    0.0      0.0
  MONTH TO DATE    0.0                       0.2   -0.2      2.1
  SINCE DEC 1      0.0                       0.2   -0.2      2.1
  SINCE JUL 1      T                         0.2   -0.2      2.1
  SNOW DEPTH       0

DEGREE DAYS
 HEATING
  YESTERDAY       17                        19     -2       20
  MONTH TO DATE  330                       439   -109      534
  SINCE DEC 1    330                       439   -109      534
  SINCE JUL 1    748                       793    -45      935

 COOLING
  YESTERDAY        0                         0      0        0
  MONTH TO DATE    1                         0      1        0
  SINCE DEC 1      1                         0      1        0
  SINCE JAN 1   2952                      2752    200     2930
..................................................................


WIND (MPH)
  HIGHEST WIND SPEED    36   HIGHEST WIND DIRECTION     S (190)
  HIGHEST GUST SPEED    42   HIGHEST GUST DIRECTION     S (190)
  AVERAGE WIND SPEED    17.9


SKY COVER
  POSSIBLE SUNSHINE  MM
  AVERAGE SKY COVER 0.5


WEATHER CONDITIONS
 THE FOLLOWING WEATHER WAS RECORDED YESTERDAY.
  NO SIGNIFICANT WEATHER WAS OBSERVED.


RELATIVE HUMIDITY (PERCENT)
 HIGHEST    82           200 AM
 LOWEST     27           300 PM
 AVERAGE    55

..........................................................


THE DALLAS FORT WORTH CLIMATE NORMALS FOR TODAY
                         NORMAL    RECORD    YEAR
 MAXIMUM TEMPERATURE (F)   56        83      2008
 MINIMUM TEMPERATURE (F)   36        16      1983


SUNRISE AND SUNSET
DECEMBER 26 2014......SUNRISE   729 AM CST   SUNSET   529 PM CST
DECEMBER 27 2014......SUNRISE   729 AM CST   SUNSET   529 PM CST


-  INDICATES NEGATIVE NUMBERS.
R  INDICATES RECORD WAS SET OR TIED.
MM INDICATES DATA IS MISSING.
T  INDICATES TRACE AMOUNT.




$$
