000
CDUS44 KFWD 230646
CLIDFW

CLIMATE REPORT
NATIONAL WEATHER SERVICE FORT WORTH TX
146 AM CDT WED APR 23 2014

...................................

...THE DALLAS FORT WORTH CLIMATE SUMMARY FOR APRIL 22 2014...

CLIMATE NORMAL PERIOD 1981 TO 2010
CLIMATE RECORD PERIOD 1898 TO 2014


WEATHER ITEM   OBSERVED TIME   RECORD YEAR NORMAL DEPARTURE LAST
                VALUE   (LST)  VALUE       VALUE  FROM      YEAR
                                                  NORMAL
..................................................................
TEMPERATURE (F)
 YESTERDAY
  MAXIMUM         84    401 PM  94    1963  78      6       78
  MINIMUM         60    531 AM  39    1927  57      3       53
  AVERAGE         72                        67      5       66

PRECIPITATION (IN)
  YESTERDAY        0.00          2.03 1962   0.11  -0.11     0.00
  MONTH TO DATE    1.66                      2.05  -0.39     1.95
  SINCE MAR 1      3.11                      5.54  -2.43     4.22
  SINCE JAN 1      3.85                     10.33  -6.48     9.96

SNOWFALL (IN)
  YESTERDAY        0.0           0.0    MM   0.0    0.0      0.0
  MONTH TO DATE    0.0                       0.0    0.0      0.0
  SINCE MAR 1      0.1                       0.2   -0.1      0.0
  SINCE JUL 1      2.9                       1.2    1.7      0.8
  SNOW DEPTH       0

DEGREE DAYS
 HEATING
  YESTERDAY        0                         2     -2        0
  MONTH TO DATE   94                        74     20      109
  SINCE MAR 1    415                       335     80      388
  SINCE JUL 1   2588                      2267    321     1978

 COOLING
  YESTERDAY        7                         4      3        1
  MONTH TO DATE   85                        62     23       63
  SINCE MAR 1    107                        94     13       84
  SINCE JAN 1    107                       101      6       96
..................................................................


WIND (MPH)
  HIGHEST WIND SPEED    15   HIGHEST WIND DIRECTION    NE (30)
  HIGHEST GUST SPEED    19   HIGHEST GUST DIRECTION     N (20)
  AVERAGE WIND SPEED     6.6


SKY COVER
  POSSIBLE SUNSHINE  MM
  AVERAGE SKY COVER 0.1


WEATHER CONDITIONS
 THE FOLLOWING WEATHER WAS RECORDED YESTERDAY.
  FOG


RELATIVE HUMIDITY (PERCENT)
 HIGHEST    97           600 AM
 LOWEST     37           200 PM
 AVERAGE    67

..........................................................


THE DALLAS FORT WORTH CLIMATE NORMALS FOR TODAY
                         NORMAL    RECORD    YEAR
 MAXIMUM TEMPERATURE (F)   78        90      1934
 MINIMUM TEMPERATURE (F)   57        41      2013
                                             1907


SUNRISE AND SUNSET
APRIL 23 2014.........SUNRISE   649 AM CDT   SUNSET   804 PM CDT
APRIL 24 2014.........SUNRISE   648 AM CDT   SUNSET   805 PM CDT


-  INDICATES NEGATIVE NUMBERS.
R  INDICATES RECORD WAS SET OR TIED.
MM INDICATES DATA IS MISSING.
T  INDICATES TRACE AMOUNT.


$$

58
