347
CDUS44 KFWD 210723
CLIDFW


CLIMATE REPORT
NATIONAL WEATHER SERVICE FORT WORTH TX
122 AM CST SUN JAN 21 2018


...................................

...THE DALLAS FORT WORTH CLIMATE SUMMARY FOR JANUARY 20 2018...

CLIMATE NORMAL PERIOD 1981 TO 2010
CLIMATE RECORD PERIOD 1898 TO 2018


WEATHER ITEM   OBSERVED TIME   RECORD YEAR NORMAL DEPARTURE LAST
                VALUE   (LST)  VALUE       VALUE  FROM      YEAR
                                                  NORMAL
..................................................................
TEMPERATURE (F)
 YESTERDAY
  MAXIMUM         73    422 PM  83    1986  57     16       78
  MINIMUM         53    222 AM  10    1985  35     18       47
  AVERAGE         63                        46     17       63

PRECIPITATION (IN)
  YESTERDAY        0.03          0.76 2007   0.08  -0.05     0.00
  MONTH TO DATE    0.21                      1.29  -1.08     4.37
  SINCE DEC 1      4.77                      3.84   0.93     4.97
  SINCE JAN 1      0.21                      1.29  -1.08     4.37

SNOWFALL (IN)
  YESTERDAY        0.0           T    1979   0.0    0.0      0.0
                                      1958
                                      1954
  MONTH TO DATE    T                         0.1   -0.1      0.1
  SINCE DEC 1      T                         0.4   -0.4      0.1
  SINCE JUL 1      T                         0.4   -0.4      0.1
  SNOW DEPTH       0

DEGREE DAYS
 HEATING
  YESTERDAY        2                        19    -17        2
  MONTH TO DATE  467                       391     76      314
  SINCE DEC 1    943                       949     -6      798
  SINCE JUL 1   1146                      1303   -157      900

 COOLING
  YESTERDAY        0                         0      0        0
  MONTH TO DATE    0                         0      0        6
  SINCE DEC 1     12                         4      8       22
  SINCE JAN 1      0                         0      0        6
..................................................................


WIND (MPH)
  HIGHEST WIND SPEED    28   HIGHEST WIND DIRECTION     S (200)
  HIGHEST GUST SPEED    35   HIGHEST GUST DIRECTION     S (200)
  AVERAGE WIND SPEED    18.5


SKY COVER
  POSSIBLE SUNSHINE  MM
  AVERAGE SKY COVER 0.6


WEATHER CONDITIONS
 THE FOLLOWING WEATHER WAS RECORDED YESTERDAY.
  LIGHT RAIN
  FOG


RELATIVE HUMIDITY (PERCENT)
 HIGHEST    93           200 AM
 LOWEST     49           400 PM
 AVERAGE    71

..........................................................


THE DALLAS FORT WORTH CLIMATE NORMALS FOR TODAY
                         NORMAL    RECORD    YEAR
 MAXIMUM TEMPERATURE (F)   57        79      2005
                                             1952
                                             1909
 MINIMUM TEMPERATURE (F)   36         7      1935


SUNRISE AND SUNSET
JANUARY 21 2018.......SUNRISE   729 AM CST   SUNSET   550 PM CST
JANUARY 22 2018.......SUNRISE   729 AM CST   SUNSET   551 PM CST


-  INDICATES NEGATIVE NUMBERS.
R  INDICATES RECORD WAS SET OR TIED.
MM INDICATES DATA IS MISSING.
T  INDICATES TRACE AMOUNT.




$$
