080
CDUS44 KFWD 080638
CLIDFW


CLIMATE REPORT
NATIONAL WEATHER SERVICE FORT WORTH TX
1238 AM CST THU DEC 8 2016


...................................

...THE DALLAS FORT WORTH CLIMATE SUMMARY FOR DECEMBER 7 2016...

CLIMATE NORMAL PERIOD 1981 TO 2010
CLIMATE RECORD PERIOD 1898 TO 2016


WEATHER ITEM   OBSERVED TIME   RECORD YEAR NORMAL DEPARTURE LAST
                VALUE   (LST)  VALUE       VALUE  FROM      YEAR
                                                  NORMAL
..................................................................
TEMPERATURE (F)
 YESTERDAY
  MAXIMUM         51    450 PM  84    2007  59     -8       68
  MINIMUM         35    458 AM  10    1950  39     -4       38
  AVERAGE         43                        49     -6       53

PRECIPITATION (IN)
  YESTERDAY        0.00          1.31 1997   0.09  -0.09     0.00
  MONTH TO DATE    0.55                      0.59  -0.04     0.00
  SINCE DEC 1      0.55                      0.59  -0.04     0.00
  SINCE JAN 1     35.43                     34.18   1.25    58.78

SNOWFALL (IN)
  YESTERDAY        0.0           T    2005   0.0    0.0      0.0
                                      1989
                                      1954
  MONTH TO DATE    0.0                       0.0    0.0      0.0
  SINCE DEC 1      0.0                       0.0    0.0      0.0
  SINCE JUL 1      0.0                       T      0.0      0.0
  SNOW DEPTH       0

DEGREE DAYS
 HEATING
  YESTERDAY       22                        17      5       12
  MONTH TO DATE  103                       110     -7      108
  SINCE DEC 1    103                       110     -7      108
  SINCE JUL 1    205                       464   -259      323

 COOLING
  YESTERDAY        0                         0      0        0
  MONTH TO DATE    0                         0      0        0
  SINCE DEC 1      0                         0      0        0
  SINCE JAN 1   3207                      2752    455     3001
..................................................................


WIND (MPH)
  HIGHEST WIND SPEED    24   HIGHEST WIND DIRECTION     N (10)
  HIGHEST GUST SPEED    29   HIGHEST GUST DIRECTION    NE (30)
  AVERAGE WIND SPEED     7.8


SKY COVER
  POSSIBLE SUNSHINE  MM
  AVERAGE SKY COVER 0.8


WEATHER CONDITIONS
 THE FOLLOWING WEATHER WAS RECORDED YESTERDAY.
  NO SIGNIFICANT WEATHER WAS OBSERVED.


RELATIVE HUMIDITY (PERCENT)
 HIGHEST    89           500 AM
 LOWEST     61           500 PM
 AVERAGE    75

..........................................................


THE DALLAS FORT WORTH CLIMATE NORMALS FOR TODAY
                         NORMAL    RECORD    YEAR
 MAXIMUM TEMPERATURE (F)   58        80      1977
 MINIMUM TEMPERATURE (F)   38        13      1917


SUNRISE AND SUNSET
DECEMBER  8 2016......SUNRISE   719 AM CST   SUNSET   522 PM CST
DECEMBER  9 2016......SUNRISE   720 AM CST   SUNSET   522 PM CST


-  INDICATES NEGATIVE NUMBERS.
R  INDICATES RECORD WAS SET OR TIED.
MM INDICATES DATA IS MISSING.
T  INDICATES TRACE AMOUNT.




$$
