000
CDUS44 KFWD 230720
CLIDFW


CLIMATE REPORT
NATIONAL WEATHER SERVICE FORT WORTH TX
220 AM CDT THU MAR 23 2017


...................................

...THE DALLAS FORT WORTH CLIMATE SUMMARY FOR MARCH 22 2017...

CLIMATE NORMAL PERIOD 1981 TO 2010
CLIMATE RECORD PERIOD 1898 TO 2017


WEATHER ITEM   OBSERVED TIME   RECORD YEAR NORMAL DEPARTURE LAST
                VALUE   (LST)  VALUE       VALUE  FROM      YEAR
                                                  NORMAL
..................................................................
TEMPERATURE (F)
 YESTERDAY
  MAXIMUM         86    227 PM  93    1995  70     16       76
                                      1934
  MINIMUM         65    647 AM  26    1914  49     16       49
  AVERAGE         76                        59     17       63

PRECIPITATION (IN)
  YESTERDAY        0.00          0.99 1993   0.12  -0.12     0.00
  MONTH TO DATE    0.19                      2.51  -2.32     2.09
  SINCE MAR 1      0.19                      2.51  -2.32     2.09
  SINCE JAN 1      6.91                      7.30  -0.39     5.33

SNOWFALL (IN)
  YESTERDAY        0.0           T    1968   0.0    0.0      0.0
  MONTH TO DATE    0.0                       0.2   -0.2      0.0
  SINCE MAR 1      0.0                       0.2   -0.2      0.0
  SINCE JUL 1      0.1                       1.6   -1.5       T
  SNOW DEPTH       0

DEGREE DAYS
 HEATING
  YESTERDAY        0                         7     -7        2
  MONTH TO DATE   93                       207   -114      102
  SINCE MAR 1     93                       207   -114      102
  SINCE JUL 1   1281                      2139   -858     1513

 COOLING
  YESTERDAY       11                         1     10        0
  MONTH TO DATE   82                        20     62       16
  SINCE MAR 1     82                        20     62       16
  SINCE JAN 1    150                        27    123       27
..................................................................


WIND (MPH)
  HIGHEST WIND SPEED    21   HIGHEST WIND DIRECTION     S (160)
  HIGHEST GUST SPEED    26   HIGHEST GUST DIRECTION    SE (150)
  AVERAGE WIND SPEED    12.3


SKY COVER
  POSSIBLE SUNSHINE  MM
  AVERAGE SKY COVER 0.4


WEATHER CONDITIONS
 THE FOLLOWING WEATHER WAS RECORDED YESTERDAY.
  NO SIGNIFICANT WEATHER WAS OBSERVED.


RELATIVE HUMIDITY (PERCENT)
 HIGHEST    87           500 AM
 LOWEST     48           200 PM
 AVERAGE    68

..........................................................


THE DALLAS FORT WORTH CLIMATE NORMALS FOR TODAY
                         NORMAL    RECORD    YEAR
 MAXIMUM TEMPERATURE (F)   70        91      1929
 MINIMUM TEMPERATURE (F)   49        28      1952


SUNRISE AND SUNSET
MARCH 23 2017.........SUNRISE   728 AM CDT   SUNSET   742 PM CDT
MARCH 24 2017.........SUNRISE   726 AM CDT   SUNSET   743 PM CDT


-  INDICATES NEGATIVE NUMBERS.
R  INDICATES RECORD WAS SET OR TIED.
MM INDICATES DATA IS MISSING.
T  INDICATES TRACE AMOUNT.




$$
