000
CDUS44 KFWD 230650
CLIDFW


CLIMATE REPORT
NATIONAL WEATHER SERVICE FORT WORTH TX
149 AM CDT SUN JUL 23 2017


...................................

...THE DALLAS FORT WORTH CLIMATE SUMMARY FOR JULY 22 2017...

CLIMATE NORMAL PERIOD 1981 TO 2010
CLIMATE RECORD PERIOD 1898 TO 2017


WEATHER ITEM   OBSERVED TIME   RECORD YEAR NORMAL DEPARTURE LAST
                VALUE   (LST)  VALUE       VALUE  FROM      YEAR
                                                  NORMAL
..................................................................
TEMPERATURE (F)
 YESTERDAY
  MAXIMUM        101    317 PM 106    1974  96      5      100
  MINIMUM         80    551 AM  63    1970  76      4       79
                                      1915
  AVERAGE         91                        86      5       90

PRECIPITATION (IN)
  YESTERDAY        0.00          1.94 1944   0.05  -0.05     0.00
  MONTH TO DATE    2.78                      1.68   1.10     3.86
  SINCE JUN 1     11.22                      5.47   5.75     7.46
  SINCE JAN 1     23.08                     21.72   1.36    24.22

DEGREE DAYS
 HEATING
  YESTERDAY        0                         0      0        0
  MONTH TO DATE    0                         0      0        0
  SINCE JUN 1      0                         0      0        0
  SINCE JUL 1      0                         0      0        0

 COOLING
  YESTERDAY       26                        21      5       25
  MONTH TO DATE  474                       441     33      483
  SINCE JUN 1   1006                       932     74     1057
  SINCE JAN 1   1688                      1354    334     1480
..................................................................


WIND (MPH)
  HIGHEST WIND SPEED    20   HIGHEST WIND DIRECTION    SE (150)
  HIGHEST GUST SPEED    23   HIGHEST GUST DIRECTION     S (200)
  AVERAGE WIND SPEED     9.9


SKY COVER
  POSSIBLE SUNSHINE  MM
  AVERAGE SKY COVER 0.2


WEATHER CONDITIONS
 THE FOLLOWING WEATHER WAS RECORDED YESTERDAY.
  NO SIGNIFICANT WEATHER WAS OBSERVED.


RELATIVE HUMIDITY (PERCENT)
 HIGHEST    79           500 AM
 LOWEST     38           600 PM
 AVERAGE    59

..........................................................


THE DALLAS FORT WORTH CLIMATE NORMALS FOR TODAY
                         NORMAL    RECORD    YEAR
 MAXIMUM TEMPERATURE (F)   96       105      1974
 MINIMUM TEMPERATURE (F)   76        59      1970


SUNRISE AND SUNSET
JULY 23 2017..........SUNRISE   636 AM CDT   SUNSET   833 PM CDT
JULY 24 2017..........SUNRISE   637 AM CDT   SUNSET   832 PM CDT


-  INDICATES NEGATIVE NUMBERS.
R  INDICATES RECORD WAS SET OR TIED.
MM INDICATES DATA IS MISSING.
T  INDICATES TRACE AMOUNT.




$$
