000
CDUS44 KFWD 270641
CLIDFW


CLIMATE REPORT
NATIONAL WEATHER SERVICE FORT WORTH TX
139 AM CDT WED JUL 27 2016


...................................

...THE DALLAS FORT WORTH CLIMATE SUMMARY FOR JULY 26 2016...

CLIMATE NORMAL PERIOD 1981 TO 2010
CLIMATE RECORD PERIOD 1898 TO 2016


WEATHER ITEM   OBSERVED TIME   RECORD YEAR NORMAL DEPARTURE LAST
                VALUE   (LST)  VALUE       VALUE  FROM      YEAR
                                                  NORMAL
..................................................................
TEMPERATURE (F)
 YESTERDAY
  MAXIMUM         98    354 PM 106    1980  97      1      100
  MINIMUM         77    544 AM  65    1911  76      1       77
  AVERAGE         88                        86      2       89

PRECIPITATION (IN)
  YESTERDAY        0.00          1.49 1962   0.05  -0.05     0.00
  MONTH TO DATE    3.89                      1.89   2.00     0.92
  SINCE JUN 1      7.49                      5.68   1.81     4.87
  SINCE JAN 1     24.25                     21.93   2.32    36.50

DEGREE DAYS
 HEATING
  YESTERDAY        0                         0      0        0
  MONTH TO DATE    0                         0      0        0
  SINCE JUN 1      0                         0      0        0
  SINCE JUL 1      0                         0      0        0

 COOLING
  YESTERDAY       23                        21      2       24
  MONTH TO DATE  583                       525     58      567
  SINCE JUN 1   1157                      1016    141     1087
  SINCE JAN 1   1580                      1438    142     1406
..................................................................


WIND (MPH)
  HIGHEST WIND SPEED    21   HIGHEST WIND DIRECTION    NE (30)
  HIGHEST GUST SPEED    24   HIGHEST GUST DIRECTION    NE (40)
  AVERAGE WIND SPEED     5.1


SKY COVER
  POSSIBLE SUNSHINE  MM
  AVERAGE SKY COVER 0.6


WEATHER CONDITIONS
 THE FOLLOWING WEATHER WAS RECORDED YESTERDAY.
  NO SIGNIFICANT WEATHER WAS OBSERVED.


RELATIVE HUMIDITY (PERCENT)
 HIGHEST    82           400 AM
 LOWEST     35           400 PM
 AVERAGE    59

..........................................................


THE DALLAS FORT WORTH CLIMATE NORMALS FOR TODAY
                         NORMAL    RECORD    YEAR
 MAXIMUM TEMPERATURE (F)   97       106      1944
 MINIMUM TEMPERATURE (F)   76        68      1994
                                             1933


SUNRISE AND SUNSET
JULY 27 2016..........SUNRISE   639 AM CDT   SUNSET   830 PM CDT
JULY 28 2016..........SUNRISE   639 AM CDT   SUNSET   829 PM CDT


-  INDICATES NEGATIVE NUMBERS.
R  INDICATES RECORD WAS SET OR TIED.
MM INDICATES DATA IS MISSING.
T  INDICATES TRACE AMOUNT.




$$
