000
CDUS44 KFWD 240639
CLIDFW

CLIMATE REPORT
NATIONAL WEATHER SERVICE FORT WORTH TX
140 AM CDT SUN SEP 24 2017

...................................

...THE DALLAS FORT WORTH CLIMATE SUMMARY FOR SEPTEMBER 23 2017...

CLIMATE NORMAL PERIOD 1981 TO 2010
CLIMATE RECORD PERIOD 1898 TO 2017


WEATHER ITEM   OBSERVED TIME   RECORD YEAR NORMAL DEPARTURE LAST
                VALUE   (LST)  VALUE       VALUE  FROM      YEAR
                                                  NORMAL
..................................................................
TEMPERATURE (F)
 YESTERDAY
  MAXIMUM         96    257 PM  99    2005  86     10       94
                                      1926
  MINIMUM         73    647 AM  44    1995  65      8       77
  AVERAGE         85                        75     10       86

PRECIPITATION (IN)
  YESTERDAY        0.00          1.27 1955   0.07  -0.07     0.00
  MONTH TO DATE    T                         2.00  -2.00     0.48
  SINCE SEP 1      T                         2.00  -2.00     0.48
  SINCE JAN 1     28.66                     26.11   2.55    29.15

DEGREE DAYS
 HEATING
  YESTERDAY        0                         0      0        0
  MONTH TO DATE    0                         0      0        0
  SINCE SEP 1      0                         0      0        0
  SINCE JUL 1      0                         0      0        0

 COOLING
  YESTERDAY       20                        11      9       21
  MONTH TO DATE  378                       330     48      442
  SINCE SEP 1    378                       330     48      442
  SINCE JAN 1   2879                      2512    367     2793
..................................................................


WIND (MPH)
  HIGHEST WIND SPEED    18   HIGHEST WIND DIRECTION    SE (120)
  HIGHEST GUST SPEED    26   HIGHEST GUST DIRECTION    SE (140)
  AVERAGE WIND SPEED     9.2


SKY COVER
  POSSIBLE SUNSHINE  MM
  AVERAGE SKY COVER 0.3


WEATHER CONDITIONS
 THE FOLLOWING WEATHER WAS RECORDED YESTERDAY.
  NO SIGNIFICANT WEATHER WAS OBSERVED.


RELATIVE HUMIDITY (PERCENT)
 HIGHEST    87           600 AM
 LOWEST     36           300 PM
 AVERAGE    62

..........................................................


THE DALLAS FORT WORTH CLIMATE NORMALS FOR TODAY
                         NORMAL    RECORD    YEAR
 MAXIMUM TEMPERATURE (F)   85        99      1907
 MINIMUM TEMPERATURE (F)   64        49      1989


SUNRISE AND SUNSET
SEPTEMBER 24 2017.....SUNRISE   718 AM CDT   SUNSET   722 PM CDT
SEPTEMBER 25 2017.....SUNRISE   718 AM CDT   SUNSET   720 PM CDT


-  INDICATES NEGATIVE NUMBERS.
R  INDICATES RECORD WAS SET OR TIED.
MM INDICATES DATA IS MISSING.
T  INDICATES TRACE AMOUNT.

$$
