000
CDUS44 KFWD 270648
CLIDFW

CLIMATE REPORT
NATIONAL WEATHER SERVICE FORT WORTH TX
1245 AM CST FRI FEB 27 2015


...................................

...THE DALLAS FORT WORTH CLIMATE SUMMARY FOR FEBRUARY 26 2015...

CLIMATE NORMAL PERIOD 1981 TO 2010
CLIMATE RECORD PERIOD 1898 TO 2015


WEATHER ITEM   OBSERVED TIME   RECORD YEAR NORMAL DEPARTURE LAST
                VALUE   (LST)  VALUE       VALUE  FROM      YEAR
                                                  NORMAL
..................................................................
TEMPERATURE (F)
 YESTERDAY
  MAXIMUM         38    627 AM  90    1917  63    -25       43
  MINIMUM         30   1159 PM  21    1960  42    -12       32
                                      1934
  AVERAGE         34                        53    -19       38

PRECIPITATION (IN)
  YESTERDAY        T             2.27 1903   0.11  -0.11     0.00
  MONTH TO DATE    2.50                      2.44   0.06     0.41
  SINCE DEC 1      7.25                      7.12   0.13     3.50
  SINCE JAN 1      6.12                      4.57   1.55     0.74

SNOWFALL (IN)
  YESTERDAY        T   R         T    1982   0.0    0.0      0.0
                                      1937
  MONTH TO DATE    0.3                       0.4   -0.1      0.7
  SINCE DEC 1      0.3                       1.0   -0.7      2.8
  SINCE JUL 1      0.3                       1.0   -0.7      2.8
  SNOW DEPTH       0

DEGREE DAYS
 HEATING
  YESTERDAY       31                        13     18       27
  MONTH TO DATE  463                       403     60      473
  SINCE DEC 1   1544                      1554    -10     1747
  SINCE JUL 1   1962                      1908     54     2148

 COOLING
  YESTERDAY        0                         0      0        0
  MONTH TO DATE    0                         0      0        0
  SINCE DEC 1      1                         6     -5        0
  SINCE JAN 1      0                         2     -2        0
..................................................................


WIND (MPH)
  HIGHEST WIND SPEED    28   HIGHEST WIND DIRECTION     N (360)
  HIGHEST GUST SPEED    34   HIGHEST GUST DIRECTION     N (360)
  AVERAGE WIND SPEED    15.7


SKY COVER
  POSSIBLE SUNSHINE  MM
  AVERAGE SKY COVER 0.8


WEATHER CONDITIONS
 THE FOLLOWING WEATHER WAS RECORDED YESTERDAY.
  LIGHT SNOW
  FOG
  HAZE


RELATIVE HUMIDITY (PERCENT)
 HIGHEST    92           500 AM
 LOWEST     43           800 PM
 AVERAGE    68

..........................................................


THE DALLAS FORT WORTH CLIMATE NORMALS FOR TODAY
                         NORMAL    RECORD    YEAR
 MAXIMUM TEMPERATURE (F)   63        85      1918
 MINIMUM TEMPERATURE (F)   43        19      2002


SUNRISE AND SUNSET
FEBRUARY 27 2015......SUNRISE   659 AM CST   SUNSET   624 PM CST
FEBRUARY 28 2015......SUNRISE   657 AM CST   SUNSET   624 PM CST


-  INDICATES NEGATIVE NUMBERS.
R  INDICATES RECORD WAS SET OR TIED.
MM INDICATES DATA IS MISSING.
T  INDICATES TRACE AMOUNT.


$$

58
