211
CDUS44 KFWD 102223
CLIDFW


CLIMATE REPORT
NATIONAL WEATHER SERVICE FORT WORTH TX
423 PM CST WED FEB 10 2016


...................................

...THE DALLAS FORT WORTH CLIMATE SUMMARY FOR FEBRUARY 10 2016...
VALID AS OF 0400 PM LOCAL TIME.

CLIMATE NORMAL PERIOD 1981 TO 2010
CLIMATE RECORD PERIOD 1898 TO 2016


WEATHER ITEM   OBSERVED TIME   RECORD YEAR NORMAL DEPARTURE LAST
                VALUE   (LST)  VALUE       VALUE  FROM      YEAR
                                                  NORMAL
..................................................................
TEMPERATURE (F)
 TODAY
  MAXIMUM         74    350 PM  85    1954  59     15       75
  MINIMUM         34    720 AM  15    2011  38     -4       45
  AVERAGE         54

PRECIPITATION (IN)
  TODAY            0.00          0.98 2013   0.10  -0.10     0.00
  MONTH TO DATE    T                         0.85  -0.85     0.10
  SINCE DEC 1      4.87                      5.53  -0.66     4.85
  SINCE JAN 1      1.04                      2.98  -1.94     3.72

SNOWFALL (IN)
  TODAY            0.0           0.1  1994   0.1   -0.1      0.0
  MONTH TO DATE    0.0                       0.4   -0.4      0.0
  SINCE DEC 1      T                         0.9   -0.9       T
  SINCE JUL 1      T                         0.9   -0.9       T
  SNOW DEPTH       0

..................................................................


WIND (MPH)
  HIGHEST WIND SPEED    22   HIGHEST WIND DIRECTION    SW (220)
  HIGHEST GUST SPEED    26   HIGHEST GUST DIRECTION    SW (220)
  AVERAGE WIND SPEED     9.5




..........................................................


THE DALLAS FORT WORTH CLIMATE NORMALS FOR TOMORROW
                         NORMAL    RECORD    YEAR
 MAXIMUM TEMPERATURE (F)   60        88      1922
 MINIMUM TEMPERATURE (F)   38        10      1981


SUNRISE AND SUNSET
FEBRUARY 10 2016......SUNRISE   716 AM CST   SUNSET   609 PM CST
FEBRUARY 11 2016......SUNRISE   716 AM CST   SUNSET   609 PM CST


-  INDICATES NEGATIVE NUMBERS.
R  INDICATES RECORD WAS SET OR TIED.
MM INDICATES DATA IS MISSING.
T  INDICATES TRACE AMOUNT.




$$
