000
CDUS43 KDDC 162326
CLIDGC


CLIMATE REPORT
NATIONAL WEATHER SERVICE DODGE CITY KS
526 PM CST SAT DEC 16 2017


...................................

...THE DODGE CITY KS CLIMATE SUMMARY FOR DECEMBER 16 2017...
VALID TODAY AS OF 0500 PM LOCAL TIME.

CLIMATE NORMAL PERIOD 1981 TO 2010
CLIMATE RECORD PERIOD 1875 TO 2017


WEATHER ITEM   OBSERVED TIME   RECORD YEAR NORMAL DEPARTURE LAST
                VALUE   (LST)  VALUE       VALUE  FROM      YEAR
                                                  NORMAL
..................................................................
TEMPERATURE (F)
 TODAY
  MAXIMUM         63    249 PM  70    1962  44     19       37
  MINIMUM         27    649 AM  -1    1989  21      6       23
  AVERAGE         45                        32     13       30

PRECIPITATION (IN)
  TODAY            0.00          0.43 1928   0.03  -0.03     0.00
  MONTH TO DATE    0.00                      0.42  -0.42     0.34
  SINCE DEC 1      0.00                      0.42  -0.42     0.34
  SINCE JAN 1     25.57                     21.18   4.39    23.12

SNOWFALL (IN)
  TODAY            0.0           4.5  1928   0.1   -0.1      0.0
  MONTH TO DATE    0.0                       2.1   -2.1      0.2
  SINCE DEC 1      0.0                       2.1   -2.1      0.2
  SINCE JUL 1      0.0                       4.3   -4.3      0.2
  SNOW DEPTH       0

DEGREE DAYS
 HEATING
  TODAY           20                        33    -13       35
  MONTH TO DATE  379                       500   -121      578
  SINCE DEC 1    379                       500   -121      578
  SINCE JUL 1   1233                      1514   -281     1174

 COOLING
  TODAY            0                         0      0        0
  MONTH TO DATE    0                         0      0        0
  SINCE DEC 1      0                         0      0        0
  SINCE JAN 1   1520                      1463     57     1580
..................................................................


WIND (MPH)
  HIGHEST WIND SPEED    28   HIGHEST WIND DIRECTION     S (190)
  HIGHEST GUST SPEED    37   HIGHEST GUST DIRECTION     S (190)
  AVERAGE WIND SPEED    15.9


SKY COVER
  POSSIBLE SUNSHINE  MM
  AVERAGE SKY COVER 0.0


WEATHER CONDITIONS
 THE FOLLOWING WEATHER WAS RECORDED TODAY.
  NO SIGNIFICANT WEATHER WAS OBSERVED.


RELATIVE HUMIDITY (PERCENT)
 HIGHEST    69           800 AM
 LOWEST     17           300 PM
 AVERAGE    43

..........................................................


THE DODGE CITY KS CLIMATE NORMALS FOR TOMORROW
                         NORMAL    RECORD    YEAR
 MAXIMUM TEMPERATURE (F)   44        79      1939
 MINIMUM TEMPERATURE (F)   21        -8      2016


SUNRISE AND SUNSET
DECEMBER 16 2017......SUNRISE   749 AM CST   SUNSET   523 PM CST
DECEMBER 17 2017......SUNRISE   749 AM CST   SUNSET   523 PM CST


-  INDICATES NEGATIVE NUMBERS.
R  INDICATES RECORD WAS SET OR TIED.
MM INDICATES DATA IS MISSING.
T  INDICATES TRACE AMOUNT.




$$
