000
CDUS43 KDDC 051006
CLIDGC


CLIMATE REPORT
NATIONAL WEATHER SERVICE DODGE CITY KS
506 AM CDT SAT SEP 5 2015


...................................

...THE DODGE CITY KS CLIMATE SUMMARY FOR SEPTEMBER 4 2015...

CLIMATE NORMAL PERIOD 1981 TO 2010
CLIMATE RECORD PERIOD 1875 TO 2015


WEATHER ITEM   OBSERVED TIME   RECORD YEAR NORMAL DEPARTURE LAST
                VALUE   (LST)  VALUE       VALUE  FROM      YEAR
                                                  NORMAL
..................................................................
TEMPERATURE (F)
 YESTERDAY
  MAXIMUM         98    255 PM 103    2000  87     11       96
  MINIMUM         68    635 AM  47    1974  61      7       72
                                      1962
  AVERAGE         83                        74      9       84

PRECIPITATION (IN)
  YESTERDAY        0.00          1.26 1938   0.07  -0.07     0.00
  MONTH TO DATE    0.00                      0.29  -0.29     0.04
  SINCE SEP 1      0.00                      0.29  -0.29     0.04
  SINCE JAN 1     19.69                     16.88   2.81    18.27

SNOWFALL (IN)
  YESTERDAY        0.0           0.0  2002   0.0    0.0      0.0
                                      2001
  MONTH TO DATE    0.0                       0.0    0.0      0.0
  SINCE SEP 1      0.0                       0.0    0.0      0.0
  SINCE JUL 1      0.0                       0.0    0.0      0.0
  SNOW DEPTH       0

DEGREE DAYS
 HEATING
  YESTERDAY        0                         0      0        0
  MONTH TO DATE    0                         0      0        0
  SINCE SEP 1      0                         0      0        0
  SINCE JUL 1      2                         4     -2       13

 COOLING
  YESTERDAY       18                         9      9       19
  MONTH TO DATE   71                        39     32       53
  SINCE SEP 1     71                        39     32       53
  SINCE JAN 1   1269                      1285    -16     1298
..................................................................


WIND (MPH)
  HIGHEST WIND SPEED    28   HIGHEST WIND DIRECTION     S (170)
  HIGHEST GUST SPEED    34   HIGHEST GUST DIRECTION     S (180)
  AVERAGE WIND SPEED    17.4


SKY COVER
  POSSIBLE SUNSHINE  MM
  AVERAGE SKY COVER 0.0


WEATHER CONDITIONS
 THE FOLLOWING WEATHER WAS RECORDED YESTERDAY.
  NO SIGNIFICANT WEATHER WAS OBSERVED.


RELATIVE HUMIDITY (PERCENT)
 HIGHEST    70           700 AM
 LOWEST     24           300 PM
 AVERAGE    47

..........................................................


THE DODGE CITY KS CLIMATE NORMALS FOR TODAY
                         NORMAL    RECORD    YEAR
 MAXIMUM TEMPERATURE (F)   87       103      1931
 MINIMUM TEMPERATURE (F)   61        39      1889


SUNRISE AND SUNSET
SEPTEMBER  5 2015.....SUNRISE   713 AM CDT   SUNSET   803 PM CDT
SEPTEMBER  6 2015.....SUNRISE   714 AM CDT   SUNSET   802 PM CDT


-  INDICATES NEGATIVE NUMBERS.
R  INDICATES RECORD WAS SET OR TIED.
MM INDICATES DATA IS MISSING.
T  INDICATES TRACE AMOUNT.




$$
