000
CDUS45 KCYS 170731
CLIDGW


CLIMATE REPORT
NATIONAL WEATHER SERVICE CHEYENNE WY
130 AM MDT THU APR 17 2014


...................................

...THE DOUGLAS WY AIRPORT CLIMATE SUMMARY FOR APRIL 16 2014...

CLIMATE NORMAL PERIOD 1981 TO 2010
CLIMATE RECORD PERIOD 1998 TO 2014


WEATHER ITEM   OBSERVED TIME   RECORD YEAR NORMAL DEPARTURE LAST
                VALUE   (LST)  VALUE       VALUE  FROM      YEAR
                                                  NORMAL
..................................................................
TEMPERATURE (F)
 YESTERDAY
  MAXIMUM         48    238 PM  75    2006  58    -10       25
  MINIMUM         32    926 PM  10    2000  30      2       20
  AVERAGE         40                        44     -4       23

PRECIPITATION (IN)
  YESTERDAY        0.04          0.53 2013   0.05  -0.01     0.53
  MONTH TO DATE    0.72                      0.65   0.07     1.61
  SINCE JAN 1      2.96                      2.29   0.67     2.58

DEGREE DAYS
 HEATING
  YESTERDAY       25                        21      4       42
  MONTH TO DATE  387                       371     16      464
  SINCE MAR 1   1279                      1289    -10     1377
  SINCE JUL 1   6869                      6689    180     6408

 COOLING
  YESTERDAY        0                         0      0        0
  MONTH TO DATE    0                         0      0        0
  SINCE MAR 1      0                         0      0        0
  SINCE JAN 1      0                         0      0        0
..................................................................


WIND (MPH)
  HIGHEST WIND SPEED    25   HIGHEST WIND DIRECTION    NW (320)
  HIGHEST GUST SPEED    32   HIGHEST GUST DIRECTION    NW (330)
  AVERAGE WIND SPEED    12.5


SKY COVER
  AVERAGE SKY COVER 0.9


WEATHER CONDITIONS
 THE FOLLOWING WEATHER WAS RECORDED YESTERDAY.
  LIGHT RAIN
  LIGHT SNOW
  FOG


RELATIVE HUMIDITY (PERCENT)
 HIGHEST    96          1000 PM
 LOWEST     57          1200 PM
 AVERAGE    77

..........................................................


THE DOUGLAS WY AIRPORT CLIMATE NORMALS FOR TODAY
                         NORMAL    RECORD    YEAR
 MAXIMUM TEMPERATURE (F)   58        80      2005
 MINIMUM TEMPERATURE (F)   30        17      2013


SUNRISE AND SUNSET
APRIL 17 2014.........SUNRISE   617 AM MDT   SUNSET   746 PM MDT
APRIL 18 2014.........SUNRISE   615 AM MDT   SUNSET   747 PM MDT


-  INDICATES NEGATIVE NUMBERS.
R  INDICATES RECORD WAS SET OR TIED.
MM INDICATES DATA IS MISSING.
T  INDICATES TRACE AMOUNT.




$$
