000
CDUS45 KCYS 100728
CLIDGW


CLIMATE REPORT
NATIONAL WEATHER SERVICE CHEYENNE WY
1228 AM MST WED FEB 10 2016


...................................

...THE DOUGLAS WY AIRPORT CLIMATE SUMMARY FOR FEBRUARY 9 2016...

CLIMATE NORMAL PERIOD 1981 TO 2010
CLIMATE RECORD PERIOD 1998 TO 2016


WEATHER ITEM   OBSERVED TIME   RECORD YEAR NORMAL DEPARTURE LAST
                VALUE   (LST)  VALUE       VALUE  FROM      YEAR
                                                  NORMAL
..................................................................
TEMPERATURE (F)
 YESTERDAY
  MAXIMUM         47        MM  66    2015  39      8       66
  MINIMUM         28        MM -23    2001  12     16       22
  AVERAGE         38                        26     12       44

PRECIPITATION (IN)
  YESTERDAY        0.00          0.21 2013   0.02  -0.02     0.00
  MONTH TO DATE    0.01                      0.14  -0.13     0.23
  SINCE JAN 1      0.46                      0.52  -0.06     0.57

DEGREE DAYS
 HEATING
  YESTERDAY       27                        39    -12       21
  MONTH TO DATE  368                       359      9      239
  SINCE DEC 1   2826                      2868    -42     2577
  SINCE JUL 1   4288                      4690   -402     4301

 COOLING
  YESTERDAY        0                         0      0        0
  MONTH TO DATE    0                         0      0        0
  SINCE DEC 1      0                         0      0        0
  SINCE JAN 1      0                         0      0        0
..................................................................


WIND (MPH)
  HIGHEST WIND SPEED    20   HIGHEST WIND DIRECTION    NW (310)
  HIGHEST GUST SPEED    30   HIGHEST GUST DIRECTION    NW (310)
  AVERAGE WIND SPEED    11.7


SKY COVER
  AVERAGE SKY COVER 0.0


WEATHER CONDITIONS
 THE FOLLOWING WEATHER WAS RECORDED YESTERDAY.
  NO SIGNIFICANT WEATHER WAS OBSERVED.


RELATIVE HUMIDITY (PERCENT)
 HIGHEST     0          1200 AM
 LOWEST      0          1200 AM
 AVERAGE     0

..........................................................


THE DOUGLAS WY AIRPORT CLIMATE NORMALS FOR TODAY
                         NORMAL    RECORD    YEAR
 MAXIMUM TEMPERATURE (F)   39        55      2015
 MINIMUM TEMPERATURE (F)   12        -2      2014
                                             2004


SUNRISE AND SUNSET
FEBRUARY 10 2016......SUNRISE   706 AM MST   SUNSET   526 PM MST
FEBRUARY 11 2016......SUNRISE   705 AM MST   SUNSET   527 PM MST


-  INDICATES NEGATIVE NUMBERS.
R  INDICATES RECORD WAS SET OR TIED.
MM INDICATES DATA IS MISSING.
T  INDICATES TRACE AMOUNT.




$$
