000
CDUS45 KCYS 220330
CLIDGW


CLIMATE REPORT
NATIONAL WEATHER SERVICE CHEYENNE WY
930 PM MDT THU AUG 21 2014


...................................

...THE DOUGLAS WY AIRPORT CLIMATE SUMMARY FOR AUGUST 21 2014...
VALID TODAY AS OF 0900 PM LOCAL TIME.

CLIMATE NORMAL PERIOD 1981 TO 2010
CLIMATE RECORD PERIOD 1998 TO 2014


WEATHER ITEM   OBSERVED TIME   RECORD YEAR NORMAL DEPARTURE LAST
                VALUE   (LST)  VALUE       VALUE  FROM      YEAR
                                                  NORMAL
..................................................................
TEMPERATURE (F)
 TODAY
  MAXIMUM         86    232 PM  97    2008  86      0       83
  MINIMUM         57    606 AM  40    2009  52      5       59
  AVERAGE         72                        69      3       71

PRECIPITATION (IN)
  TODAY            0.00          0.05 2006   0.03  -0.03     0.00
  MONTH TO DATE    0.75                      0.77  -0.02     0.40
  SINCE JAN 1      9.73                      9.68   0.05     6.19

DEGREE DAYS
 HEATING
  TODAY            0                         1     -1        0
  MONTH TO DATE    0                        12    -12        0
  SINCE JUN 1    157                       137     20       56
  SINCE JUL 1     14                        27    -13        0

 COOLING
  TODAY            7                         5      2        6
  MONTH TO DATE  128                       137     -9      137
  SINCE JUN 1    361                       413    -52      521
  SINCE JAN 1    366                       419    -53      537
..................................................................


WIND (MPH)
  HIGHEST WIND SPEED    22   HIGHEST WIND DIRECTION    SW (240)
  HIGHEST GUST SPEED    30   HIGHEST GUST DIRECTION    NW (300)
  AVERAGE WIND SPEED    10.0


SKY COVER
  AVERAGE SKY COVER 0.2


WEATHER CONDITIONS
 THE FOLLOWING WEATHER WAS RECORDED TODAY.
  NO SIGNIFICANT WEATHER WAS OBSERVED.


RELATIVE HUMIDITY (PERCENT)
 HIGHEST    67           500 AM
 LOWEST     21           500 PM
 AVERAGE    44

..........................................................


THE DOUGLAS WY AIRPORT CLIMATE NORMALS FOR TOMORROW
                         NORMAL    RECORD    YEAR
 MAXIMUM TEMPERATURE (F)   86       100      2009
 MINIMUM TEMPERATURE (F)   52        47      2004


SUNRISE AND SUNSET
AUGUST 21 2014........SUNRISE   614 AM MDT   SUNSET   754 PM MDT
AUGUST 22 2014........SUNRISE   615 AM MDT   SUNSET   752 PM MDT


-  INDICATES NEGATIVE NUMBERS.
R  INDICATES RECORD WAS SET OR TIED.
MM INDICATES DATA IS MISSING.
T  INDICATES TRACE AMOUNT.




$$
