000
CDUS44 KTAE 010634
CLIDHN


CLIMATE REPORT
NATIONAL WEATHER SERVICE TALLAHASSEE FL
233 AM EDT WED JUL 1 2015


...................................

...THE DOTHAN CLIMATE SUMMARY FOR JUNE 30 2015...

CLIMATE NORMAL PERIOD 1981 TO 2010
CLIMATE RECORD PERIOD 1965 TO 2015


WEATHER ITEM   OBSERVED TIME   NORMAL DEPARTURE LAST
                VALUE   (LST)  VALUE  FROM      YEAR
                                      NORMAL
......................................................
TEMPERATURE (F)
 YESTERDAY
  MAXIMUM         88   1019 AM  92     -4       95
  MINIMUM         69   1007 PM  71     -2       75
  AVERAGE         79            81     -2       85

PRECIPITATION (IN)
  YESTERDAY        0.06          0.17  -0.11     0.00
  MONTH TO DATE    3.20          5.60  -2.40     2.48
  SINCE JUN 1      3.20          5.60  -2.40     2.48
  SINCE JAN 1     27.45         27.96  -0.51    32.55

SNOWFALL (IN)
  YESTERDAY        0.0

DEGREE DAYS
 COOLING
  YESTERDAY       14            16     -2       20
  MONTH TO DATE  473           444     29      474
  SINCE JUN 1    473           444     29      474
  SINCE JAN 1   1061           857    204      859
......................................................


WIND (MPH)
  HIGHEST WIND SPEED    21   HIGHEST WIND DIRECTION     W (270)
  HIGHEST GUST SPEED    27   HIGHEST GUST DIRECTION     W (290)
  AVERAGE WIND SPEED     8.1








-  INDICATES NEGATIVE NUMBERS.
R  INDICATES RECORD WAS SET OR TIED.
MM INDICATES DATA IS MISSING.
T  INDICATES TRACE AMOUNT.




$$
