857
CDUS44 KTAE 230631
CLIDHN


CLIMATE REPORT
NATIONAL WEATHER SERVICE TALLAHASSEE FL
230 AM EDT THU MAR 23 2017


...................................

...THE DOTHAN CLIMATE SUMMARY FOR MARCH 22 2017...

CLIMATE NORMAL PERIOD 1981 TO 2010
CLIMATE RECORD PERIOD 1965 TO 2017


WEATHER ITEM   OBSERVED TIME   NORMAL DEPARTURE LAST
                VALUE   (LST)  VALUE  FROM      YEAR
                                      NORMAL
......................................................
TEMPERATURE (F)
 YESTERDAY
  MAXIMUM         88    325 PM  72     16       69
  MINIMUM         59    725 AM  48     11       35
  AVERAGE         74            60     14       52

PRECIPITATION (IN)
  YESTERDAY        0.00          0.19  -0.19     0.00
  MONTH TO DATE    1.01          3.76  -2.75     2.27
  SINCE MAR 1      1.01          3.76  -2.75     2.27
  SINCE JAN 1     20.60         13.16   7.44    13.12

SNOWFALL (IN)
  YESTERDAY        0.0

DEGREE DAYS
 HEATING
  YESTERDAY        0             6     -6       13
  MONTH TO DATE  171           166      5      108
  SINCE MAR 1    171           166      5      108
  SINCE JUL 1   1030          1725   -695     1286

 COOLING
  YESTERDAY        9             1      8        0
  MONTH TO DATE   25            21      4       64
  SINCE MAR 1     25            21      4       64
  SINCE JAN 1     63            31     32       70
......................................................


WIND (MPH)
  HIGHEST WIND SPEED    18   HIGHEST WIND DIRECTION    NE (40)
  HIGHEST GUST SPEED    24   HIGHEST GUST DIRECTION     N (20)
  AVERAGE WIND SPEED     9.0








-  INDICATES NEGATIVE NUMBERS.
R  INDICATES RECORD WAS SET OR TIED.
MM INDICATES DATA IS MISSING.
T  INDICATES TRACE AMOUNT.




$$
