000
CDUS44 KTAE 280637
CLIDHN


CLIMATE REPORT
NATIONAL WEATHER SERVICE TALLAHASSEE FL
135 AM EST FRI NOV 28 2014


...................................

...THE DOTHAN CLIMATE SUMMARY FOR NOVEMBER 27 2014...

CLIMATE NORMAL PERIOD 1981 TO 2010
CLIMATE RECORD PERIOD 1965 TO 2014


WEATHER ITEM   OBSERVED TIME   NORMAL DEPARTURE LAST
                VALUE   (LST)  VALUE  FROM      YEAR
                                      NORMAL
......................................................
TEMPERATURE (F)
 YESTERDAY
  MAXIMUM         57    221 PM  67    -10       49
  MINIMUM         36   1159 PM  44     -8       30
  AVERAGE         47            56     -9       40

PRECIPITATION (IN)
  YESTERDAY        0.00          0.16  -0.16     0.02
  MONTH TO DATE    1.61          3.64  -2.03     2.44
  SINCE SEP 1     10.05         10.64  -0.59    11.43
  SINCE JAN 1     49.99         49.03   0.96    69.27

SNOWFALL (IN)
  YESTERDAY        0.0

DEGREE DAYS
 HEATING
  YESTERDAY       18            10      8       25
  MONTH TO DATE  331           187    144      198
  SINCE SEP 1    374           246    128      239
  SINCE JUL 1    374           246    128      239
......................................................


WIND (MPH)
  HIGHEST WIND SPEED    20   HIGHEST WIND DIRECTION    NW (330)
  HIGHEST GUST SPEED    29   HIGHEST GUST DIRECTION    NW (320)
  AVERAGE WIND SPEED     9.2








-  INDICATES NEGATIVE NUMBERS.
R  INDICATES RECORD WAS SET OR TIED.
MM INDICATES DATA IS MISSING.
T  INDICATES TRACE AMOUNT.




$$
