000
CDUS44 KTAE 100635
CLIDHN


CLIMATE REPORT
NATIONAL WEATHER SERVICE TALLAHASSEE FL
134 AM EST WED FEB 10 2016


...................................

...THE DOTHAN CLIMATE SUMMARY FOR FEBRUARY 9 2016...

CLIMATE NORMAL PERIOD 1981 TO 2010
CLIMATE RECORD PERIOD 1965 TO 2016


WEATHER ITEM   OBSERVED TIME   NORMAL DEPARTURE LAST
                VALUE   (LST)  VALUE  FROM      YEAR
                                      NORMAL
......................................................
TEMPERATURE (F)
 YESTERDAY
  MAXIMUM         50    325 PM  64    -14       70
  MINIMUM         34   1149 PM  40     -6       51
  AVERAGE         42            52    -10       61

PRECIPITATION (IN)
  YESTERDAY        0.00          0.17  -0.17     0.19
  MONTH TO DATE    3.39          1.33   2.06     1.19
  SINCE DEC 1     17.81         10.35   7.46     9.58
  SINCE JAN 1      7.68          5.96   1.72     4.14

SNOWFALL (IN)
  YESTERDAY        0.0

DEGREE DAYS
 HEATING
  YESTERDAY       23            13     10        4
  MONTH TO DATE  122           128     -6      141
  SINCE DEC 1    835          1067   -232      957
  SINCE JUL 1    970          1344   -374     1378
......................................................


WIND (MPH)
  HIGHEST WIND SPEED    28   HIGHEST WIND DIRECTION     W (280)
  HIGHEST GUST SPEED    34   HIGHEST GUST DIRECTION     W (290)
  AVERAGE WIND SPEED    10.8








-  INDICATES NEGATIVE NUMBERS.
R  INDICATES RECORD WAS SET OR TIED.
MM INDICATES DATA IS MISSING.
T  INDICATES TRACE AMOUNT.




$$
