000
CDUS44 KTAE 252234
CLIDHN


CLIMATE REPORT
NATIONAL WEATHER SERVICE TALLAHASSEE FL
531 PM EST SUN FEB 25 2018

...................................

...THE DOTHAN CLIMATE SUMMARY FOR FEBRUARY 25 2018...
VALID TODAY AS OF 0500 PM LOCAL TIME.

CLIMATE NORMAL PERIOD 1981 TO 2010
CLIMATE RECORD PERIOD 1965 TO 2018


WEATHER ITEM   OBSERVED TIME   NORMAL DEPARTURE LAST
                VALUE   (LST)  VALUE  FROM      YEAR
                                      NORMAL
......................................................
TEMPERATURE (F)
 TODAY
  MAXIMUM         82   1153 AM  67     15       75
  MINIMUM         64    111 PM  43     21       47
  AVERAGE         73            55     18       61

PRECIPITATION (IN)
  TODAY            0.18          0.17   0.01     0.00
  MONTH TO DATE    8.47          4.29   4.18     4.37
  SINCE DEC 1     12.80         13.31  -0.51    29.21
  SINCE JAN 1      9.89          8.92   0.97    18.85

......................................................


-  INDICATES NEGATIVE NUMBERS.
R  INDICATES RECORD WAS SET OR TIED.
MM INDICATES DATA IS MISSING.
T  INDICATES TRACE AMOUNT.

$$
