000
CDUS44 KTAE 280631
CLIDHN


CLIMATE REPORT
NATIONAL WEATHER SERVICE TALLAHASSEE FL
230 AM EDT FRI APR 28 2017


...................................

...THE DOTHAN CLIMATE SUMMARY FOR APRIL 27 2017...

CLIMATE NORMAL PERIOD 1981 TO 2010
CLIMATE RECORD PERIOD 1965 TO 2017


WEATHER ITEM   OBSERVED TIME   NORMAL DEPARTURE LAST
                VALUE   (LST)  VALUE  FROM      YEAR
                                      NORMAL
......................................................
TEMPERATURE (F)
 YESTERDAY
  MAXIMUM         83    442 PM  82      1       83
  MINIMUM         70    202 AM  57     13       67
  AVERAGE         77            69      8       75

PRECIPITATION (IN)
  YESTERDAY        0.03          0.07  -0.04      T
  MONTH TO DATE    1.58          3.30  -1.72     5.78
  SINCE MAR 1      3.11          9.18  -6.07    11.94
  SINCE JAN 1     22.70         18.58   4.12    22.79

SNOWFALL (IN)
  YESTERDAY        0.0

DEGREE DAYS
 HEATING
  YESTERDAY        0             1     -1        0
  MONTH TO DATE   22            67    -45       38
  SINCE MAR 1    193           278    -85      160
  SINCE JUL 1   1052          1837   -785     1338

 COOLING
  YESTERDAY       12             5      7       10
  MONTH TO DATE  148            74     74       54
  SINCE MAR 1    224            95    129      127
  SINCE JAN 1    262           105    157      133
......................................................


WIND (MPH)
  HIGHEST WIND SPEED    25   HIGHEST WIND DIRECTION     S (200)
  HIGHEST GUST SPEED    32   HIGHEST GUST DIRECTION     S (200)
  AVERAGE WIND SPEED    14.4








-  INDICATES NEGATIVE NUMBERS.
R  INDICATES RECORD WAS SET OR TIED.
MM INDICATES DATA IS MISSING.
T  INDICATES TRACE AMOUNT.




$$
