000
CDUS44 KTAE 060623
CLIDHN


CLIMATE REPORT
NATIONAL WEATHER SERVICE TALLAHASSEE FL
121 AM EST FRI MAR 6 2015

...................................

...THE DOTHAN CLIMATE SUMMARY FOR MARCH 5 2015...

CLIMATE NORMAL PERIOD 1981 TO 2010
CLIMATE RECORD PERIOD 1965 TO 2015


WEATHER ITEM   OBSERVED TIME   NORMAL DEPARTURE LAST
                VALUE   (LST)  VALUE  FROM      YEAR
                                      NORMAL
......................................................
TEMPERATURE (F)
 YESTERDAY
  MAXIMUM         76    955 AM  69      7       59
  MINIMUM         37   1159 PM  45     -8       39
  AVERAGE         57            57      0       49

PRECIPITATION (IN)
  YESTERDAY        0.14          0.16  -0.02     0.02
  MONTH TO DATE    0.14          0.76  -0.62     0.07
  SINCE MAR 1      0.14          0.76  -0.62     0.07
  SINCE JAN 1      6.81         10.16  -3.35     7.80

SNOWFALL (IN)
  YESTERDAY        0.0

DEGREE DAYS
 HEATING
  YESTERDAY        8             9     -1       16
  MONTH TO DATE   33            45    -12       63
  SINCE MAR 1     33            45    -12       63
  SINCE JUL 1   1720          1604    116     1728

 COOLING
  YESTERDAY        0             1     -1        0
  MONTH TO DATE   10             5      5        0
  SINCE MAR 1     10             5      5        0
  SINCE JAN 1     14            15     -1        9
......................................................


WIND (MPH)
  HIGHEST WIND SPEED    22   HIGHEST WIND DIRECTION    NW (330)
  HIGHEST GUST SPEED    37   HIGHEST GUST DIRECTION    NW (330)
  AVERAGE WIND SPEED    14.1





-  INDICATES NEGATIVE NUMBERS.
R  INDICATES RECORD WAS SET OR TIED.
MM INDICATES DATA IS MISSING.
T  INDICATES TRACE AMOUNT.

$$
