000
CDUS44 KTAE 190634
CLIDHN


CLIMATE REPORT
NATIONAL WEATHER SERVICE TALLAHASSEE FL
233 AM EDT THU OCT 19 2017


...................................

...THE DOTHAN CLIMATE SUMMARY FOR OCTOBER 18 2017...

CLIMATE NORMAL PERIOD 1981 TO 2010
CLIMATE RECORD PERIOD 1965 TO 2017


WEATHER ITEM   OBSERVED TIME   NORMAL DEPARTURE LAST
                VALUE   (LST)  VALUE  FROM      YEAR
                                      NORMAL
......................................................
TEMPERATURE (F)
 YESTERDAY
  MAXIMUM         78    358 PM  79     -1       90
  MINIMUM         48    329 AM  55     -7       60
  AVERAGE         63            67     -4       75

PRECIPITATION (IN)
  YESTERDAY        0.00          0.12  -0.12     0.00
  MONTH TO DATE    1.10          1.94  -0.84      T
  SINCE SEP 1      3.95          5.53  -1.58     0.76
  SINCE JAN 1     45.20         43.92   1.28    43.99

SNOWFALL (IN)
  YESTERDAY        0.0

DEGREE DAYS
 HEATING
  YESTERDAY        2             2      0        0
  MONTH TO DATE    3            15    -12        0
  SINCE SEP 1      7            17    -10        0
  SINCE JUL 1      7            17    -10        0

 COOLING
  YESTERDAY        0             4     -4       10
  MONTH TO DATE  208            97    111      164
  SINCE SEP 1    577           445    132      591
  SINCE JAN 1   2635          2325    310     2659
......................................................


WIND (MPH)
  HIGHEST WIND SPEED    15   HIGHEST WIND DIRECTION     E (90)
  HIGHEST GUST SPEED    22   HIGHEST GUST DIRECTION     E (80)
  AVERAGE WIND SPEED     6.9








-  INDICATES NEGATIVE NUMBERS.
R  INDICATES RECORD WAS SET OR TIED.
MM INDICATES DATA IS MISSING.
T  INDICATES TRACE AMOUNT.




$$
