000
CDUS44 KAMA 010646
CLIDHT


CLIMATE REPORT
NATIONAL WEATHER SERVICE AMARILLO TX
133 AM CDT SUN MAY 1 2016


...................................

...THE DALHART CLIMATE SUMMARY FOR APRIL 30 2016...

CLIMATE NORMAL PERIOD 1981 TO 2010
CLIMATE RECORD PERIOD 1948 TO 2016


WEATHER ITEM   OBSERVED TIME   RECORD YEAR NORMAL DEPARTURE LAST
                VALUE   (LST)  VALUE       VALUE  FROM      YEAR
                                                  NORMAL
..................................................................
TEMPERATURE (F)
 YESTERDAY
  MAXIMUM         57    520 PM  96    2013  74    -17       82
  MINIMUM         34    230 AM  26    1950  43     -9       40
  AVERAGE         46                        58    -12       61

PRECIPITATION (IN)
  YESTERDAY        0.00          1.53 1999   0.04  -0.04     0.00
  MONTH TO DATE    4.18                      1.08   3.10     1.30
  SINCE MAR 1      4.34                      2.25   2.09     1.38
  SINCE JAN 1      4.59                      3.17   1.42     4.69

SNOWFALL (IN)
  YESTERDAY        0.0           T    1994   0.0    0.0      0.0
  MONTH TO DATE    0.0                       1.2   -1.2      0.0
  SINCE MAR 1      0.0                       5.4   -5.4      0.8
  SINCE JUL 1      2.5                      18.9  -16.4     34.1
  SNOW DEPTH       0

DEGREE DAYS
 HEATING
  YESTERDAY       19                         7     12        4
  MONTH TO DATE  290                       347    -57      251
  SINCE MAR 1    761                       959   -198      734
  SINCE JUL 1   3706                      4602   -896     4027

 COOLING
  YESTERDAY        0                         1     -1        0
  MONTH TO DATE    2                         6     -4        1
  SINCE MAR 1      2                         6     -4        1
  SINCE JAN 1      2                         6     -4        1
..................................................................


WIND (MPH)
  RESULTANT WIND SPEED   9   RESULTANT WIND DIRECTION   N (0)
  HIGHEST WIND SPEED    28   HIGHEST WIND DIRECTION     N (360)
  HIGHEST GUST SPEED    36   HIGHEST GUST DIRECTION     N (360)
  AVERAGE WIND SPEED    10.3


SKY COVER
  AVERAGE SKY COVER 0.8


WEATHER CONDITIONS
 THE FOLLOWING WEATHER WAS RECORDED YESTERDAY.
  NO SIGNIFICANT WEATHER WAS OBSERVED.


RELATIVE HUMIDITY (PERCENT)
 HIGHEST    85          1200 AM
 LOWEST     44           700 PM
 AVERAGE    65

..........................................................


THE DALHART CLIMATE NORMALS FOR TODAY
                         NORMAL    RECORD    YEAR
 MAXIMUM TEMPERATURE (F)   74        94      1992
 MINIMUM TEMPERATURE (F)   43        27      1991


SUNRISE AND SUNSET
MAY  1 2016...........SUNRISE   657 AM CDT   SUNSET   838 PM CDT
MAY  2 2016...........SUNRISE   656 AM CDT   SUNSET   839 PM CDT


-  INDICATES NEGATIVE NUMBERS.
R  INDICATES RECORD WAS SET OR TIED.
MM INDICATES DATA IS MISSING.
T  INDICATES TRACE AMOUNT.




$$
