093
CDUS44 KAMA 270633
CLIDHT


CLIMATE REPORT
NATIONAL WEATHER SERVICE AMARILLO TX
132 AM CDT THU APR 27 2017


...................................

...THE DALHART CLIMATE SUMMARY FOR APRIL 26 2017...

CLIMATE NORMAL PERIOD 1981 TO 2010
CLIMATE RECORD PERIOD 1948 TO 2017


WEATHER ITEM   OBSERVED TIME   RECORD YEAR NORMAL DEPARTURE LAST
                VALUE   (LST)  VALUE       VALUE  FROM      YEAR
                                                  NORMAL
..................................................................
TEMPERATURE (F)
 YESTERDAY
  MAXIMUM         63    457 PM  91    1959  72     -9       69
  MINIMUM         42    731 AM  30    2006  41      1       42
  AVERAGE         53                        57     -4       56

PRECIPITATION (IN)
  YESTERDAY        0.33          0.71 1974   0.05   0.28     0.00
  MONTH TO DATE    2.09                      0.91   1.18     3.37
  SINCE MAR 1      3.51                      2.08   1.43     3.67
  SINCE JAN 1      4.59                      3.00   1.59     4.05

SNOWFALL (IN)
  YESTERDAY       MM             T    1998   0.0   MM        0.0
  MONTH TO DATE    1.0                       1.1   -0.1      0.0
  SINCE MAR 1      1.0                       5.3   -4.3      6.0
  SINCE JUL 1      2.3                      18.8  -16.5     12.7
  SNOW DEPTH       0

DEGREE DAYS
 HEATING
  YESTERDAY       12                         9      3        9
  MONTH TO DATE  219                       316    -97      230
  SINCE MAR 1    634                       927   -293      701
  SINCE JUL 1   3451                      4570  -1119     3646

 COOLING
  YESTERDAY        0                         0      0        0
  MONTH TO DATE   29                         0     29        2
  SINCE MAR 1     35                         0     35        2
  SINCE JAN 1     35                         0     35        2
..................................................................


WIND (MPH)
  RESULTANT WIND SPEED  12   RESULTANT WIND DIRECTION   N (360)
  HIGHEST WIND SPEED    29   HIGHEST WIND DIRECTION     N (360)
  HIGHEST GUST SPEED    35   HIGHEST GUST DIRECTION     N (10)
  AVERAGE WIND SPEED    14.9


SKY COVER
  AVERAGE SKY COVER 0.4


WEATHER CONDITIONS
 THE FOLLOWING WEATHER WAS RECORDED YESTERDAY.
  HEAVY RAIN
  RAIN
  LIGHT RAIN
  FOG


RELATIVE HUMIDITY (PERCENT)
 HIGHEST    93           100 AM
 LOWEST     32           400 PM
 AVERAGE    63

..........................................................


THE DALHART CLIMATE NORMALS FOR TODAY
                         NORMAL    RECORD    YEAR
 MAXIMUM TEMPERATURE (F)   73        89      1953
 MINIMUM TEMPERATURE (F)   42        28      1994


SUNRISE AND SUNSET
APRIL 27 2017.........SUNRISE   702 AM CDT   SUNSET   834 PM CDT
APRIL 28 2017.........SUNRISE   701 AM CDT   SUNSET   835 PM CDT


-  INDICATES NEGATIVE NUMBERS.
R  INDICATES RECORD WAS SET OR TIED.
MM INDICATES DATA IS MISSING.
T  INDICATES TRACE AMOUNT.




$$
