000
CDUS44 KAMA 260726
CLIDHT


CLIMATE REPORT
NATIONAL WEATHER SERVICE AMARILLO TX
125 AM CST SUN FEB 26 2017


...................................

...THE DALHART CLIMATE SUMMARY FOR FEBRUARY 25 2017...

CLIMATE NORMAL PERIOD 1981 TO 2010
CLIMATE RECORD PERIOD 1948 TO 2017


WEATHER ITEM   OBSERVED TIME   RECORD YEAR NORMAL DEPARTURE LAST
                VALUE   (LST)  VALUE       VALUE  FROM      YEAR
                                                  NORMAL
..................................................................
TEMPERATURE (F)
 YESTERDAY
  MAXIMUM         54    529 PM  82    1986  55     -1       50
  MINIMUM         11    719 AM   4    1960  25    -14       22
  AVERAGE         33                        40     -7       36

PRECIPITATION (IN)
  YESTERDAY        0.00          0.45 1949   0.01  -0.01     0.00
  MONTH TO DATE    0.05                      0.35  -0.30     0.14
  SINCE DEC 1      1.28                      1.41  -0.13     0.93
  SINCE JAN 1      1.08                      0.87   0.21     0.38

SNOWFALL (IN)
  YESTERDAY        0.0           1.0  2013   0.1   -0.1      0.0
                                      1977
  MONTH TO DATE    T                         2.8   -2.8      0.7
  SINCE DEC 1      1.3                      11.4  -10.1      6.2
  SINCE JUL 1      1.3                      13.3  -12.0      6.7
  SNOW DEPTH       0

DEGREE DAYS
 HEATING
  YESTERDAY       32                        25      7       29
  MONTH TO DATE  473                       687   -214      523
  SINCE DEC 1   2187                      2574   -387     2177
  SINCE JUL 1   2763                      3569   -806     2887

 COOLING
  YESTERDAY        0                         0      0        0
  MONTH TO DATE    0                         0      0        0
  SINCE DEC 1      0                         0      0        0
  SINCE JAN 1      0                         0      0        0
..................................................................


WIND (MPH)
  RESULTANT WIND SPEED   8   RESULTANT WIND DIRECTION  SW (230)
  HIGHEST WIND SPEED    25   HIGHEST WIND DIRECTION    SW (210)
  HIGHEST GUST SPEED    32   HIGHEST GUST DIRECTION    SW (210)
  AVERAGE WIND SPEED    11.4


SKY COVER
  AVERAGE SKY COVER 0.0


WEATHER CONDITIONS
 THE FOLLOWING WEATHER WAS RECORDED YESTERDAY.
  NO SIGNIFICANT WEATHER WAS OBSERVED.


RELATIVE HUMIDITY (PERCENT)
 HIGHEST    84           500 AM
 LOWEST     16           400 PM
 AVERAGE    50

..........................................................


THE DALHART CLIMATE NORMALS FOR TODAY
                         NORMAL    RECORD    YEAR
 MAXIMUM TEMPERATURE (F)   56        80      1986
 MINIMUM TEMPERATURE (F)   25         6      1962


SUNRISE AND SUNSET
FEBRUARY 26 2017......SUNRISE   724 AM CST   SUNSET   643 PM CST
FEBRUARY 27 2017......SUNRISE   723 AM CST   SUNSET   644 PM CST


-  INDICATES NEGATIVE NUMBERS.
R  INDICATES RECORD WAS SET OR TIED.
MM INDICATES DATA IS MISSING.
T  INDICATES TRACE AMOUNT.




$$
