000
CDUS43 KBIS 040745
CLIDIK


CLIMATE REPORT
NATIONAL WEATHER SERVICE BISMARCK ND
243 AM CDT FRI SEP 4 2015


...................................

...THE DICKINSON ND CLIMATE SUMMARY FOR SEPTEMBER 3 2015...

CLIMATE NORMAL PERIOD 1981 TO 2010
CLIMATE RECORD PERIOD 1893 TO 2015


WEATHER ITEM   OBSERVED TIME   RECORD YEAR NORMAL DEPARTURE LAST
                VALUE   (LST)  VALUE       VALUE  FROM      YEAR
                                                  NORMAL
..................................................................
TEMPERATURE (F)
 YESTERDAY
  MAXIMUM         91    306 PM  99    2007  77     14       82
  MINIMUM         61    458 AM  28    1905  48     13       48
  AVERAGE         76                        63     13       65

PRECIPITATION (IN)
  YESTERDAY        0.00          1.19 1973   0.05  -0.05     0.08
  MONTH TO DATE    0.00                      0.15  -0.15     0.08
  SINCE SEP 1      0.00                      0.15  -0.15     0.08
  SINCE JAN 1      9.49                     12.44  -2.95    19.85

DEGREE DAYS
 HEATING
  YESTERDAY        0                         5     -5        0
  MONTH TO DATE    0                        13    -13        8
  SINCE SEP 1      0                        13    -13        8
  SINCE JUL 1     58                        99    -41      109

 COOLING
  YESTERDAY       11                         2      9        0
  MONTH TO DATE   29                         8     21        0
  SINCE SEP 1     29                         8     21        0
  SINCE JAN 1    420                       394     26      232
..................................................................


WIND (MPH)
  HIGHEST WIND SPEED    22   HIGHEST WIND DIRECTION     W (290)
  HIGHEST GUST SPEED    27   HIGHEST GUST DIRECTION    NW (300)
  AVERAGE WIND SPEED     8.7


SKY COVER
  POSSIBLE SUNSHINE  MM
  AVERAGE SKY COVER 0.0


WEATHER CONDITIONS
 THE FOLLOWING WEATHER WAS RECORDED YESTERDAY.
  NO SIGNIFICANT WEATHER WAS OBSERVED.


RELATIVE HUMIDITY (PERCENT)
 HIGHEST    87           300 AM
 LOWEST     23          1100 AM
 AVERAGE    55

..........................................................


THE DICKINSON ND CLIMATE NORMALS FOR TODAY
                         NORMAL    RECORD    YEAR
 MAXIMUM TEMPERATURE (F)   77       101      1960
 MINIMUM TEMPERATURE (F)   48        31      1956
                                             1903


SUNRISE AND SUNSET
SEPTEMBER  4 2015.....SUNRISE   614 AM MDT   SUNSET   725 PM MDT
SEPTEMBER  5 2015.....SUNRISE   616 AM MDT   SUNSET   723 PM MDT


-  INDICATES NEGATIVE NUMBERS.
R  INDICATES RECORD WAS SET OR TIED.
MM INDICATES DATA IS MISSING.
T  INDICATES TRACE AMOUNT.




$$
