000
CDUS43 KBIS 200731
CLIDIK


CLIMATE REPORT
NATIONAL WEATHER SERVICE BISMARCK ND
131 AM CST SAT DEC 20 2014


...................................

...THE DICKINSON ND CLIMATE SUMMARY FOR DECEMBER 19 2014...

CLIMATE NORMAL PERIOD 1981 TO 2010
CLIMATE RECORD PERIOD 1903 TO 2014


WEATHER ITEM   OBSERVED TIME   RECORD YEAR NORMAL DEPARTURE LAST
                VALUE   (LST)  VALUE       VALUE  FROM      YEAR
                                                  NORMAL
..................................................................
TEMPERATURE (F)
 YESTERDAY
  MAXIMUM         44    239 PM  62    1979  27     17        8
  MINIMUM         20   1111 PM -37    1929   7     13      -15
  AVERAGE         32                        17     15       -3

PRECIPITATION (IN)
  YESTERDAY        0.00          0.08 1988   0.01  -0.01     0.06
  MONTH TO DATE    T                         0.14  -0.14     0.25
  SINCE DEC 1      T                         0.14  -0.14     0.25
  SINCE JAN 1     21.79                     15.67   6.12    23.09

DEGREE DAYS
 HEATING
  YESTERDAY       33                        48    -15       68
  MONTH TO DATE  684                       873   -189     1065
  SINCE DEC 1    684                       873   -189     1065
  SINCE JUL 1   2890                      2950    -60     3009

 COOLING
  YESTERDAY        0                         0      0        0
  MONTH TO DATE    0                         0      0        0
  SINCE DEC 1      0                         0      0        0
  SINCE JAN 1    256                       419   -163      386
..................................................................


WIND (MPH)
  HIGHEST WIND SPEED    14   HIGHEST WIND DIRECTION     W (260)
  HIGHEST GUST SPEED    15   HIGHEST GUST DIRECTION     W (260)
  AVERAGE WIND SPEED     6.1


SKY COVER
  POSSIBLE SUNSHINE  MM
  AVERAGE SKY COVER 0.2


WEATHER CONDITIONS
 THE FOLLOWING WEATHER WAS RECORDED YESTERDAY.
  NO SIGNIFICANT WEATHER WAS OBSERVED.


RELATIVE HUMIDITY (PERCENT)
 HIGHEST    84           800 PM
 LOWEST     53           200 PM
 AVERAGE    69

..........................................................


THE DICKINSON ND CLIMATE NORMALS FOR TODAY
                         NORMAL    RECORD    YEAR
 MAXIMUM TEMPERATURE (F)   27        59      1941
 MINIMUM TEMPERATURE (F)    6       -33      1929


SUNRISE AND SUNSET
DECEMBER 20 2014......SUNRISE   733 AM MST   SUNSET   405 PM MST
DECEMBER 21 2014......SUNRISE   733 AM MST   SUNSET   405 PM MST


-  INDICATES NEGATIVE NUMBERS.
R  INDICATES RECORD WAS SET OR TIED.
MM INDICATES DATA IS MISSING.
T  INDICATES TRACE AMOUNT.




$$
