000
CDUS43 KBIS 240728
CLIDIK


CLIMATE REPORT
NATIONAL WEATHER SERVICE BISMARCK ND
228 AM CDT FRI OCT 24 2014


...................................

...THE DICKINSON ND CLIMATE SUMMARY FOR OCTOBER 23 2014...

CLIMATE NORMAL PERIOD 1981 TO 2010
CLIMATE RECORD PERIOD 1903 TO 2014


WEATHER ITEM   OBSERVED TIME   RECORD YEAR NORMAL DEPARTURE LAST
                VALUE   (LST)  VALUE       VALUE  FROM      YEAR
                                                  NORMAL
..................................................................
TEMPERATURE (F)
 YESTERDAY
  MAXIMUM         73    124 PM  78    1963  53     20       42
  MINIMUM         35    603 AM   2    2002  29      6       23
  AVERAGE         54                        41     13       33

PRECIPITATION (IN)
  YESTERDAY        0.00          0.29 1991   0.03  -0.03      T
  MONTH TO DATE    0.35                      0.98  -0.63     4.31
  SINCE SEP 1      1.71                      2.45  -0.74     7.63
  SINCE JAN 1     21.48                     14.74   6.74    22.64

DEGREE DAYS
 HEATING
  YESTERDAY       11                        24    -13       32
  MONTH TO DATE  360                       447    -87      475
  SINCE SEP 1    622                       715    -93      603
  SINCE JUL 1    723                       801    -78      643

 COOLING
  YESTERDAY        0                         0      0        0
  MONTH TO DATE    0                         0      0        0
  SINCE SEP 1     24                        32     -8       74
  SINCE JAN 1    256                       418   -162      386
..................................................................


WIND (MPH)
  HIGHEST WIND SPEED    23   HIGHEST WIND DIRECTION     W (260)
  HIGHEST GUST SPEED    27   HIGHEST GUST DIRECTION     W (260)
  AVERAGE WIND SPEED     8.8


SKY COVER
  POSSIBLE SUNSHINE  MM
  AVERAGE SKY COVER 0.0


WEATHER CONDITIONS
 THE FOLLOWING WEATHER WAS RECORDED YESTERDAY.
  NO SIGNIFICANT WEATHER WAS OBSERVED.


RELATIVE HUMIDITY (PERCENT)
 HIGHEST    75           600 AM
 LOWEST     16           100 PM
 AVERAGE    46

..........................................................


THE DICKINSON ND CLIMATE NORMALS FOR TODAY
                         NORMAL    RECORD    YEAR
 MAXIMUM TEMPERATURE (F)   53        80      1992
 MINIMUM TEMPERATURE (F)   28        10      1987


SUNRISE AND SUNSET
OCTOBER 24 2014.......SUNRISE   722 AM MDT   SUNSET   548 PM MDT
OCTOBER 25 2014.......SUNRISE   723 AM MDT   SUNSET   547 PM MDT


-  INDICATES NEGATIVE NUMBERS.
R  INDICATES RECORD WAS SET OR TIED.
MM INDICATES DATA IS MISSING.
T  INDICATES TRACE AMOUNT.




$$
