000
CDUS43 KBIS 310020
CLIDIK


CLIMATE REPORT
NATIONAL WEATHER SERVICE BISMARCK ND
719 PM CDT THU OCT 30 2014


...................................

...THE DICKINSON ND CLIMATE SUMMARY FOR OCTOBER 30 2014...
VALID TODAY AS OF 0700 PM LOCAL TIME.

CLIMATE NORMAL PERIOD 1981 TO 2010
CLIMATE RECORD PERIOD 1903 TO 2014


WEATHER ITEM   OBSERVED TIME   RECORD YEAR NORMAL DEPARTURE LAST
                VALUE   (LST)  VALUE       VALUE  FROM      YEAR
                                                  NORMAL
..................................................................
TEMPERATURE (F)
 TODAY
  MAXIMUM         38        MM  82    1904  49    -11       41
  MINIMUM         32        MM -14    1925  26      6       28
  AVERAGE         35                        38     -3       35

PRECIPITATION (IN)
  TODAY            0.00          0.14 1995   0.03  -0.03     0.00
  MONTH TO DATE    0.37                      1.20  -0.83     4.45
  SINCE SEP 1      1.73                      2.67  -0.94     7.77
  SINCE JAN 1     21.50                     14.96   6.54    22.78

DEGREE DAYS
 HEATING
  TODAY           30                        27      3       30
  MONTH TO DATE  525                       627   -102      687
  SINCE SEP 1    787                       895   -108      815
  SINCE JUL 1    888                       981    -93      855

 COOLING
  TODAY            0                         0      0        0
  MONTH TO DATE    0                         0      0        0
  SINCE SEP 1     24                        32     -8       74
  SINCE JAN 1    256                       418   -162      386
..................................................................


WIND (MPH)
  RESULTANT WIND SPEED   6   RESULTANT WIND DIRECTION   N (350)
  HIGHEST WIND SPEED    15   HIGHEST WIND DIRECTION    NW (320)
  HIGHEST GUST SPEED    20   HIGHEST GUST DIRECTION    NW (320)
  AVERAGE WIND SPEED     9.0


SKY COVER
  POSSIBLE SUNSHINE  MM
  AVERAGE SKY COVER 0.8


WEATHER CONDITIONS
 THE FOLLOWING WEATHER WAS RECORDED TODAY.
  FOG
  HAZE


RELATIVE HUMIDITY (PERCENT)
 HIGHEST    96           400 AM
 LOWEST     76           100 PM
 AVERAGE    86

..........................................................


THE DICKINSON ND CLIMATE NORMALS FOR TOMORROW
                         NORMAL    RECORD    YEAR
 MAXIMUM TEMPERATURE (F)   49        80      1990
 MINIMUM TEMPERATURE (F)   26         0      2002


SUNRISE AND SUNSET
OCTOBER 30 2014.......SUNRISE   731 AM MDT   SUNSET   538 PM MDT
OCTOBER 31 2014.......SUNRISE   732 AM MDT   SUNSET   537 PM MDT


-  INDICATES NEGATIVE NUMBERS.
R  INDICATES RECORD WAS SET OR TIED.
MM INDICATES DATA IS MISSING.
T  INDICATES TRACE AMOUNT.




$$
