000
CDUS43 KBIS 270733
CLIDIK


CLIMATE REPORT
NATIONAL WEATHER SERVICE BISMARCK ND
232 AM CDT FRI MAY 27 2016


...................................

...THE DICKINSON ND CLIMATE SUMMARY FOR MAY 26 2016...

CLIMATE NORMAL PERIOD 1981 TO 2010
CLIMATE RECORD PERIOD 1893 TO 2016


WEATHER ITEM   OBSERVED TIME   RECORD YEAR NORMAL DEPARTURE LAST
                VALUE   (LST)  VALUE       VALUE  FROM      YEAR
                                                  NORMAL
..................................................................
TEMPERATURE (F)
 YESTERDAY
  MAXIMUM         67    309 PM  98    1900  69     -2       77
  MINIMUM         39    406 AM  23    1893  44     -5       41
  AVERAGE         53                        56     -3       59

PRECIPITATION (IN)
  YESTERDAY        0.01          1.61 2014   0.09  -0.08     0.00
  MONTH TO DATE    0.18                      1.90  -1.72     1.55
  SINCE MAR 1      2.81                      4.06  -1.25     3.05
  SINCE JAN 1      3.23                      4.69  -1.46     3.32

DEGREE DAYS
 HEATING
  YESTERDAY       12                         9      3        6
  MONTH TO DATE  328                       336     -8      387
  SINCE MAR 1   1874                      2104   -230     1854
  SINCE JUL 1   7283                      8398  -1115     7969

 COOLING
  YESTERDAY        0                         0      0        0
  MONTH TO DATE    3                         0      3        0
  SINCE MAR 1      3                         1      2        0
  SINCE JAN 1      3                         1      2        0
..................................................................


WIND (MPH)
  HIGHEST WIND SPEED    26   HIGHEST WIND DIRECTION     W (270)
  HIGHEST GUST SPEED    33   HIGHEST GUST DIRECTION    NW (300)
  AVERAGE WIND SPEED     8.6


SKY COVER
  POSSIBLE SUNSHINE  MM
  AVERAGE SKY COVER 0.4


WEATHER CONDITIONS
 THE FOLLOWING WEATHER WAS RECORDED YESTERDAY.
  THUNDERSTORM
  RAIN
  LIGHT RAIN


RELATIVE HUMIDITY (PERCENT)
 HIGHEST    92           500 AM
 LOWEST     39           200 PM
 AVERAGE    66

..........................................................


THE DICKINSON ND CLIMATE NORMALS FOR TODAY
                         NORMAL    RECORD    YEAR
 MAXIMUM TEMPERATURE (F)   69       106      1900
 MINIMUM TEMPERATURE (F)   44        25      1947


SUNRISE AND SUNSET
MAY 27 2016...........SUNRISE   504 AM MDT   SUNSET   833 PM MDT
MAY 28 2016...........SUNRISE   503 AM MDT   SUNSET   834 PM MDT


-  INDICATES NEGATIVE NUMBERS.
R  INDICATES RECORD WAS SET OR TIED.
MM INDICATES DATA IS MISSING.
T  INDICATES TRACE AMOUNT.




$$
