000
CDUS43 KDLH 172231
CLIDLH


CLIMATE REPORT
NATIONAL WEATHER SERVICE DULUTH MN
526 PM CDT TUE OCT 17 2017


...................................

...THE DULUTH CLIMATE SUMMARY FOR OCTOBER 17 2017...
VALID TODAY AS OF 0500 PM LOCAL TIME.

CLIMATE NORMAL PERIOD 1981 TO 2010
CLIMATE RECORD PERIOD 1870 TO 2017


WEATHER ITEM   OBSERVED TIME   RECORD YEAR NORMAL DEPARTURE LAST
                VALUE   (LST)  VALUE       VALUE  FROM      YEAR
                                                  NORMAL
..................................................................
TEMPERATURE (F)
 TODAY
  MAXIMUM         68    257 PM  80    1961  51     17       55
  MINIMUM         41    627 AM  12    1952  35      6       47
  AVERAGE         55                        43     12       51

PRECIPITATION (IN)
  TODAY            0.00          1.16 1990   0.09  -0.09     0.26
  MONTH TO DATE    2.51                      1.73   0.78     1.34
  SINCE SEP 1      6.06                      5.84   0.22     4.86
  SINCE JAN 1     33.75                     26.54   7.21    28.78

SNOWFALL (IN)
  TODAY            0.0           3.2  1990   0.1   -0.1      0.0
  MONTH TO DATE    0.0                       0.7   -0.7       T
  SINCE JUL 1      T                         0.8   -0.8       T
  SNOW DEPTH       0

DEGREE DAYS
 HEATING
  TODAY           10                        22    -12       14
  MONTH TO DATE  283                       324    -41      240
  SINCE SEP 1    495                       622   -127      402
  SINCE JUL 1    665                       771   -106      456

 COOLING
  TODAY            0                         0      0        0
  MONTH TO DATE    0                         0      0        0
  SINCE SEP 1     26                        14     12       14
  SINCE JAN 1    126                       204    -78      281
..................................................................


WIND (MPH)
  HIGHEST WIND SPEED    17   HIGHEST WIND DIRECTION    SW (220)
  HIGHEST GUST SPEED    21   HIGHEST GUST DIRECTION    SW (220)
  AVERAGE WIND SPEED     8.7


SKY COVER
  AVERAGE SKY COVER 0.1


WEATHER CONDITIONS
 THE FOLLOWING WEATHER WAS RECORDED TODAY.
  HAZE


RELATIVE HUMIDITY (PERCENT)
 HIGHEST    82           100 AM
 LOWEST     32           200 PM
 AVERAGE    57

..........................................................


THE DULUTH CLIMATE NORMALS FOR TOMORROW
                         NORMAL    RECORD    YEAR
 MAXIMUM TEMPERATURE (F)   51        79      1945
 MINIMUM TEMPERATURE (F)   34        16      1972


SUNRISE AND SUNSET
OCTOBER 17 2017.......SUNRISE   730 AM CDT   SUNSET   617 PM CDT
OCTOBER 18 2017.......SUNRISE   731 AM CDT   SUNSET   616 PM CDT


-  INDICATES NEGATIVE NUMBERS.
R  INDICATES RECORD WAS SET OR TIED.
MM INDICATES DATA IS MISSING.
T  INDICATES TRACE AMOUNT.




$$
