000
CDUS43 KDLH 060642
CLIDLH


CLIMATE REPORT
NATIONAL WEATHER SERVICE DULUTH MN
140 AM CDT FRI MAY 6 2016


...................................

...THE DULUTH MN CLIMATE SUMMARY FOR MAY 5 2016...

CLIMATE NORMAL PERIOD 1981 TO 2010
CLIMATE RECORD PERIOD 1870 TO 2016


WEATHER ITEM   OBSERVED TIME   RECORD YEAR NORMAL DEPARTURE LAST
                VALUE   (LST)  VALUE       VALUE  FROM      YEAR
                                                  NORMAL
..................................................................
TEMPERATURE (F)
 YESTERDAY
  MAXIMUM         79    450 PM  87    1918  59     20       71
  MINIMUM         36    127 AM  19    1989  38     -2       34
  AVERAGE         58                        48     10       53

PRECIPITATION (IN)
  YESTERDAY        0.07          2.25 1950   0.10  -0.03     0.00
  MONTH TO DATE    0.07                      0.50  -0.43     0.01
  SINCE MAR 1      6.43                      4.42   2.01     1.83
  SINCE JAN 1      8.31                      6.19   2.12     2.67

SNOWFALL (IN)
  YESTERDAY        0.0           1.5  1991   0.1   -0.1      0.0
  MONTH TO DATE    0.0                       0.2   -0.2      0.0
  SINCE MAR 1     27.1                      20.3    6.8      9.3
  SINCE JUL 1     81.3                      85.9   -4.6     49.2
  SNOW DEPTH       0

DEGREE DAYS
 HEATING
  YESTERDAY        7                        17    -10       12
  MONTH TO DATE   69                        88    -19       40
  SINCE MAR 1   1906                      2060   -154     1774
  SINCE JUL 1   7743                      8927  -1184     8613

 COOLING
  YESTERDAY        0                         0      0        0
  MONTH TO DATE    0                         0      0        0
  SINCE MAR 1      0                         0      0        0
  SINCE JAN 1      0                         0      0        0
..................................................................


WIND (MPH)
  HIGHEST WIND SPEED    23   HIGHEST WIND DIRECTION     W (270)
  HIGHEST GUST SPEED    28   HIGHEST GUST DIRECTION     W (260)
  AVERAGE WIND SPEED    11.1


SKY COVER
  AVERAGE SKY COVER 0.3


WEATHER CONDITIONS
 THE FOLLOWING WEATHER WAS RECORDED YESTERDAY.
  LIGHT RAIN


RELATIVE HUMIDITY (PERCENT)
 HIGHEST    76           600 AM
 LOWEST     23           400 PM
 AVERAGE    50

..........................................................


THE DULUTH MN CLIMATE NORMALS FOR TODAY
                         NORMAL    RECORD    YEAR
 MAXIMUM TEMPERATURE (F)   59        82      2000
                                             1934
 MINIMUM TEMPERATURE (F)   38        20      1989


SUNRISE AND SUNSET
MAY  6 2016...........SUNRISE   545 AM CDT   SUNSET   826 PM CDT
MAY  7 2016...........SUNRISE   544 AM CDT   SUNSET   828 PM CDT


-  INDICATES NEGATIVE NUMBERS.
R  INDICATES RECORD WAS SET OR TIED.
MM INDICATES DATA IS MISSING.
T  INDICATES TRACE AMOUNT.




$$
