000
CDUS43 KDLH 090627
CLIDLH


CLIMATE REPORT
NATIONAL WEATHER SERVICE DULUTH MN
1224 AM CST FRI DEC 9 2016


...................................

...THE DULUTH MN CLIMATE SUMMARY FOR DECEMBER 8 2016...

CLIMATE NORMAL PERIOD 1981 TO 2010
CLIMATE RECORD PERIOD 1870 TO 2016


WEATHER ITEM   OBSERVED TIME   RECORD YEAR NORMAL DEPARTURE LAST
                VALUE   (LST)  VALUE       VALUE  FROM      YEAR
                                                  NORMAL
..................................................................
TEMPERATURE (F)
 YESTERDAY
  MAXIMUM         23    332 PM  45    1990  24     -1       41
  MINIMUM         12   1159 PM -23    1932  10      2       31
                                      1876
  AVERAGE         18                        17      1       36

PRECIPITATION (IN)
  YESTERDAY        0.01          0.69 1963   0.04  -0.03     0.00
  MONTH TO DATE    0.46                      0.36   0.10     0.99
  SINCE DEC 1      0.46                      0.36   0.10     0.99
  SINCE JAN 1     32.05                     30.11   1.94    29.58

SNOWFALL (IN)
  YESTERDAY        0.2          11.9  1969   0.5   -0.3      0.0
  MONTH TO DATE    6.9                       4.3    2.6      5.4
  SINCE DEC 1      6.9                       4.3    2.6      5.4
  SINCE JUL 1     15.0                      20.4   -5.4      9.8
  SNOW DEPTH       2

DEGREE DAYS
 HEATING
  YESTERDAY       47                        48     -1       29
  MONTH TO DATE  306                       371    -65      251
  SINCE DEC 1    306                       371    -65      251
  SINCE JUL 1   1788                      2584   -796     1914

 COOLING
  YESTERDAY        0                         0      0        0
  MONTH TO DATE    0                         0      0        0
  SINCE DEC 1      0                         0      0        0
  SINCE JAN 1    281                       204     77      336
..................................................................


WIND (MPH)
  HIGHEST WIND SPEED    23   HIGHEST WIND DIRECTION    NW (320)
  HIGHEST GUST SPEED    31   HIGHEST GUST DIRECTION    NW (320)
  AVERAGE WIND SPEED    13.5


SKY COVER
  AVERAGE SKY COVER 0.9


WEATHER CONDITIONS
 THE FOLLOWING WEATHER WAS RECORDED YESTERDAY.
  LIGHT SNOW
  FOG
  HAZE


RELATIVE HUMIDITY (PERCENT)
 HIGHEST    91          1200 AM
 LOWEST     67           500 PM
 AVERAGE    79

..........................................................


THE DULUTH MN CLIMATE NORMALS FOR TODAY
                         NORMAL    RECORD    YEAR
 MAXIMUM TEMPERATURE (F)   24        54      1939
 MINIMUM TEMPERATURE (F)   10       -30      1876


SUNRISE AND SUNSET
DECEMBER  9 2016......SUNRISE   742 AM CST   SUNSET   420 PM CST
DECEMBER 10 2016......SUNRISE   743 AM CST   SUNSET   420 PM CST


-  INDICATES NEGATIVE NUMBERS.
R  INDICATES RECORD WAS SET OR TIED.
MM INDICATES DATA IS MISSING.
T  INDICATES TRACE AMOUNT.




$$
