000
CDUS43 KDLH 180621
CLIDLH


CLIMATE REPORT
NATIONAL WEATHER SERVICE DULUTH MN
1220 AM CST WED JAN 18 2017


...................................

...THE DULUTH MN CLIMATE SUMMARY FOR JANUARY 17 2017...

CLIMATE NORMAL PERIOD 1981 TO 2010
CLIMATE RECORD PERIOD 1870 TO 2017


WEATHER ITEM   OBSERVED TIME   RECORD YEAR NORMAL DEPARTURE LAST
                VALUE   (LST)  VALUE       VALUE  FROM      YEAR
                                                  NORMAL
..................................................................
TEMPERATURE (F)
 YESTERDAY
  MAXIMUM         37    335 PM  45    1884  19     18       -5
                                      1876
  MINIMUM         14    512 AM -38    1982   1     13      -21
  AVERAGE         26                        10     16      -13

PRECIPITATION (IN)
  YESTERDAY        0.00          0.49 1950   0.03  -0.03      T
  MONTH TO DATE    0.60                      0.58   0.02     0.49
  SINCE DEC 1      2.67                      1.79   0.88     4.19
  SINCE JAN 1      0.60                      0.58   0.02     0.49

SNOWFALL (IN)
  YESTERDAY        0.0           6.3  1996   0.6   -0.6       T
  MONTH TO DATE   10.1                      11.4   -1.3      7.3
  SINCE DEC 1     31.4                      29.1    2.3     31.9
  SINCE JUL 1     39.5                      45.2   -5.7     36.3
  SNOW DEPTH      11

DEGREE DAYS
 HEATING
  YESTERDAY       39                        55    -16       78
  MONTH TO DATE  990                       932     58      930
  SINCE DEC 1   2502                      2488     14     2117
  SINCE JUL 1   3984                      4701   -717     3780

 COOLING
  YESTERDAY        0                         0      0        0
  MONTH TO DATE    0                         0      0        0
  SINCE DEC 1      0                         0      0        0
  SINCE JAN 1      0                         0      0        0
..................................................................


WIND (MPH)
  HIGHEST WIND SPEED    16   HIGHEST WIND DIRECTION    SW (230)
  HIGHEST GUST SPEED    21   HIGHEST GUST DIRECTION    SW (230)
  AVERAGE WIND SPEED     4.4


SKY COVER
  AVERAGE SKY COVER 0.3


WEATHER CONDITIONS
 THE FOLLOWING WEATHER WAS RECORDED YESTERDAY.
  FOG
  FOG W/VISIBILITY <= 1/4 MILE
  HAZE


RELATIVE HUMIDITY (PERCENT)
 HIGHEST   100           700 AM
 LOWEST     64           300 PM
 AVERAGE    82

..........................................................


THE DULUTH MN CLIMATE NORMALS FOR TODAY
                         NORMAL    RECORD    YEAR
 MAXIMUM TEMPERATURE (F)   19        44      1891
 MINIMUM TEMPERATURE (F)    1       -33      1994


SUNRISE AND SUNSET
JANUARY 18 2017.......SUNRISE   747 AM CST   SUNSET   452 PM CST
JANUARY 19 2017.......SUNRISE   746 AM CST   SUNSET   453 PM CST


-  INDICATES NEGATIVE NUMBERS.
R  INDICATES RECORD WAS SET OR TIED.
MM INDICATES DATA IS MISSING.
T  INDICATES TRACE AMOUNT.




$$
