000
CDUS43 KDLH 240623
CLIDLH


CLIMATE REPORT
NATIONAL WEATHER SERVICE DULUTH MN
123 AM CDT THU APR 24 2014


...................................

...THE DULUTH MN CLIMATE SUMMARY FOR APRIL 23 2014...

CLIMATE NORMAL PERIOD 1981 TO 2010
CLIMATE RECORD PERIOD 1870 TO 2014


WEATHER ITEM   OBSERVED TIME   RECORD YEAR NORMAL DEPARTURE LAST
                VALUE   (LST)  VALUE       VALUE  FROM      YEAR
                                                  NORMAL
..................................................................
TEMPERATURE (F)
 YESTERDAY
  MAXIMUM         50   1206 PM  80    1942  53     -3       42
  MINIMUM         30    534 AM  12    1909  33     -3       30
  AVERAGE         40                        43     -3       36

PRECIPITATION (IN)
  YESTERDAY        0.20          1.99 1968   0.09   0.11     0.06
  MONTH TO DATE    1.71                      1.75  -0.04     4.61
  SINCE MAR 1      3.62                      3.24   0.38     6.65
  SINCE JAN 1      6.47                      5.01   1.46     9.20

SNOWFALL (IN)
  YESTERDAY       MM             4.2  1972   0.1   MM        0.6
  MONTH TO DATE   20.6                       6.0   14.6     50.8
  SINCE MAR 1     41.5                      19.2   22.3     76.6
  SINCE JUL 1    125.3                      84.8   40.5    129.4
  SNOW DEPTH       T

DEGREE DAYS
 HEATING
  YESTERDAY       25                        22      3       29
  MONTH TO DATE  688                       622     66      782
  SINCE MAR 1   2127                      1832    295     2115
  SINCE JUL 1   9568                      8699    869     8623

 COOLING
  YESTERDAY        0                         0      0        0
  MONTH TO DATE    0                         0      0        0
  SINCE MAR 1      0                         0      0        0
  SINCE JAN 1      0                         0      0        0
..................................................................


WIND (MPH)
  HIGHEST WIND SPEED    17   HIGHEST WIND DIRECTION     E (100)
  HIGHEST GUST SPEED    21   HIGHEST GUST DIRECTION     E (110)
  AVERAGE WIND SPEED     9.2


SKY COVER
  AVERAGE SKY COVER 0.4


WEATHER CONDITIONS
 THE FOLLOWING WEATHER WAS RECORDED YESTERDAY.
  RAIN
  LIGHT RAIN
  FOG


RELATIVE HUMIDITY (PERCENT)
 HIGHEST    89          1100 PM
 LOWEST     39           300 PM
 AVERAGE    64

..........................................................


THE DULUTH MN CLIMATE NORMALS FOR TODAY
                         NORMAL    RECORD    YEAR
 MAXIMUM TEMPERATURE (F)   54        82      1990
 MINIMUM TEMPERATURE (F)   34        19      1956


SUNRISE AND SUNSET
APRIL 24 2014.........SUNRISE   605 AM CDT   SUNSET   809 PM CDT
APRIL 25 2014.........SUNRISE   603 AM CDT   SUNSET   810 PM CDT


-  INDICATES NEGATIVE NUMBERS.
R  INDICATES RECORD WAS SET OR TIED.
MM INDICATES DATA IS MISSING.
T  INDICATES TRACE AMOUNT.




$$
