000
CDUS45 KTFX 191045
CLIDLN


CLIMATE REPORT
NATIONAL WEATHER SERVICE GREAT FALLS MT
344 AM MST THU JAN 19 2017


...................................

...THE DILLON AIRPORT MT CLIMATE SUMMARY FOR JANUARY 18 2017...

CLIMATE NORMAL PERIOD 1981 TO 2010
CLIMATE RECORD PERIOD 1929 TO 2017


WEATHER ITEM   OBSERVED TIME   RECORD YEAR NORMAL DEPARTURE LAST
                VALUE   (LST)  VALUE       VALUE  FROM      YEAR
                                                  NORMAL
..................................................................
TEMPERATURE (F)
 YESTERDAY
  MAXIMUM         50    317 PM  52    2015  33     17       36
  MINIMUM         24   1212 AM -29    1943  14     10       17
  AVERAGE         37                        23     14       27

PRECIPITATION (IN)
  YESTERDAY        0.00          0.13 1998   0.00   0.00      T
  MONTH TO DATE    0.05                      0.16  -0.11     0.05
  SINCE OCT 1      2.59                      1.56   1.03     2.13
  SINCE JAN 1      0.05                      0.16  -0.11     0.05

SNOWFALL (IN)
  YESTERDAY       MM
  SNOW DEPTH       3

DEGREE DAYS
 HEATING
  YESTERDAY       28                              -14       38
  MONTH TO DATE  970                              202      824
  SINCE DEC 1   2498                              360     2162
  SINCE JUL 1   4281                               -8     4085

 COOLING
  YESTERDAY        0                                0        0
  MONTH TO DATE    0                                0        0
  SINCE DEC 1      0                                0        0
  SINCE JAN 1      0                                0        0
..................................................................


WIND (MPH)
  HIGHEST WIND SPEED    23   HIGHEST WIND DIRECTION    SW (220)
  HIGHEST GUST SPEED    26   HIGHEST GUST DIRECTION    SW (220)
  AVERAGE WIND SPEED    10.0


SKY COVER
  AVERAGE SKY COVER 0.3


WEATHER CONDITIONS
 THE FOLLOWING WEATHER WAS RECORDED YESTERDAY.
  NO SIGNIFICANT WEATHER WAS OBSERVED.


RELATIVE HUMIDITY (PERCENT)
 HIGHEST    54
 LOWEST     31
 AVERAGE    43

..........................................................


THE DILLON AIRPORT MT CLIMATE NORMALS FOR TODAY
                         NORMAL    RECORD    YEAR
 MAXIMUM TEMPERATURE (F)   33        54      1981
 MINIMUM TEMPERATURE (F)   14       -26      1963


SUNRISE AND SUNSET
JANUARY 19 2017.......SUNRISE   803 AM MST   SUNSET   520 PM MST
JANUARY 20 2017.......SUNRISE   802 AM MST   SUNSET   521 PM MST


-  INDICATES NEGATIVE NUMBERS.
R  INDICATES RECORD WAS SET OR TIED.
MM INDICATES DATA IS MISSING.
T  INDICATES TRACE AMOUNT.




$$
