664
CDUS45 KTFX 271019
CLIDLN


CLIMATE REPORT
NATIONAL WEATHER SERVICE GREAT FALLS MT
418 AM MDT FRI MAY 27 2016


...................................

...THE DILLON AIRPORT MT CLIMATE SUMMARY FOR MAY 26 2016...

CLIMATE NORMAL PERIOD 1981 TO 2010
CLIMATE RECORD PERIOD 1929 TO 2016


WEATHER ITEM   OBSERVED TIME   RECORD YEAR NORMAL DEPARTURE LAST
                VALUE   (LST)  VALUE       VALUE  FROM      YEAR
                                                  NORMAL
..................................................................
TEMPERATURE (F)
 YESTERDAY
  MAXIMUM         67    200 PM  88    1966  66      1       70
  MINIMUM         37    459 AM  26    1978  40     -3       44
  AVERAGE         52                        53     -1       57

PRECIPITATION (IN)
  YESTERDAY        0.00          0.78 1941   0.07  -0.07     0.24
  MONTH TO DATE    1.54                      1.54   0.00     2.73
  SINCE OCT 1      5.34                      5.06   0.28     5.42
  SINCE JAN 1      3.26                      3.66  -0.40     4.26

SNOWFALL (IN)
  YESTERDAY       MM
  SNOW DEPTH       0

DEGREE DAYS
 HEATING
  YESTERDAY       13                                1        8
  MONTH TO DATE  405                                7      373
  SINCE MAR 1   1810                             -240     1762
  SINCE JUL 1   7310                             -657     6874

 COOLING
  YESTERDAY        0                                0        0
  MONTH TO DATE    0                                0        0
  SINCE MAR 1      0                                0        0
  SINCE JAN 1      0                                0        0
..................................................................


WIND (MPH)
  HIGHEST WIND SPEED    21   HIGHEST WIND DIRECTION     N (340)
  HIGHEST GUST SPEED    25   HIGHEST GUST DIRECTION    NW (330)
  AVERAGE WIND SPEED     7.8


SKY COVER
  AVERAGE SKY COVER 0.2


WEATHER CONDITIONS
 THE FOLLOWING WEATHER WAS RECORDED YESTERDAY.
  NO SIGNIFICANT WEATHER WAS OBSERVED.


RELATIVE HUMIDITY (PERCENT)
 HIGHEST    82
 LOWEST     28
 AVERAGE    55

..........................................................


THE DILLON AIRPORT MT CLIMATE NORMALS FOR TODAY
                         NORMAL    RECORD    YEAR
 MAXIMUM TEMPERATURE (F)   66        88      1966
 MINIMUM TEMPERATURE (F)   40        30      2011


SUNRISE AND SUNSET
MAY 27 2016...........SUNRISE   549 AM MDT   SUNSET   907 PM MDT
MAY 28 2016...........SUNRISE   548 AM MDT   SUNSET   908 PM MDT


-  INDICATES NEGATIVE NUMBERS.
R  INDICATES RECORD WAS SET OR TIED.
MM INDICATES DATA IS MISSING.
T  INDICATES TRACE AMOUNT.




$$
