000
CDUS45 KTFX 220824
CLIDLN


CLIMATE REPORT
NATIONAL WEATHER SERVICE GREAT FALLS MT
223 AM MDT THU JUN 22 2017


...................................

...THE DILLON AIRPORT MT CLIMATE SUMMARY FOR JUNE 21 2017...

CLIMATE NORMAL PERIOD 1981 TO 2010
CLIMATE RECORD PERIOD 1929 TO 2017


WEATHER ITEM   OBSERVED TIME   RECORD YEAR NORMAL DEPARTURE LAST
                VALUE   (LST)  VALUE       VALUE  FROM      YEAR
                                                  NORMAL
..................................................................
TEMPERATURE (F)
 YESTERDAY
  MAXIMUM         78    324 PM  90    1970  74      4       80
  MINIMUM         55   1159 PM  32    1960  45     10       51
  AVERAGE         67                        60      7       66

PRECIPITATION (IN)
  YESTERDAY        0.00          0.75 1984   0.05  -0.05     0.00
  MONTH TO DATE    1.16                      1.54  -0.38     1.12
  SINCE OCT 1      7.93                      7.01   0.92     6.60
  SINCE JAN 1      5.39                      5.61  -0.22     4.52

SNOWFALL (IN)
  YESTERDAY        0.0
  SNOW DEPTH       0

DEGREE DAYS
 HEATING
  YESTERDAY        0                               -6        0
  MONTH TO DATE  135                              -46       91
  SINCE JUN 1    135                              -46       91
  SINCE JUL 1   7916                             -290     7463

 COOLING
  YESTERDAY        2                                1        1
  MONTH TO DATE   18                               14       22
  SINCE JUN 1     18                               14       22
  SINCE JAN 1     18                               13       22
..................................................................


WIND (MPH)
  HIGHEST WIND SPEED    26   HIGHEST WIND DIRECTION     W (290)
  HIGHEST GUST SPEED    35   HIGHEST GUST DIRECTION     W (290)
  AVERAGE WIND SPEED    11.9


SKY COVER
  AVERAGE SKY COVER 0.0


WEATHER CONDITIONS
 THE FOLLOWING WEATHER WAS RECORDED YESTERDAY.
  NO SIGNIFICANT WEATHER WAS OBSERVED.


RELATIVE HUMIDITY (PERCENT)
 HIGHEST    72
 LOWEST     23
 AVERAGE    48

..........................................................


THE DILLON AIRPORT MT CLIMATE NORMALS FOR TODAY
                         NORMAL    RECORD    YEAR
 MAXIMUM TEMPERATURE (F)   75        93      1970
 MINIMUM TEMPERATURE (F)   45        35      1942


SUNRISE AND SUNSET
JUNE 22 2017..........SUNRISE   543 AM MDT   SUNSET   922 PM MDT
JUNE 23 2017..........SUNRISE   543 AM MDT   SUNSET   922 PM MDT


-  INDICATES NEGATIVE NUMBERS.
R  INDICATES RECORD WAS SET OR TIED.
MM INDICATES DATA IS MISSING.
T  INDICATES TRACE AMOUNT.




$$
