000
CDUS45 KTFX 150810
CLIDLN


CLIMATE REPORT
NATIONAL WEATHER SERVICE GREAT FALLS MT
209 AM MDT MON SEP 15 2014


...................................

...THE DILLON AIRPORT MT CLIMATE SUMMARY FOR SEPTEMBER 14 2014...

CLIMATE NORMAL PERIOD 1981 TO 2010
CLIMATE RECORD PERIOD 1929 TO 2014


WEATHER ITEM   OBSERVED TIME   RECORD YEAR NORMAL DEPARTURE LAST
                VALUE   (LST)  VALUE       VALUE  FROM      YEAR
                                                  NORMAL
..................................................................
TEMPERATURE (F)
 YESTERDAY
  MAXIMUM         77    338 PM  91    1948  71      6       74
  MINIMUM         32    555 AM  22    1947  40     -8       53
  AVERAGE         55                        56     -1       64

PRECIPITATION (IN)
  YESTERDAY        0.00          0.94 1966   0.03  -0.03     0.01
  MONTH TO DATE    0.06                      0.43  -0.37     0.30
  SINCE OCT 1      9.42                     10.13  -0.71     8.32
  SINCE JAN 1      8.93                      8.73   0.20     7.30

SNOWFALL (IN)
  YESTERDAY       MM
  SNOW DEPTH       0

DEGREE DAYS
 HEATING
  YESTERDAY       10                                0        1
  MONTH TO DATE  164                               59       23
  SINCE SEP 1    164                               59       23
  SINCE JUL 1    256                               15       29

 COOLING
  YESTERDAY        0                                0        0
  MONTH TO DATE    1                               -6       19
  SINCE SEP 1      1                               -6       19
  SINCE JAN 1    165                               10      247
..................................................................


WIND (MPH)
  HIGHEST WIND SPEED    14   HIGHEST WIND DIRECTION    NE (60)
  HIGHEST GUST SPEED    17   HIGHEST GUST DIRECTION    NE (40)
  AVERAGE WIND SPEED     6.9



WEATHER CONDITIONS
 THE FOLLOWING WEATHER WAS RECORDED YESTERDAY.
  NO SIGNIFICANT WEATHER WAS OBSERVED.


RELATIVE HUMIDITY (PERCENT)
 HIGHEST    82
 LOWEST     13
 AVERAGE    48

..........................................................


THE DILLON AIRPORT MT CLIMATE NORMALS FOR TODAY
                         NORMAL    RECORD    YEAR
 MAXIMUM TEMPERATURE (F)   70        92      2000
 MINIMUM TEMPERATURE (F)   40        24      1982


SUNRISE AND SUNSET
SEPTEMBER 15 2014.....SUNRISE   709 AM MDT   SUNSET   741 PM MDT
SEPTEMBER 16 2014.....SUNRISE   710 AM MDT   SUNSET   739 PM MDT


-  INDICATES NEGATIVE NUMBERS.
R  INDICATES RECORD WAS SET OR TIED.
MM INDICATES DATA IS MISSING.
T  INDICATES TRACE AMOUNT.




$$
