000
CDUS45 KTFX 050900
CLIDLN


CLIMATE REPORT
NATIONAL WEATHER SERVICE GREAT FALLS MT
158 AM MST THU MAR 5 2015


...................................

...THE DILLON AIRPORT MT CLIMATE SUMMARY FOR MARCH 4 2015...

CLIMATE NORMAL PERIOD 1981 TO 2010
CLIMATE RECORD PERIOD 1929 TO 2015


WEATHER ITEM   OBSERVED TIME   RECORD YEAR NORMAL DEPARTURE LAST
                VALUE   (LST)  VALUE       VALUE  FROM      YEAR
                                                  NORMAL
..................................................................
TEMPERATURE (F)
 YESTERDAY
  MAXIMUM         37    509 PM  63    1987  43     -6       44
  MINIMUM         -1    539 AM -14    1989  19    -20       31
  AVERAGE         18                        31    -13       38

PRECIPITATION (IN)
  YESTERDAY        0.00          0.28 2009   0.01  -0.01     0.00
  MONTH TO DATE    T                         0.05  -0.05     0.05
  SINCE OCT 1      1.35                      1.97  -0.62     0.77
  SINCE JAN 1      0.19                      0.57  -0.38     0.28

SNOWFALL (IN)
  YESTERDAY       MM
  SNOW DEPTH       T

DEGREE DAYS
 HEATING
  YESTERDAY       47                               13       27
  MONTH TO DATE  182                               44      170
  SINCE MAR 1    182                               44      170
  SINCE JUL 1   5294                             -761     5950

 COOLING
  YESTERDAY        0                                0        0
  MONTH TO DATE    0                                0        0
  SINCE MAR 1      0                                0        0
  SINCE JAN 1      0                                0        0
..................................................................


WIND (MPH)
  HIGHEST WIND SPEED    24   HIGHEST WIND DIRECTION     W (250)
  HIGHEST GUST SPEED    30   HIGHEST GUST DIRECTION    SW (240)
  AVERAGE WIND SPEED     9.4


SKY COVER
  AVERAGE SKY COVER 0.0


WEATHER CONDITIONS
 THE FOLLOWING WEATHER WAS RECORDED YESTERDAY.
  NO SIGNIFICANT WEATHER WAS OBSERVED.


RELATIVE HUMIDITY (PERCENT)
 HIGHEST    79
 LOWEST     21
 AVERAGE    50

..........................................................


THE DILLON AIRPORT MT CLIMATE NORMALS FOR TODAY
                         NORMAL    RECORD    YEAR
 MAXIMUM TEMPERATURE (F)   43        63      1987
 MINIMUM TEMPERATURE (F)   20       -19      1951


SUNRISE AND SUNSET
MARCH  5 2015.........SUNRISE   701 AM MST   SUNSET   623 PM MST
MARCH  6 2015.........SUNRISE   700 AM MST   SUNSET   624 PM MST


-  INDICATES NEGATIVE NUMBERS.
R  INDICATES RECORD WAS SET OR TIED.
MM INDICATES DATA IS MISSING.
T  INDICATES TRACE AMOUNT.




$$
