000
CDUS41 KLWX 040527
CLIDMH


CLIMATE REPORT
NATIONAL WEATHER SERVICE BALTIMORE MD/WASHINGTON DC
1227 AM EST WED MAR 4 2015


...................................

...THE BALTIMORE INNER HARBOR MD CLIMATE SUMMARY FOR MARCH 3 2015...

CLIMATE NORMAL PERIOD 1981 TO 2010
CLIMATE RECORD PERIOD 9999 TO 9999


WEATHER ITEM   OBSERVED TIME   RECORD YEAR NORMAL DEPARTURE LAST
                VALUE   (LST)  VALUE       VALUE  FROM      YEAR
                                                  NORMAL
..................................................................
TEMPERATURE (F)
 YESTERDAY
  MAXIMUM         34   1159 PM  MM      MM  50    -16       35
  MINIMUM         MM        MM  MM      MM  35     MM       17
  AVERAGE         MM                        42     MM       26

PRECIPITATION (IN)
  YESTERDAY        0.13         MM      MM   0.10   0.03     0.41
  MONTH TO DATE    0.71                      0.28   0.43     0.62
  SINCE MAR 1      0.71                      0.28   0.43     0.62
  SINCE JAN 1      6.53                      5.80   0.73     6.95

DEGREE DAYS
 HEATING
  YESTERDAY       MM                        23     MM       39
  MONTH TO DATE   MM                        69     MM       97
  SINCE MAR 1     MM                        69     MM       97
  SINCE JUL 1   3514                      3157    357     3167

 COOLING
  YESTERDAY       MM                         0     MM        0
  MONTH TO DATE   MM                         0     MM        0
  SINCE MAR 1     MM                         0     MM        0
  SINCE JAN 1      0                         0      0        0
..................................................................


WIND (MPH)
  HIGHEST WIND SPEED    MM   HIGHEST WIND DIRECTION    MM
  HIGHEST GUST SPEED    MM   HIGHEST GUST DIRECTION    MM
  AVERAGE WIND SPEED    MM


SKY COVER
  POSSIBLE SUNSHINE  MM



RELATIVE HUMIDITY (PERCENT)
 HIGHEST    85           500 PM
 LOWEST     53          1100 AM
 AVERAGE    69

..........................................................


THE BALTIMORE INNER HARBOR MD CLIMATE NORMALS FOR TODAY
                         NORMAL
 MAXIMUM TEMPERATURE (F)   50
 MINIMUM TEMPERATURE (F)   35


SUNRISE AND SUNSET
MARCH  4 2015.........SUNRISE   635 AM EST   SUNSET   602 PM EST
MARCH  5 2015.........SUNRISE   634 AM EST   SUNSET   603 PM EST


-  INDICATES NEGATIVE NUMBERS.
R  INDICATES RECORD WAS SET OR TIED.
MM INDICATES DATA IS MISSING.
T  INDICATES TRACE AMOUNT.




$$
