000
CDUS41 KLWX 280528
CLIDMH


CLIMATE REPORT
NATIONAL WEATHER SERVICE BALTIMORE MD/WASHINGTON DC
1227 AM EST TUE FEB 28 2017


...................................

...THE BALTIMORE INNER HARBOR MD CLIMATE SUMMARY FOR FEBRUARY 27 2017...

CLIMATE NORMAL PERIOD 1981 TO 2010
CLIMATE RECORD PERIOD 9999 TO 9999


WEATHER ITEM   OBSERVED TIME   RECORD YEAR NORMAL DEPARTURE LAST
                VALUE   (LST)  VALUE       VALUE  FROM      YEAR
                                                  NORMAL
..................................................................
TEMPERATURE (F)
 YESTERDAY
  MAXIMUM         57    104 PM  MM      MM  48      9       46
  MINIMUM         36    521 AM  MM      MM  34      2       28
  AVERAGE         47                        41      6       37

PRECIPITATION (IN)
  YESTERDAY        0.00         MM      MM   0.09  -0.09     0.00
  MONTH TO DATE    1.11                      2.51  -1.40     5.32
  SINCE DEC 1      6.04                      8.84  -2.80    14.84
  SINCE JAN 1      3.70                      5.43  -1.73     8.60

DEGREE DAYS
 HEATING
  YESTERDAY       18                        24     -6       28
  MONTH TO DATE  487                       717   -230      715
  SINCE DEC 1   1935                      2414   -479     2066
  SINCE JUL 1   2444                      3065   -621     2594

 COOLING
  YESTERDAY        0                         0      0        0
  MONTH TO DATE    0                         0      0        0
  SINCE DEC 1      0                         0      0        3
  SINCE JAN 1      0                         0      0        0
..................................................................


WIND (MPH)
  HIGHEST WIND SPEED    MM   HIGHEST WIND DIRECTION    MM
  HIGHEST GUST SPEED    MM   HIGHEST GUST DIRECTION    MM
  AVERAGE WIND SPEED    MM


SKY COVER
  POSSIBLE SUNSHINE  MM



RELATIVE HUMIDITY (PERCENT)
 HIGHEST    67           900 AM
 LOWEST     26           400 PM
 AVERAGE    47

..........................................................


THE BALTIMORE INNER HARBOR MD CLIMATE NORMALS FOR TODAY
                         NORMAL
 MAXIMUM TEMPERATURE (F)   49
 MINIMUM TEMPERATURE (F)   34


SUNRISE AND SUNSET
FEBRUARY 28 2017......SUNRISE   640 AM EST   SUNSET   558 PM EST
MARCH  1 2017.........SUNRISE   639 AM EST   SUNSET   559 PM EST


-  INDICATES NEGATIVE NUMBERS.
R  INDICATES RECORD WAS SET OR TIED.
MM INDICATES DATA IS MISSING.
T  INDICATES TRACE AMOUNT.




$$
