000
CDUS41 KLWX 172126
CLIDMH


CLIMATE REPORT
NATIONAL WEATHER SERVICE BALTIMORE MD/WASHINGTON DC
526 PM EDT WED SEP 17 2014


...................................

...THE BALTIMORE INNER HARBOR MD CLIMATE SUMMARY FOR SEPTEMBER 17 2014...
VALID TODAY AS OF 0500 PM LOCAL TIME.

CLIMATE NORMAL PERIOD 1981 TO 2010
CLIMATE RECORD PERIOD 9999 TO 9999


WEATHER ITEM   OBSERVED TIME   RECORD YEAR NORMAL DEPARTURE LAST
                VALUE   (LST)  VALUE       VALUE  FROM      YEAR
                                                  NORMAL
..................................................................
TEMPERATURE (F)
 TODAY
  MAXIMUM         75    309 PM  MM      MM  80     -5       71
  MINIMUM         59    601 AM  MM      MM  64     -5       53
  AVERAGE         67                        72     -5       62

PRECIPITATION (IN)
  TODAY            0.00         MM      MM   0.15  -0.15     0.00
  MONTH TO DATE    0.75                      2.23  -1.48     0.38
  SINCE SEP 1      0.75                      2.23  -1.48     0.38
  SINCE JAN 1     40.36                     29.60  10.76    28.36

DEGREE DAYS
 HEATING
  TODAY            0                         0      0        3
  MONTH TO DATE    1                         0      1        3
  SINCE SEP 1      1                         0      1        3
  SINCE JUL 1      1                         0      1        3

 COOLING
  TODAY            2                         7     -5        0
  MONTH TO DATE  167                       163      4      198
  SINCE SEP 1    167                       163      4      198
  SINCE JAN 1   1385                      1559   -174     1872
..................................................................


WIND (MPH)
  HIGHEST WIND SPEED    MM   HIGHEST WIND DIRECTION    MM
  HIGHEST GUST SPEED    MM   HIGHEST GUST DIRECTION    MM
  AVERAGE WIND SPEED    MM


SKY COVER
  POSSIBLE SUNSHINE  MM



RELATIVE HUMIDITY (PERCENT)
 HIGHEST    75           500 AM
 LOWEST     36           100 PM
 AVERAGE    56

..........................................................


THE BALTIMORE INNER HARBOR MD CLIMATE NORMALS FOR TOMORROW
                         NORMAL    RECORD    YEAR
 MAXIMUM TEMPERATURE (F)   80        MM        MM
 MINIMUM TEMPERATURE (F)   63        MM        MM


SUNRISE AND SUNSET
SEPTEMBER 17 2014.....SUNRISE   649 AM EDT   SUNSET   712 PM EDT
SEPTEMBER 18 2014.....SUNRISE   650 AM EDT   SUNSET   710 PM EDT


-  INDICATES NEGATIVE NUMBERS.
R  INDICATES RECORD WAS SET OR TIED.
MM INDICATES DATA IS MISSING.
T  INDICATES TRACE AMOUNT.




$$
