000
CDUS41 KLWX 270524
CLIDMH


CLIMATE REPORT
NATIONAL WEATHER SERVICE BALTIMORE MD/WASHINGTON DC
123 AM EDT WED MAY 27 2015


...................................

...THE BALTIMORE INNER HARBOR MD CLIMATE SUMMARY FOR MAY 26 2015...

CLIMATE NORMAL PERIOD 1981 TO 2010
CLIMATE RECORD PERIOD 9999 TO 9999


WEATHER ITEM   OBSERVED TIME   RECORD YEAR NORMAL DEPARTURE LAST
                VALUE   (LST)  VALUE       VALUE  FROM      YEAR
                                                  NORMAL
..................................................................
TEMPERATURE (F)
 YESTERDAY
  MAXIMUM         88    225 PM  MM      MM  78     10       87
  MINIMUM         66    517 AM  MM      MM  60      6       64
  AVERAGE         77                        69      8       76

PRECIPITATION (IN)
  YESTERDAY        0.00         MM      MM   0.13  -0.13     0.00
  MONTH TO DATE    3.13                      2.87   0.26     2.65
  SINCE MAR 1     10.52                      9.95   0.57    16.15
  SINCE JAN 1     16.34                     15.47   0.87    22.48

DEGREE DAYS
 HEATING
  YESTERDAY        0                         1     -1        0
  MONTH TO DATE   29                        76    -47       29
  SINCE MAR 1    863                       933    -70     1048
  SINCE JUL 1   4377                      4021    356     4118

 COOLING
  YESTERDAY       12                         5      7       11
  MONTH TO DATE  164                        83     81       88
  SINCE MAR 1    173                       108     65      102
  SINCE JAN 1    173                       108     65      102
..................................................................


WIND (MPH)
  HIGHEST WIND SPEED    MM   HIGHEST WIND DIRECTION    MM
  HIGHEST GUST SPEED    MM   HIGHEST GUST DIRECTION    MM
  AVERAGE WIND SPEED    MM


SKY COVER
  POSSIBLE SUNSHINE  MM



RELATIVE HUMIDITY (PERCENT)
 HIGHEST    79          1100 PM
 LOWEST     45           300 PM
 AVERAGE    62

..........................................................


THE BALTIMORE INNER HARBOR MD CLIMATE NORMALS FOR TODAY
                         NORMAL
 MAXIMUM TEMPERATURE (F)   79
 MINIMUM TEMPERATURE (F)   61


SUNRISE AND SUNSET
MAY 27 2015...........SUNRISE   544 AM EDT   SUNSET   823 PM EDT
MAY 28 2015...........SUNRISE   544 AM EDT   SUNSET   824 PM EDT


-  INDICATES NEGATIVE NUMBERS.
R  INDICATES RECORD WAS SET OR TIED.
MM INDICATES DATA IS MISSING.
T  INDICATES TRACE AMOUNT.




$$
