000
CDUS45 KEPZ 220929
CLIDMN


CLIMATE REPORT
NATIONAL WEATHER SERVICE EL PASO, TX
328 AM MDT MON MAY 22 2017


...................................

...THE DEMING CLIMATE SUMMARY FOR MAY 21 2017...

CLIMATE NORMAL PERIOD 1981 TO 2010
CLIMATE RECORD PERIOD 2000 TO 2017


WEATHER ITEM   OBSERVED TIME   NORMAL DEPARTURE LAST
                VALUE   (LST)  VALUE  FROM      YEAR
                                      NORMAL
......................................................
TEMPERATURE (F)
 YESTERDAY
  MAXIMUM         90    449 PM  89              89
  MINIMUM         48    525 AM  53              50
  AVERAGE         69            71     -2       70

PRECIPITATION (IN)
  YESTERDAY        0.00          0.00   0.00     0.00
  MONTH TO DATE    0.02          0.37  -0.35     0.10
  SINCE MAR 1      0.03          1.15  -1.12     0.48
  SINCE JAN 1      2.96          2.35   0.61     1.02

......................................................


WIND (MPH)
  HIGHEST WIND SPEED    18   HIGHEST WIND DIRECTION     W (260)
  HIGHEST GUST SPEED    24   HIGHEST GUST DIRECTION     W (270)
  AVERAGE WIND SPEED     8.3


SKY COVER
  AVERAGE SKY COVER 0.0


WEATHER CONDITIONS
 THE FOLLOWING WEATHER WAS RECORDED YESTERDAY.
  NO SIGNIFICANT WEATHER WAS OBSERVED.


RELATIVE HUMIDITY (PERCENT)
 HIGHEST    38           500 AM
 LOWEST      7           500 PM
 AVERAGE    23

..........................................................


THE DEMING CLIMATE NORMALS FOR TODAY
                         NORMAL
 MAXIMUM TEMPERATURE (F)   89
 MINIMUM TEMPERATURE (F)   53


SUNRISE AND SUNSET
MAY 22 2017...........SUNRISE   609 AM MDT   SUNSET   807 PM MDT
MAY 23 2017...........SUNRISE   608 AM MDT   SUNSET   807 PM MDT


-  INDICATES NEGATIVE NUMBERS.
R  INDICATES RECORD WAS SET OR TIED.
MM INDICATES DATA IS MISSING.
T  INDICATES TRACE AMOUNT.




$$
