000
CDUS45 KEPZ 020927
CLIDMN


CLIMATE REPORT
NATIONAL WEATHER SERVICE EL PASO, TX
226 AM MST MON MAR 2 2015


...................................

...THE DEMING CLIMATE SUMMARY FOR MARCH 1 2015...

CLIMATE NORMAL PERIOD 1981 TO 2010
CLIMATE RECORD PERIOD 2000 TO 2015


WEATHER ITEM   OBSERVED TIME   NORMAL DEPARTURE LAST
                VALUE   (LST)  VALUE  FROM      YEAR
                                      NORMAL
......................................................
TEMPERATURE (F)
 YESTERDAY
  MAXIMUM         73    439 PM  65              72
  MINIMUM         38    620 AM  33              44
  AVERAGE         56            49      7       58

PRECIPITATION (IN)
  YESTERDAY        0.00          0.02  -0.02     0.09
  MONTH TO DATE    0.00          0.02  -0.02     0.09
  SINCE MAR 1      0.00          0.02  -0.02     0.09
  SINCE JAN 1      1.47          1.22   0.25     0.09

......................................................


WIND (MPH)
  HIGHEST WIND SPEED    23   HIGHEST WIND DIRECTION    SW (210)
  HIGHEST GUST SPEED    29   HIGHEST GUST DIRECTION     S (190)
  AVERAGE WIND SPEED     7.6


SKY COVER
  AVERAGE SKY COVER 0.1


WEATHER CONDITIONS
 THE FOLLOWING WEATHER WAS RECORDED YESTERDAY.
  NO SIGNIFICANT WEATHER WAS OBSERVED.


RELATIVE HUMIDITY (PERCENT)
 HIGHEST    79           600 AM
 LOWEST     12           500 PM
 AVERAGE    46

..........................................................


THE DEMING CLIMATE NORMALS FOR TODAY
                         NORMAL
 MAXIMUM TEMPERATURE (F)   65
 MINIMUM TEMPERATURE (F)   33


SUNRISE AND SUNSET
MARCH  2 2015.........SUNRISE   637 AM MST   SUNSET   609 PM MST
MARCH  3 2015.........SUNRISE   636 AM MST   SUNSET   610 PM MST


-  INDICATES NEGATIVE NUMBERS.
R  INDICATES RECORD WAS SET OR TIED.
MM INDICATES DATA IS MISSING.
T  INDICATES TRACE AMOUNT.




$$
