000
CDUS45 KEPZ 201000
CLIDMN


CLIMATE REPORT
NATIONAL WEATHER SERVICE EL PASO, TX
350 AM MDT SUN APR 20 2014


...................................

...THE DEMING CLIMATE SUMMARY FOR APRIL 19 2014...

CLIMATE NORMAL PERIOD 1981 TO 2010
CLIMATE RECORD PERIOD 2000 TO 2014


WEATHER ITEM   OBSERVED TIME   NORMAL DEPARTURE LAST
                VALUE   (LST)  VALUE  FROM      YEAR
                                      NORMAL
......................................................
TEMPERATURE (F)
 YESTERDAY
  MAXIMUM         72    124 PM  79              67
  MINIMUM         48   1159 PM  43              32
  AVERAGE         60            61     -1       50

PRECIPITATION (IN)
  YESTERDAY        0.20          0.01   0.19     0.00
  MONTH TO DATE    0.20          0.24  -0.04      T
  SINCE MAR 1      0.57          0.66  -0.09     0.19
  SINCE JAN 1      0.57          1.86  -1.29     0.48

......................................................


WIND (MPH)
  HIGHEST WIND SPEED    32   HIGHEST WIND DIRECTION    SW (220)
  HIGHEST GUST SPEED    42   HIGHEST GUST DIRECTION    SW (210)
  AVERAGE WIND SPEED     8.1


SKY COVER
  AVERAGE SKY COVER 0.5


WEATHER CONDITIONS
 THE FOLLOWING WEATHER WAS RECORDED YESTERDAY.
  THUNDERSTORM
  HEAVY RAIN
  RAIN
  LIGHT RAIN
  FOG


RELATIVE HUMIDITY (PERCENT)
 HIGHEST    83           600 AM
 LOWEST     36           200 PM
 AVERAGE    60

..........................................................


THE DEMING CLIMATE NORMALS FOR TODAY
                         NORMAL
 MAXIMUM TEMPERATURE (F)   80
 MINIMUM TEMPERATURE (F)   43


SUNRISE AND SUNSET
APRIL 20 2014.........SUNRISE   636 AM MDT   SUNSET   744 PM MDT
APRIL 21 2014.........SUNRISE   635 AM MDT   SUNSET   745 PM MDT


-  INDICATES NEGATIVE NUMBERS.
R  INDICATES RECORD WAS SET OR TIED.
MM INDICATES DATA IS MISSING.
T  INDICATES TRACE AMOUNT.




$$
