000
CDUS43 KEAX 240633
CLIDMO


CLIMATE REPORT
NATIONAL WEATHER SERVICE KANSAS CITY/PLEASANT HILL MO
133 AM CDT MON APR 24 2017


...................................

...THE SEDALIA MO CLIMATE SUMMARY FOR APRIL 23 2017...

CLIMATE NORMAL PERIOD 1981 TO 2010
CLIMATE RECORD PERIOD 9999 TO 9999


WEATHER ITEM   OBSERVED TIME   NORMAL DEPARTURE LAST
                VALUE   (LST)  VALUE  FROM      YEAR
                                      NORMAL
......................................................
TEMPERATURE (F)
 YESTERDAY
  MAXIMUM         MM        MM  70     MM       79
  MINIMUM         MM        MM  49     MM       47
  AVERAGE         MM            59     MM       63

PRECIPITATION (IN)
  YESTERDAY       MM             0.17  MM        0.00
  MONTH TO DATE    2.23          2.94  -0.71     1.19
  SINCE MAR 1      5.53          5.55  -0.02     2.88
  SINCE JAN 1      6.95          9.15  -2.20     4.03

DEGREE DAYS
 HEATING
  YESTERDAY       MM             7     MM        2
  MONTH TO DATE  122           237   -115      180
  SINCE MAR 1    576           822   -246      567
  SINCE JUL 1   3459          4439   -980     3555

 COOLING
  YESTERDAY       MM             1     MM        0
  MONTH TO DATE   38            22     16        7
  SINCE MAR 1     46            25     21       11
  SINCE JAN 1     46            25     21       11
......................................................


WIND (MPH)
  HIGHEST WIND SPEED    MM   HIGHEST WIND DIRECTION    MM
  HIGHEST GUST SPEED     0   HIGHEST GUST DIRECTION     N (0)
  AVERAGE WIND SPEED    MM


SKY COVER
  AVERAGE SKY COVER 0.0


WEATHER CONDITIONS
 THE FOLLOWING WEATHER WAS RECORDED YESTERDAY.
  NO SIGNIFICANT WEATHER WAS OBSERVED.


RELATIVE HUMIDITY (PERCENT)
 HIGHEST     0          1200 AM
 LOWEST      0          1200 AM
 AVERAGE     0

..........................................................


THE SEDALIA MO CLIMATE NORMALS FOR TODAY
                         NORMAL
 MAXIMUM TEMPERATURE (F)   70
 MINIMUM TEMPERATURE (F)   49


SUNRISE AND SUNSET
APRIL 24 2017.........SUNRISE   623 AM CDT   SUNSET   758 PM CDT
APRIL 25 2017.........SUNRISE   622 AM CDT   SUNSET   759 PM CDT


-  INDICATES NEGATIVE NUMBERS.
R  INDICATES RECORD WAS SET OR TIED.
MM INDICATES DATA IS MISSING.
T  INDICATES TRACE AMOUNT.




$$
