000
CDUS43 KEAX 250632
CLIDMO


CLIMATE REPORT
NATIONAL WEATHER SERVICE KANSAS CITY/PLEASANT HILL MO
1232 AM CST SUN FEB 25 2018


...................................

...THE SEDALIA MO CLIMATE SUMMARY FOR FEBRUARY 24 2018...

CLIMATE NORMAL PERIOD 1981 TO 2010
CLIMATE RECORD PERIOD 9999 TO 9999


WEATHER ITEM   OBSERVED TIME   NORMAL DEPARTURE LAST
                VALUE   (LST)  VALUE  FROM      YEAR
                                      NORMAL
......................................................
TEMPERATURE (F)
 YESTERDAY
  MAXIMUM         51    505 PM  49      2       64
  MINIMUM         35   1159 PM  29      6       27
  AVERAGE         43            39      4       46

PRECIPITATION (IN)
  YESTERDAY        0.60          0.07   0.53      T
  MONTH TO DATE    2.90          1.68   1.22     0.02
  SINCE DEC 1      4.15          5.67  -1.52     1.79
  SINCE JAN 1      3.84          3.35   0.49     1.01

DEGREE DAYS
 HEATING
  YESTERDAY       22            26     -4       19
  MONTH TO DATE  748           703     45      427
  SINCE DEC 1   2711          2673     38     2300
  SINCE JUL 1   3468          3518    -50     2807

 COOLING
  YESTERDAY        0             0      0        0
  MONTH TO DATE    0             0      0        0
  SINCE DEC 1      0             0      0        0
  SINCE JAN 1      0             0      0        0
......................................................


WIND (MPH)
  HIGHEST WIND SPEED    23   HIGHEST WIND DIRECTION     W (270)
  HIGHEST GUST SPEED    33   HIGHEST GUST DIRECTION     W (270)
  AVERAGE WIND SPEED    11.5


SKY COVER
  AVERAGE SKY COVER 0.9


WEATHER CONDITIONS
 THE FOLLOWING WEATHER WAS RECORDED YESTERDAY.
  HEAVY RAIN
  RAIN
  LIGHT RAIN
  LIGHT SNOW
  FOG
  FOG W/VISIBILITY <= 1/4 MILE


RELATIVE HUMIDITY (PERCENT)
 HIGHEST   100           200 AM
 LOWEST     82          1100 PM
 AVERAGE    91

..........................................................


THE SEDALIA MO CLIMATE NORMALS FOR TODAY
                         NORMAL
 MAXIMUM TEMPERATURE (F)   49
 MINIMUM TEMPERATURE (F)   30


SUNRISE AND SUNSET
FEBRUARY 25 2018......SUNRISE   650 AM CST   SUNSET   601 PM CST
FEBRUARY 26 2018......SUNRISE   649 AM CST   SUNSET   602 PM CST


-  INDICATES NEGATIVE NUMBERS.
R  INDICATES RECORD WAS SET OR TIED.
MM INDICATES DATA IS MISSING.
T  INDICATES TRACE AMOUNT.




$$
