000
CDUS43 KEAX 070658
CLIDMO


CLIMATE REPORT
NATIONAL WEATHER SERVICE KANSAS CITY/PLEASANT HILL MO
158 AM CDT TUE JUL 7 2015


...................................

...THE SEDALIA MO CLIMATE SUMMARY FOR JULY 6 2015...

CLIMATE NORMAL PERIOD 1981 TO 2010
CLIMATE RECORD PERIOD 9999 TO 9999


WEATHER ITEM   OBSERVED TIME   NORMAL DEPARTURE LAST
                VALUE   (LST)  VALUE  FROM      YEAR
                                      NORMAL
......................................................
TEMPERATURE (F)
 YESTERDAY
  MAXIMUM         90    256 PM  88      2       87
  MINIMUM         73   1159 PM  69      4       69
  AVERAGE         82            79      3       78

PRECIPITATION (IN)
  YESTERDAY        0.12          0.12   0.00     0.03
  MONTH TO DATE    4.38          0.77   3.61     0.18
  SINCE JUN 1     10.67          5.86   4.81     6.29
  SINCE JAN 1     24.10         21.01   3.09    17.66

DEGREE DAYS
 HEATING
  YESTERDAY        0             0      0        0
  MONTH TO DATE    0             0      0        0
  SINCE JUN 1      5             6     -1        0
  SINCE JUL 1      0             0      0        0

 COOLING
  YESTERDAY       17            14      3       13
  MONTH TO DATE   66            81    -15       43
  SINCE JUN 1    405           385     20      355
  SINCE JAN 1    532           524      8      550
......................................................


WIND (MPH)
  HIGHEST WIND SPEED    20   HIGHEST WIND DIRECTION     S (180)
  HIGHEST GUST SPEED    27   HIGHEST GUST DIRECTION    SW (210)
  AVERAGE WIND SPEED    10.9


SKY COVER
  AVERAGE SKY COVER 0.1


WEATHER CONDITIONS
 THE FOLLOWING WEATHER WAS RECORDED YESTERDAY.
  LIGHT RAIN
  FOG


RELATIVE HUMIDITY (PERCENT)
 HIGHEST    84           400 AM
 LOWEST     59           300 PM
 AVERAGE    72

..........................................................


THE SEDALIA MO CLIMATE NORMALS FOR TODAY
                         NORMAL
 MAXIMUM TEMPERATURE (F)   88
 MINIMUM TEMPERATURE (F)   69


SUNRISE AND SUNSET
JULY  7 2015..........SUNRISE   554 AM CDT   SUNSET   840 PM CDT
JULY  8 2015..........SUNRISE   555 AM CDT   SUNSET   840 PM CDT


-  INDICATES NEGATIVE NUMBERS.
R  INDICATES RECORD WAS SET OR TIED.
MM INDICATES DATA IS MISSING.
T  INDICATES TRACE AMOUNT.




$$
