000
CDUS43 KEAX 040637
CLIDMO


CLIMATE REPORT
NATIONAL WEATHER SERVICE KANSAS CITY/PLEASANT HILL MO
1236 AM CST WED MAR 4 2015


...................................

...THE SEDALIA MO CLIMATE SUMMARY FOR MARCH 3 2015...

CLIMATE NORMAL PERIOD 1981 TO 2010
CLIMATE RECORD PERIOD 9999 TO 9999


WEATHER ITEM   OBSERVED TIME   NORMAL DEPARTURE LAST
                VALUE   (LST)  VALUE  FROM      YEAR
                                      NORMAL
......................................................
TEMPERATURE (F)
 YESTERDAY
  MAXIMUM         44    419 PM  52     -8       24
  MINIMUM         34   1159 PM  31      3       -1
  AVERAGE         39            42     -3       12

PRECIPITATION (IN)
  YESTERDAY        T             0.08  -0.08     0.00
  MONTH TO DATE    0.06          0.23  -0.17     0.03
  SINCE MAR 1      0.06          0.23  -0.17     0.03
  SINCE JAN 1      2.14          3.83  -1.69     0.97

DEGREE DAYS
 HEATING
  YESTERDAY       26            24      2       53
  MONTH TO DATE  105            72     33      145
  SINCE MAR 1    105            72     33      145
  SINCE JUL 1   3953          3689    264     4364

 COOLING
  YESTERDAY        0             0      0        0
  MONTH TO DATE    0             0      0        0
  SINCE MAR 1      0             0      0        0
  SINCE JAN 1      0             0      0        0
......................................................


WIND (MPH)
  HIGHEST WIND SPEED    25   HIGHEST WIND DIRECTION    SW (210)
  HIGHEST GUST SPEED    34   HIGHEST GUST DIRECTION    SW (210)
  AVERAGE WIND SPEED    13.2


SKY COVER
  AVERAGE SKY COVER 1.0


WEATHER CONDITIONS
 THE FOLLOWING WEATHER WAS RECORDED YESTERDAY.
  FOG
  HAZE


RELATIVE HUMIDITY (PERCENT)
 HIGHEST    92           900 AM
 LOWEST     64          1200 AM
 AVERAGE    78

..........................................................


THE SEDALIA MO CLIMATE NORMALS FOR TODAY
                         NORMAL
 MAXIMUM TEMPERATURE (F)   52
 MINIMUM TEMPERATURE (F)   32


SUNRISE AND SUNSET
MARCH  4 2015.........SUNRISE   641 AM CST   SUNSET   608 PM CST
MARCH  5 2015.........SUNRISE   639 AM CST   SUNSET   609 PM CST


-  INDICATES NEGATIVE NUMBERS.
R  INDICATES RECORD WAS SET OR TIED.
MM INDICATES DATA IS MISSING.
T  INDICATES TRACE AMOUNT.




$$
