000
CDUS43 KEAX 242122
CLIDMO


CLIMATE REPORT
NATIONAL WEATHER SERVICE KANSAS CITY/PLEASANT HILL MO
422 PM CDT TUE MAY 24 2016


...................................

...THE SEDALIA MO CLIMATE SUMMARY FOR MAY 24 2016...
VALID AS OF 0400 PM LOCAL TIME.

CLIMATE NORMAL PERIOD 1981 TO 2010
CLIMATE RECORD PERIOD 9999 TO 9999


WEATHER ITEM   OBSERVED TIME   NORMAL DEPARTURE LAST
                VALUE   (LST)  VALUE  FROM      YEAR
                                      NORMAL
......................................................
TEMPERATURE (F)
 TODAY
  MAXIMUM         74    259 PM  78     -4       78
  MINIMUM         60    402 AM  58      2       61
  AVERAGE         67            68     -1       70

PRECIPITATION (IN)
  TODAY            0.11          0.14  -0.03     0.53
  MONTH TO DATE    2.27          3.69  -1.42     5.81
  SINCE MAR 1      5.87         10.55  -4.68    10.76
  SINCE JAN 1      7.02         14.15  -7.13    12.84

DEGREE DAYS
 HEATING
  TODAY            0             1     -1        0
  MONTH TO DATE  110            76     34       61
  SINCE MAR 1    692           941   -249      788
  SINCE JUL 1   3680          4558   -878     4636

 COOLING
  TODAY            2             5     -3        5
  MONTH TO DATE   34            66    -32       75
  SINCE MAR 1     58           100    -42       92
  SINCE JAN 1     58           100    -42       92
......................................................


WIND (MPH)
  HIGHEST WIND SPEED    17   HIGHEST WIND DIRECTION     S (160)
  HIGHEST GUST SPEED    21   HIGHEST GUST DIRECTION     S (160)
  AVERAGE WIND SPEED     8.0


SKY COVER
  AVERAGE SKY COVER 0.4


WEATHER CONDITIONS
 THE FOLLOWING WEATHER WAS RECORDED TODAY.
  THUNDERSTORM
  LIGHT RAIN
  FOG
  HAZE


RELATIVE HUMIDITY (PERCENT)
 HIGHEST    97           300 AM
 LOWEST     79           300 PM
 AVERAGE    88

..........................................................


THE SEDALIA MO CLIMATE NORMALS FOR TOMORROW
                         NORMAL
 MAXIMUM TEMPERATURE (F)   79
 MINIMUM TEMPERATURE (F)   58


SUNRISE AND SUNSET
MAY 24 2016...........SUNRISE   553 AM CDT   SUNSET   826 PM CDT
MAY 25 2016...........SUNRISE   553 AM CDT   SUNSET   827 PM CDT


-  INDICATES NEGATIVE NUMBERS.
R  INDICATES RECORD WAS SET OR TIED.
MM INDICATES DATA IS MISSING.
T  INDICATES TRACE AMOUNT.




$$
