082
CDUS42 KCAE 252141
CLIDNL


CLIMATE REPORT
NATIONAL WEATHER SERVICE COLUMBIA SC
541 PM EDT THU MAY 25 2017


...................................

...THE AUGUSTA DANIEL FIELD GA CLIMATE SUMMARY FOR MAY 25 2017...
VALID TODAY AS OF 0500 PM LOCAL TIME.

CLIMATE NORMAL PERIOD 1981 TO 2010
CLIMATE RECORD PERIOD 9999 TO 9999


WEATHER ITEM   OBSERVED TIME   NORMAL DEPARTURE LAST
                VALUE   (LST)  VALUE  FROM      YEAR
                                      NORMAL
......................................................
TEMPERATURE (F)
 TODAY
  MAXIMUM         76    308 PM  86    -10       89
  MINIMUM         59    614 AM  65     -6       68
  AVERAGE         68            76     -8

PRECIPITATION (IN)
  TODAY            0.00          0.14  -0.14     0.00
  MONTH TO DATE    3.68          2.34   1.34     3.03
  SINCE MAR 1      7.93          9.60  -1.67     8.26
  SINCE JAN 1     20.29         17.84   2.45    12.87

DEGREE DAYS
 HEATING
  TODAY            0             0      0        0
  MONTH TO DATE    6             8     -2        7
  SINCE MAR 1    238           354   -116      162
  SINCE JUL 1   1245          2167   -922     1463

 COOLING
  TODAY            3            11     -8       14
  MONTH TO DATE  247           188     59      215
  SINCE MAR 1    528           285    243      442
  SINCE JAN 1    562           289    273      448
......................................................


WIND (MPH)
  HIGHEST WIND SPEED    17   HIGHEST WIND DIRECTION     W (260)
  HIGHEST GUST SPEED    28   HIGHEST GUST DIRECTION    SW (240)
  AVERAGE WIND SPEED     7.8


SKY COVER
  AVERAGE SKY COVER 0.4


WEATHER CONDITIONS
 THE FOLLOWING WEATHER WAS RECORDED TODAY.
  NO SIGNIFICANT WEATHER WAS OBSERVED.


RELATIVE HUMIDITY (PERCENT)
 HIGHEST    87           600 AM
 LOWEST     38           300 PM

..........................................................


THE AUGUSTA DANIEL FIELD GA CLIMATE NORMALS FOR TOMORROW
                         NORMAL
 MAXIMUM TEMPERATURE (F)   86
 MINIMUM TEMPERATURE (F)   66


SUNRISE AND SUNSET
MAY 25 2017...........SUNRISE   622 AM EDT   SUNSET   829 PM EDT
MAY 26 2017...........SUNRISE   621 AM EDT   SUNSET   829 PM EDT


-  INDICATES NEGATIVE NUMBERS.
R  INDICATES RECORD WAS SET OR TIED.
MM INDICATES DATA IS MISSING.
T  INDICATES TRACE AMOUNT.




$$
