000
CDUS42 KCAE 250631
CLIDNL


CLIMATE REPORT
NATIONAL WEATHER SERVICE COLUMBIA SC
131 AM EST SUN JAN 25 2015


...................................

...THE AUGUSTA DANIEL FIELD GA CLIMATE SUMMARY FOR JANUARY 24 2015...

CLIMATE NORMAL PERIOD 1981 TO 2010
CLIMATE RECORD PERIOD 9999 TO 9999


WEATHER ITEM   OBSERVED TIME   NORMAL DEPARTURE LAST
                VALUE   (LST)  VALUE  FROM      YEAR
                                      NORMAL
......................................................
TEMPERATURE (F)
 YESTERDAY
  MAXIMUM         56    303 PM  56      0       35
  MINIMUM         42    733 AM  38      4       22
  AVERAGE         49            47      2       29

PRECIPITATION (IN)
  YESTERDAY        0.07          0.16  -0.09     0.00
  MONTH TO DATE    1.48          3.07  -1.59     2.33
  SINCE DEC 1      4.43          6.69  -2.26     8.69
  SINCE JAN 1      1.48          3.07  -1.59     2.33

DEGREE DAYS
 HEATING
  YESTERDAY       16            18     -2       36
  MONTH TO DATE  418           447    -29      523
  SINCE DEC 1    783           952   -169      912
  SINCE JUL 1   1183          1286   -103     1285

 COOLING
  YESTERDAY        0             0      0        0
  MONTH TO DATE    0             0      0        0
  SINCE DEC 1      0             5     -5       15
  SINCE JAN 1      0             0      0        0
......................................................


WIND (MPH)
  HIGHEST WIND SPEED    20   HIGHEST WIND DIRECTION    NW (300)
  HIGHEST GUST SPEED    29   HIGHEST GUST DIRECTION     W (290)
  AVERAGE WIND SPEED     9.5


SKY COVER
  AVERAGE SKY COVER 0.5


WEATHER CONDITIONS
 THE FOLLOWING WEATHER WAS RECORDED YESTERDAY.
  LIGHT RAIN
  FOG


RELATIVE HUMIDITY (PERCENT)
 HIGHEST   100          1200 AM
 LOWEST     32           400 PM

..........................................................


THE AUGUSTA DANIEL FIELD GA CLIMATE NORMALS FOR TODAY
                         NORMAL    RECORD    YEAR
 MAXIMUM TEMPERATURE (F)   56        MM        MM
 MINIMUM TEMPERATURE (F)   38        MM        MM


SUNRISE AND SUNSET
JANUARY 25 2015.......SUNRISE   729 AM EST   SUNSET   553 PM EST
JANUARY 26 2015.......SUNRISE   728 AM EST   SUNSET   554 PM EST


-  INDICATES NEGATIVE NUMBERS.
R  INDICATES RECORD WAS SET OR TIED.
MM INDICATES DATA IS MISSING.
T  INDICATES TRACE AMOUNT.




$$
