000
CDUS42 KCAE 300547
CLIDNL


CLIMATE REPORT
NATIONAL WEATHER SERVICE COLUMBIA SC
147 AM EDT THU MAR 30 2017


...................................

...THE AUGUSTA DANIEL FIELD GA CLIMATE SUMMARY FOR MARCH 29 2017...

CLIMATE NORMAL PERIOD 1981 TO 2010
CLIMATE RECORD PERIOD 9999 TO 9999


WEATHER ITEM   OBSERVED TIME   NORMAL DEPARTURE LAST
                VALUE   (LST)  VALUE  FROM      YEAR
                                      NORMAL
......................................................
TEMPERATURE (F)
 YESTERDAY
  MAXIMUM         86    356 PM  71     15       72
  MINIMUM         61    608 AM  50     11       49
  AVERAGE         74            61     13       61

PRECIPITATION (IN)
  YESTERDAY        0.00          0.16  -0.16     0.00
  MONTH TO DATE    1.88          4.01  -2.13     1.95
  SINCE MAR 1      1.88          4.01  -2.13     1.95
  SINCE JAN 1     14.24         12.25   1.99     6.56

DEGREE DAYS
 HEATING
  YESTERDAY        0             5     -5        4
  MONTH TO DATE  205           239    -34      113
  SINCE MAR 1    205           239    -34      113
  SINCE JUL 1   1212          2052   -840     1414

 COOLING
  YESTERDAY        9             1      8        0
  MONTH TO DATE   54            27     27       91
  SINCE MAR 1     54            27     27       91
  SINCE JAN 1     88            31     57       97
......................................................


WIND (MPH)
  HIGHEST WIND SPEED    13   HIGHEST WIND DIRECTION    NE (60)
  HIGHEST GUST SPEED    18   HIGHEST GUST DIRECTION    NE (60)
  AVERAGE WIND SPEED     6.0


SKY COVER
  AVERAGE SKY COVER 0.0


WEATHER CONDITIONS
 THE FOLLOWING WEATHER WAS RECORDED YESTERDAY.
  NO SIGNIFICANT WEATHER WAS OBSERVED.


RELATIVE HUMIDITY (PERCENT)
 HIGHEST    72           400 AM
 LOWEST     29           300 PM

..........................................................


THE AUGUSTA DANIEL FIELD GA CLIMATE NORMALS FOR TODAY
                         NORMAL    RECORD    YEAR
 MAXIMUM TEMPERATURE (F)   72        MM        MM
 MINIMUM TEMPERATURE (F)   50        MM        MM


SUNRISE AND SUNSET
MARCH 30 2017.........SUNRISE   718 AM EDT   SUNSET   747 PM EDT
MARCH 31 2017.........SUNRISE   717 AM EDT   SUNSET   748 PM EDT


-  INDICATES NEGATIVE NUMBERS.
R  INDICATES RECORD WAS SET OR TIED.
MM INDICATES DATA IS MISSING.
T  INDICATES TRACE AMOUNT.




$$
