000
CDUS42 KCAE 010558
CLIDNL


CLIMATE REPORT
NATIONAL WEATHER SERVICE COLUMBIA SC
1258 AM EST SUN MAR 1 2015


...................................

...THE AUGUSTA DANIEL FIELD GA CLIMATE SUMMARY FOR FEBRUARY 28 2015...

CLIMATE NORMAL PERIOD 1981 TO 2010
CLIMATE RECORD PERIOD 9999 TO 9999


WEATHER ITEM   OBSERVED TIME   NORMAL DEPARTURE LAST
                VALUE   (LST)  VALUE  FROM      YEAR
                                      NORMAL
......................................................
TEMPERATURE (F)
 YESTERDAY
  MAXIMUM         55    327 PM  64     -9       59
  MINIMUM         38    750 AM  43     -5       34
  AVERAGE         47            54     -7       47

PRECIPITATION (IN)
  YESTERDAY        0.01          0.16  -0.15     0.00
  MONTH TO DATE    3.45          4.03  -0.58     3.76
  SINCE DEC 1      7.88         11.86  -3.98    12.65
  SINCE JAN 1      4.93          8.24  -3.31     6.29

DEGREE DAYS
 HEATING
  YESTERDAY       18            12      6       18
  MONTH TO DATE  542           408    134      377
  SINCE DEC 1   1455          1479    -24     1463
  SINCE JUL 1   1855          1813     42     1836

 COOLING
  YESTERDAY        0             0      0        0
  MONTH TO DATE    0             3     -3        8
  SINCE DEC 1      0             9     -9       23
  SINCE JAN 1      0             4     -4        8
......................................................


WIND (MPH)
  HIGHEST WIND SPEED    17   HIGHEST WIND DIRECTION    NE (30)
  HIGHEST GUST SPEED    22   HIGHEST GUST DIRECTION    NE (30)
  AVERAGE WIND SPEED    10.4


SKY COVER
  AVERAGE SKY COVER 0.3


WEATHER CONDITIONS
 THE FOLLOWING WEATHER WAS RECORDED YESTERDAY.
  LIGHT RAIN


RELATIVE HUMIDITY (PERCENT)
 HIGHEST    76           200 AM
 LOWEST     38          1200 PM

..........................................................


THE AUGUSTA DANIEL FIELD GA CLIMATE NORMALS FOR TODAY
                         NORMAL    RECORD    YEAR
 MAXIMUM TEMPERATURE (F)   64        MM        MM
 MINIMUM TEMPERATURE (F)   44        MM        MM


SUNRISE AND SUNSET
MARCH  1 2015.........SUNRISE   657 AM EST   SUNSET   625 PM EST
MARCH  2 2015.........SUNRISE   655 AM EST   SUNSET   626 PM EST


-  INDICATES NEGATIVE NUMBERS.
R  INDICATES RECORD WAS SET OR TIED.
MM INDICATES DATA IS MISSING.
T  INDICATES TRACE AMOUNT.




$$
