875
CDUS42 KCAE 162229
CLIDNL


CLIMATE REPORT
NATIONAL WEATHER SERVICE COLUMBIA SC
529 PM EST TUE JAN 16 2018


...................................

...THE AUGUSTA DANIEL FIELD GA CLIMATE SUMMARY FOR JANUARY 16 2018...
VALID TODAY AS OF 0500 PM LOCAL TIME.

CLIMATE NORMAL PERIOD 1981 TO 2010
CLIMATE RECORD PERIOD 9999 TO 9999


WEATHER ITEM   OBSERVED TIME   NORMAL DEPARTURE LAST
                VALUE   (LST)  VALUE  FROM      YEAR
                                      NORMAL
......................................................
TEMPERATURE (F)
 TODAY
  MAXIMUM         56    348 PM  56      0       72
  MINIMUM         30    724 AM  38     -8       53
  AVERAGE         43            46     -3

PRECIPITATION (IN)
  TODAY            0.00          0.13  -0.13     0.00
  MONTH TO DATE    0.82          1.93  -1.11     7.06
  SINCE DEC 1      4.82          5.55  -0.73    11.27
  SINCE JAN 1      0.82          1.93  -1.11     7.06

DEGREE DAYS
 HEATING
  TODAY           22            18      4        2
  MONTH TO DATE  373           303     70      171
  SINCE DEC 1    793           808    -15      566
  SINCE JUL 1   1055          1142    -87      735

 COOLING
  TODAY            0             0      0        0
  MONTH TO DATE    2             0      2        2
  SINCE DEC 1      5             5      0        6
  SINCE JAN 1      2             0      2        2
......................................................


WIND (MPH)
  HIGHEST WIND SPEED    12   HIGHEST WIND DIRECTION    SE (150)
  HIGHEST GUST SPEED    14   HIGHEST GUST DIRECTION    SE (140)
  AVERAGE WIND SPEED     2.9


SKY COVER
  AVERAGE SKY COVER 0.0


WEATHER CONDITIONS
 THE FOLLOWING WEATHER WAS RECORDED TODAY.
  HAZE


RELATIVE HUMIDITY (PERCENT)
 HIGHEST    72           600 AM
 LOWEST     35           100 PM

..........................................................


THE AUGUSTA DANIEL FIELD GA CLIMATE NORMALS FOR TOMORROW
                         NORMAL
 MAXIMUM TEMPERATURE (F)   56
 MINIMUM TEMPERATURE (F)   38


SUNRISE AND SUNSET
JANUARY 16 2018.......SUNRISE   732 AM EST   SUNSET   544 PM EST
JANUARY 17 2018.......SUNRISE   732 AM EST   SUNSET   545 PM EST


-  INDICATES NEGATIVE NUMBERS.
R  INDICATES RECORD WAS SET OR TIED.
MM INDICATES DATA IS MISSING.
T  INDICATES TRACE AMOUNT.




$$
