000
CDUS42 KCAE 220627
CLIDNL


CLIMATE REPORT
NATIONAL WEATHER SERVICE COLUMBIA SC
226 AM EDT FRI AUG 22 2014


...................................

...THE AUGUSTA DANIEL FIELD GA CLIMATE SUMMARY FOR AUGUST 21 2014...

CLIMATE NORMAL PERIOD 1981 TO 2010
CLIMATE RECORD PERIOD 9999 TO 9999


WEATHER ITEM   OBSERVED TIME   RECORD YEAR NORMAL DEPARTURE LAST
                VALUE   (LST)  VALUE       VALUE  FROM      YEAR
                                                  NORMAL
..................................................................
TEMPERATURE (F)
 YESTERDAY
  MAXIMUM         99    454 PM  MM      MM  89     10       89
  MINIMUM         74    630 AM  MM      MM  71      3       72
  AVERAGE         87                        80      7       81

PRECIPITATION (IN)
  YESTERDAY        0.00         MM      MM   0.17  -0.17      T
  MONTH TO DATE    3.55                      3.49   0.06     7.93
  SINCE JUN 1      9.68                     13.05  -3.37    29.51
  SINCE JAN 1     28.48                     31.73  -3.25    47.96

DEGREE DAYS
 HEATING
  YESTERDAY        0                         0      0        0
  MONTH TO DATE    0                         0      0        0
  SINCE JUN 1      0                         1     -1        0
  SINCE JUL 1      0                         0      0        0

 COOLING
  YESTERDAY       22                        15      7       16
  MONTH TO DATE  358                       344     14      296
  SINCE JUN 1   1419                      1308    111     1172
  SINCE JAN 1   1881                      1665    216     1466
..................................................................


WIND (MPH)
  HIGHEST WIND SPEED    13   HIGHEST WIND DIRECTION    NW (320)
  HIGHEST GUST SPEED    17   HIGHEST GUST DIRECTION    NW (330)
  AVERAGE WIND SPEED     3.5


SKY COVER
  AVERAGE SKY COVER 0.0


WEATHER CONDITIONS
 THE FOLLOWING WEATHER WAS RECORDED YESTERDAY.
  NO SIGNIFICANT WEATHER WAS OBSERVED.


RELATIVE HUMIDITY (PERCENT)
 HIGHEST    79           300 AM
 LOWEST     30           200 PM

..........................................................


THE AUGUSTA DANIEL FIELD GA CLIMATE NORMALS FOR TODAY
                         NORMAL    RECORD    YEAR
 MAXIMUM TEMPERATURE (F)   89        MM        MM
 MINIMUM TEMPERATURE (F)   71        MM        MM


SUNRISE AND SUNSET
AUGUST 22 2014........SUNRISE   655 AM EDT   SUNSET   806 PM EDT
AUGUST 23 2014........SUNRISE   656 AM EDT   SUNSET   805 PM EDT


-  INDICATES NEGATIVE NUMBERS.
R  INDICATES RECORD WAS SET OR TIED.
MM INDICATES DATA IS MISSING.
T  INDICATES TRACE AMOUNT.




$$
