000
CDUS42 KCAE 170537
CLIDNL


CLIMATE REPORT
NATIONAL WEATHER SERVICE COLUMBIA SC
1237 AM EST FRI NOV 17 2017


...................................

...THE AUGUSTA DANIEL FIELD GA CLIMATE SUMMARY FOR NOVEMBER 16 2017...

CLIMATE NORMAL PERIOD 1981 TO 2010
CLIMATE RECORD PERIOD 9999 TO 9999


WEATHER ITEM   OBSERVED TIME   NORMAL DEPARTURE LAST
                VALUE   (LST)  VALUE  FROM      YEAR
                                      NORMAL
......................................................
TEMPERATURE (F)
 YESTERDAY
  MAXIMUM         71    414 PM  67      4       73
  MINIMUM         45    655 AM  47     -2       45
  AVERAGE         58            57      1       59

PRECIPITATION (IN)
  YESTERDAY        0.00          0.11  -0.11     0.00
  MONTH TO DATE    1.19          1.41  -0.22     0.56
  SINCE SEP 1      6.45          8.01  -1.56     7.75
  SINCE JAN 1     36.75         41.17  -4.42    31.42

DEGREE DAYS
 HEATING
  YESTERDAY        7             8     -1        6
  MONTH TO DATE   95           108    -13       76
  SINCE SEP 1    148           186    -38       85
  SINCE JUL 1    148           186    -38       85

 COOLING
  YESTERDAY        0             0      0        0
  MONTH TO DATE   41            14     27       22
  SINCE SEP 1    675           440    235      688
  SINCE JAN 1   2976          2251    725     3058
......................................................


WIND (MPH)
  HIGHEST WIND SPEED    10   HIGHEST WIND DIRECTION    NW (310)
  HIGHEST GUST SPEED    13   HIGHEST GUST DIRECTION    NW (330)
  AVERAGE WIND SPEED     2.1


SKY COVER
  AVERAGE SKY COVER 0.0


WEATHER CONDITIONS
 THE FOLLOWING WEATHER WAS RECORDED YESTERDAY.
  NO SIGNIFICANT WEATHER WAS OBSERVED.


RELATIVE HUMIDITY (PERCENT)
 HIGHEST    83           500 AM
 LOWEST     40           200 PM

..........................................................


THE AUGUSTA DANIEL FIELD GA CLIMATE NORMALS FOR TODAY
                         NORMAL    RECORD    YEAR
 MAXIMUM TEMPERATURE (F)   67        MM        MM
 MINIMUM TEMPERATURE (F)   47        MM        MM


SUNRISE AND SUNSET
NOVEMBER 17 2017......SUNRISE   702 AM EST   SUNSET   524 PM EST
NOVEMBER 18 2017......SUNRISE   703 AM EST   SUNSET   524 PM EST


-  INDICATES NEGATIVE NUMBERS.
R  INDICATES RECORD WAS SET OR TIED.
MM INDICATES DATA IS MISSING.
T  INDICATES TRACE AMOUNT.




$$
