000
CDUS42 KCAE 280526
CLIDNL


CLIMATE REPORT
NATIONAL WEATHER SERVICE COLUMBIA SC
126 AM EDT SAT MAR 28 2015


...................................

...THE AUGUSTA DANIEL FIELD GA CLIMATE SUMMARY FOR MARCH 27 2015...

CLIMATE NORMAL PERIOD 1981 TO 2010
CLIMATE RECORD PERIOD 9999 TO 9999


WEATHER ITEM   OBSERVED TIME   NORMAL DEPARTURE LAST
                VALUE   (LST)  VALUE  FROM      YEAR
                                      NORMAL
......................................................
TEMPERATURE (F)
 YESTERDAY
  MAXIMUM         68   1003 AM  71     -3       69
  MINIMUM         48   1159 PM  49     -1       36
  AVERAGE         58            60     -2       53

PRECIPITATION (IN)
  YESTERDAY        0.12          0.15  -0.03     0.00
  MONTH TO DATE    2.51          3.69  -1.18     2.38
  SINCE MAR 1      2.51          3.69  -1.18     2.38
  SINCE JAN 1      7.44         11.93  -4.49     8.67

DEGREE DAYS
 HEATING
  YESTERDAY        7             6      1       12
  MONTH TO DATE  121           228   -107      302
  SINCE MAR 1    121           228   -107      302
  SINCE JUL 1   1976          2041    -65     2138

 COOLING
  YESTERDAY        0             1     -1        0
  MONTH TO DATE   43            25     18        5
  SINCE MAR 1     43            25     18        5
  SINCE JAN 1     43            29     14       13
......................................................


WIND (MPH)
  HIGHEST WIND SPEED    17   HIGHEST WIND DIRECTION    NW (300)
  HIGHEST GUST SPEED    23   HIGHEST GUST DIRECTION    NW (310)
  AVERAGE WIND SPEED     6.8


SKY COVER
  AVERAGE SKY COVER 0.7


WEATHER CONDITIONS
 THE FOLLOWING WEATHER WAS RECORDED YESTERDAY.
  RAIN
  LIGHT RAIN
  FOG


RELATIVE HUMIDITY (PERCENT)
 HIGHEST    86          1000 PM
 LOWEST     52           200 PM

..........................................................


THE AUGUSTA DANIEL FIELD GA CLIMATE NORMALS FOR TODAY
                         NORMAL    RECORD    YEAR
 MAXIMUM TEMPERATURE (F)   71        MM        MM
 MINIMUM TEMPERATURE (F)   50        MM        MM


SUNRISE AND SUNSET
MARCH 28 2015.........SUNRISE   721 AM EDT   SUNSET   746 PM EDT
MARCH 29 2015.........SUNRISE   720 AM EDT   SUNSET   746 PM EDT


-  INDICATES NEGATIVE NUMBERS.
R  INDICATES RECORD WAS SET OR TIED.
MM INDICATES DATA IS MISSING.
T  INDICATES TRACE AMOUNT.




$$
