000
CDUS42 KCAE 292142
CLIDNL


CLIMATE REPORT
NATIONAL WEATHER SERVICE COLUMBIA SC
540 PM EDT WED JUL 29 2015


...................................

...THE AUGUSTA DANIEL FIELD GA CLIMATE SUMMARY FOR JULY 29 2015...
VALID TODAY AS OF 0500 PM LOCAL TIME.

CLIMATE NORMAL PERIOD 1981 TO 2010
CLIMATE RECORD PERIOD 9999 TO 9999


WEATHER ITEM   OBSERVED TIME   NORMAL DEPARTURE LAST
                VALUE   (LST)  VALUE  FROM      YEAR
                                      NORMAL
......................................................
TEMPERATURE (F)
 TODAY
  MAXIMUM         92    345 PM  92      0       90
  MINIMUM         76    546 AM  73      3       71
  AVERAGE         84            82      2

PRECIPITATION (IN)
  TODAY           MM             0.17  MM        0.00
  MONTH TO DATE    1.94          4.93  -2.99     1.11
  SINCE JUN 1      5.23          9.22  -3.99     5.34
  SINCE JAN 1     17.67         27.90 -10.23    24.14

DEGREE DAYS
 HEATING
  TODAY            0             0      0        0
  MONTH TO DATE    0             0      0        0
  SINCE JUN 1      0             1     -1        0
  SINCE JUL 1      0             0      0        0

 COOLING
  TODAY           19            17      2       16
  MONTH TO DATE  596           491    105      528
  SINCE JUN 1   1151           925    226     1030
  SINCE JAN 1   1699          1282    417     1492
......................................................


WIND (MPH)
  HIGHEST WIND SPEED    16   HIGHEST WIND DIRECTION     E (90)
  HIGHEST GUST SPEED    24   HIGHEST GUST DIRECTION    SW (220)
  AVERAGE WIND SPEED     6.2


SKY COVER
  AVERAGE SKY COVER 0.3


WEATHER CONDITIONS
 THE FOLLOWING WEATHER WAS RECORDED TODAY.
  THUNDERSTORM
  HEAVY RAIN
  LIGHT RAIN


RELATIVE HUMIDITY (PERCENT)
 HIGHEST    88           500 AM
 LOWEST     59          1100 AM

..........................................................


THE AUGUSTA DANIEL FIELD GA CLIMATE NORMALS FOR TOMORROW
                         NORMAL
 MAXIMUM TEMPERATURE (F)   92
 MINIMUM TEMPERATURE (F)   73


SUNRISE AND SUNSET
JULY 29 2015..........SUNRISE   638 AM EDT   SUNSET   830 PM EDT
JULY 30 2015..........SUNRISE   639 AM EDT   SUNSET   830 PM EDT


-  INDICATES NEGATIVE NUMBERS.
R  INDICATES RECORD WAS SET OR TIED.
MM INDICATES DATA IS MISSING.
T  INDICATES TRACE AMOUNT.




$$
