000
CDUS43 KLOT 270634
CLIDPA


CLIMATE REPORT
NATIONAL WEATHER SERVICE CHICAGO IL
133 AM CDT FRI MAR 27 2015


...................................

...THE DU PAGE  AIRPORT CLIMATE SUMMARY FOR MARCH 26 2015...

CLIMATE NORMAL PERIOD 1981 TO 2010
CLIMATE RECORD PERIOD 1997 TO 2015


WEATHER ITEM   OBSERVED TIME   RECORD YEAR NORMAL DEPARTURE LAST
                VALUE   (LST)  VALUE       VALUE  FROM      YEAR
                                                  NORMAL
..................................................................
TEMPERATURE (F)
 YESTERDAY
  MAXIMUM         42    217 PM  80    2007  53    -11       39
  MINIMUM         31   1159 PM  12    2014  31      0       12
  AVERAGE         37                        42     -5       26

PRECIPITATION (IN)
  YESTERDAY        0.00          0.35        0.09  -0.09     0.00
  MONTH TO DATE    0.48                      1.94  -1.46     0.28
  SINCE MAR 1      0.48                      1.94  -1.46     0.28
  SINCE JAN 1      2.31                      4.67  -2.36     1.50

SNOWFALL (IN)
  YESTERDAY       MM
  MONTH TO DATE    T
  SINCE JUL 1     30.0

DEGREE DAYS
 HEATING
  YESTERDAY       28                        23      5       39
  MONTH TO DATE  800                       725     75      979
  SINCE MAR 1    800                       725     75      979
  SINCE JUL 1   5992                      5480    512     6755

 COOLING
  YESTERDAY        0                         0      0        0
  MONTH TO DATE    0                         0      0        0
  SINCE MAR 1      0                         0      0        0
  SINCE JAN 1      0                         0      0        0
..................................................................


WIND (MPH)
  RESULTANT WIND SPEED  10   RESULTANT WIND DIRECTION  NW (320)
  HIGHEST WIND SPEED    20   HIGHEST WIND DIRECTION    NW (320)
  HIGHEST GUST SPEED    26   HIGHEST GUST DIRECTION    NW (310)
  AVERAGE WIND SPEED    10.5



WEATHER CONDITIONS
 THE FOLLOWING WEATHER WAS RECORDED YESTERDAY.
  NO SIGNIFICANT WEATHER WAS OBSERVED.


..........................................................


THE DU PAGE  AIRPORT CLIMATE NORMALS FOR TODAY
                         NORMAL    RECORD    YEAR
 MAXIMUM TEMPERATURE (F)   53        76      2007
                                             1998
 MINIMUM TEMPERATURE (F)   32        15      2011


SUNRISE AND SUNSET
MARCH 27 2015.........SUNRISE   645 AM CDT   SUNSET   713 PM CDT
MARCH 28 2015.........SUNRISE   643 AM CDT   SUNSET   714 PM CDT


-  INDICATES NEGATIVE NUMBERS.
R  INDICATES RECORD WAS SET OR TIED.
MM INDICATES DATA IS MISSING.
T  INDICATES TRACE AMOUNT.




$$
