000
CDUS43 KLOT 250632
CLIDPA


CLIMATE REPORT
NATIONAL WEATHER SERVICE CHICAGO IL
132 AM CDT SAT OCT 25 2014


...................................

...THE DU PAGE  AIRPORT CLIMATE SUMMARY FOR OCTOBER 24 2014...

CLIMATE NORMAL PERIOD 1981 TO 2010
CLIMATE RECORD PERIOD 1997 TO 2014


WEATHER ITEM   OBSERVED TIME   RECORD YEAR NORMAL DEPARTURE LAST
                VALUE   (LST)  VALUE       VALUE  FROM      YEAR
                                                  NORMAL
..................................................................
TEMPERATURE (F)
 YESTERDAY
  MAXIMUM         69    210 PM  78    2012  60      9       44
  MINIMUM         50    625 AM  25    1999  40     10       27
  AVERAGE         60                        50     10       36

PRECIPITATION (IN)
  YESTERDAY        T             0.67        0.11  -0.11     0.00
  MONTH TO DATE    3.13                      2.54   0.59     0.92
  SINCE SEP 1      5.21                      5.83  -0.62     3.02
  SINCE JAN 1     27.83                     31.46  -3.63    30.38

SNOWFALL (IN)
  YESTERDAY        0.0

DEGREE DAYS
 HEATING
  YESTERDAY        5                        15    -10       29
  MONTH TO DATE  300                       284     16      301
  SINCE SEP 1    428                       386     42      400
  SINCE JUL 1    437                       395     42      426

 COOLING
  YESTERDAY        0                         0      0        0
  MONTH TO DATE    4                        11     -7       16
  SINCE SEP 1     77                        90    -13      118
  SINCE JAN 1    766                       814    -48      745
..................................................................


WIND (MPH)
  RESULTANT WIND SPEED   4   RESULTANT WIND DIRECTION  SW (220)
  HIGHEST WIND SPEED    14   HIGHEST WIND DIRECTION    SW (210)
  HIGHEST GUST SPEED    17   HIGHEST GUST DIRECTION    SW (220)
  AVERAGE WIND SPEED     5.0



WEATHER CONDITIONS
 THE FOLLOWING WEATHER WAS RECORDED YESTERDAY.
  NO SIGNIFICANT WEATHER WAS OBSERVED.


..........................................................


THE DU PAGE  AIRPORT CLIMATE NORMALS FOR TODAY
                         NORMAL    RECORD    YEAR
 MAXIMUM TEMPERATURE (F)   60        74      2012
 MINIMUM TEMPERATURE (F)   39        24      2013


SUNRISE AND SUNSET
OCTOBER 25 2014.......SUNRISE   717 AM CDT   SUNSET   557 PM CDT
OCTOBER 26 2014.......SUNRISE   718 AM CDT   SUNSET   555 PM CDT


-  INDICATES NEGATIVE NUMBERS.
R  INDICATES RECORD WAS SET OR TIED.
MM INDICATES DATA IS MISSING.
T  INDICATES TRACE AMOUNT.




$$
