000
CDUS45 KGJT 200730
CLIDRO


CLIMATE REPORT
NATIONAL WEATHER SERVICE GRAND JUNCTION CO
128 AM MDT THU JUL 20 2017


...................................

...THE DURANGO AIRPORT CO CLIMATE SUMMARY FOR JULY 19 2017...

CLIMATE NORMAL PERIOD 1981 TO 2010
CLIMATE RECORD PERIOD 9999 TO 9999


WEATHER ITEM   OBSERVED TIME   RECORD YEAR NORMAL DEPARTURE LAST
                VALUE   (LST)  VALUE       VALUE  FROM      YEAR
                                                  NORMAL
..................................................................
TEMPERATURE (F)
 YESTERDAY
  MAXIMUM         91    423 PM  MM      MM  86      5       87
  MINIMUM         59    548 AM  MM      MM  53      6       59
  AVERAGE         75                        69      6       73

PRECIPITATION (IN)
  YESTERDAY        0.01         MM      MM   0.06  -0.05     0.35
  MONTH TO DATE    0.34                      0.82  -0.48     1.41
  SINCE JUN 1      0.35                      1.46  -1.11     1.77
  SINCE JAN 1      5.80                      6.89  -1.09     5.01

SNOWFALL (IN)
  YESTERDAY       MM            MM      MM  MM     MM       MM
  MONTH TO DATE   MM                        MM     MM       MM
  SINCE JUN 1     MM                        MM     MM       MM
  SINCE JUL 1     MM                        MM     MM       MM
  SNOW DEPTH      MM

DEGREE DAYS
 HEATING
  YESTERDAY        0                         0      0        0
  MONTH TO DATE    0                         8     -8        5
  SINCE JUN 1     57                       123    -66       42
  SINCE JUL 1      0                         8     -8        5

 COOLING
  YESTERDAY       10                         4      6        8
  MONTH TO DATE  109                        65     44       60
  SINCE JUN 1    178                        93     85      161
  SINCE JAN 1    178                        94     84      161
..................................................................


WIND (MPH)
  HIGHEST WIND SPEED    24   HIGHEST WIND DIRECTION    SE (120)
  HIGHEST GUST SPEED    33   HIGHEST GUST DIRECTION    NW (310)
  AVERAGE WIND SPEED     7.6


SKY COVER
  POSSIBLE SUNSHINE  MM
  AVERAGE SKY COVER 0.3


WEATHER CONDITIONS
 THE FOLLOWING WEATHER WAS RECORDED YESTERDAY.
  THUNDERSTORM
  LIGHT RAIN


RELATIVE HUMIDITY (PERCENT)
 HIGHEST    72           500 AM
 LOWEST     17           500 PM
 AVERAGE    45

..........................................................


THE DURANGO AIRPORT CO CLIMATE NORMALS FOR TODAY
                         NORMAL    RECORD    YEAR
 MAXIMUM TEMPERATURE (F)   86        MM        MM
 MINIMUM TEMPERATURE (F)   53        MM        MM


SUNRISE AND SUNSET
JULY 20 2017..........SUNRISE   607 AM MDT   SUNSET   828 PM MDT
JULY 21 2017..........SUNRISE   607 AM MDT   SUNSET   827 PM MDT


-  INDICATES NEGATIVE NUMBERS.
R  INDICATES RECORD WAS SET OR TIED.
MM INDICATES DATA IS MISSING.
T  INDICATES TRACE AMOUNT.




$$
