000
CDUS45 KGJT 300746
CLIDRO


CLIMATE REPORT
NATIONAL WEATHER SERVICE GRAND JUNCTION CO
130 AM MDT TUE SEP 30 2014


...................................

...THE DURANGO AIRPORT CO CLIMATE SUMMARY FOR SEPTEMBER 29 2014...

CLIMATE NORMAL PERIOD 1981 TO 2010
CLIMATE RECORD PERIOD 9999 TO 9999


WEATHER ITEM   OBSERVED TIME   RECORD YEAR NORMAL DEPARTURE LAST
                VALUE   (LST)  VALUE       VALUE  FROM      YEAR
                                                  NORMAL
..................................................................
TEMPERATURE (F)
 YESTERDAY
  MAXIMUM         57    420 PM  MM      MM  70    -13       69
  MINIMUM         42   1159 PM  MM      MM  37      5       29
  AVERAGE         50                        54     -4       49

PRECIPITATION (IN)
  YESTERDAY        0.41         MM      MM   0.04   0.37     0.00
  MONTH TO DATE    3.61                      1.86   1.75     4.78
  SINCE SEP 1      3.61                      1.86   1.75     4.78
  SINCE JAN 1      9.24                     11.83  -2.59    12.99

SNOWFALL (IN)
  YESTERDAY       MM            MM      MM  MM     MM       MM
  MONTH TO DATE   MM                        MM     MM       MM
  SINCE SEP 1     MM                        MM     MM       MM
  SINCE JUL 1     MM                        MM     MM       MM
  SNOW DEPTH      MM

DEGREE DAYS
 HEATING
  YESTERDAY       15                        11      4       16
  MONTH TO DATE   74                       182   -108      158
  SINCE SEP 1     74                       182   -108      158
  SINCE JUL 1    101                       211   -110      171

 COOLING
  YESTERDAY        0                         0      0        0
  MONTH TO DATE   13                         3     10       39
  SINCE SEP 1     13                         3     10       39
  SINCE JAN 1    305                       240     65      388
..................................................................


WIND (MPH)
  HIGHEST WIND SPEED    23   HIGHEST WIND DIRECTION     W (260)
  HIGHEST GUST SPEED    29   HIGHEST GUST DIRECTION     W (260)
  AVERAGE WIND SPEED     6.6


SKY COVER
  POSSIBLE SUNSHINE  MM
  AVERAGE SKY COVER 0.5


WEATHER CONDITIONS
 THE FOLLOWING WEATHER WAS RECORDED YESTERDAY.
  THUNDERSTORM
  RAIN
  LIGHT RAIN
  FOG


RELATIVE HUMIDITY (PERCENT)
 HIGHEST    96          1200 AM
 LOWEST     47           500 PM
 AVERAGE    72

..........................................................


THE DURANGO AIRPORT CO CLIMATE NORMALS FOR TODAY
                         NORMAL    RECORD    YEAR
 MAXIMUM TEMPERATURE (F)   70        MM        MM
 MINIMUM TEMPERATURE (F)   37        MM        MM


SUNRISE AND SUNSET
SEPTEMBER 30 2014.....SUNRISE   706 AM MDT   SUNSET   656 PM MDT
OCTOBER  1 2014.......SUNRISE   706 AM MDT   SUNSET   654 PM MDT


-  INDICATES NEGATIVE NUMBERS.
R  INDICATES RECORD WAS SET OR TIED.
MM INDICATES DATA IS MISSING.
T  INDICATES TRACE AMOUNT.




$$
