000
CDUS44 KEWX 072344
CLIDRT


CLIMATE REPORT
NATIONAL WEATHER SERVICE AUSTIN/SAN ANTONIO, TX
543 PM CST WED DEC 7 2016


...................................

...THE DEL RIO CLIMATE SUMMARY FOR DECEMBER 7 2016...
VALID TODAY AS OF 540 PM LOCAL TIME.

CLIMATE NORMAL PERIOD 1981 TO 2010
CLIMATE RECORD PERIOD 1906 TO 2016


WEATHER ITEM   OBSERVED TIME   RECORD YEAR NORMAL DEPARTURE LAST
                VALUE   (LST)  VALUE       VALUE  FROM      YEAR
                                                  NORMAL
..................................................................
TEMPERATURE (F)
 TODAY
  MAXIMUM         52    540 PM  81    1966  65    -13       69
  MINIMUM         41    420 AM  23    2011  42     -1       38
  AVERAGE         47                        54     -7       54

PRECIPITATION (IN)
  TODAY            0.00          0.66 1960   0.02  -0.02     0.00
  MONTH TO DATE    2.37                      0.13   2.24     0.00
  SINCE DEC 1      2.37                      0.13   2.24     0.00
  SINCE JAN 1     32.36                     19.00  13.36    27.47

SNOWFALL (IN)
  TODAY            0.0
  MONTH TO DATE    0.0
  SINCE DEC 1      0.0
  SINCE JUL 1      0.0
  SNOW DEPTH       0

DEGREE DAYS
 HEATING
  TODAY           18                        12      6       11
  MONTH TO DATE   84                        77      7       75
  SINCE DEC 1     84                        77      7       75
  SINCE JUL 1    153                       274   -121      218

 COOLING
  TODAY            0                         0      0        0
  MONTH TO DATE    0                         0      0        0
  SINCE DEC 1      0                         0      0        0
  SINCE JAN 1   3579                      3372    207     3530
..................................................................


WIND (MPH)
  HIGHEST WIND SPEED    10   HIGHEST WIND DIRECTION    SE (150)
  HIGHEST GUST SPEED    15   HIGHEST GUST DIRECTION    SE (120)
  AVERAGE WIND SPEED     4.6



WEATHER CONDITIONS
 THE FOLLOWING WEATHER WAS RECORDED TODAY.
  FOG


RELATIVE HUMIDITY (PERCENT)
 HIGHEST   100           500 AM
 LOWEST     83           400 PM
 AVERAGE    92

..........................................................


THE DEL RIO CLIMATE NORMALS FOR TOMORROW
                         NORMAL    RECORD    YEAR
 MAXIMUM TEMPERATURE (F)   65        82      1950
 MINIMUM TEMPERATURE (F)   42        23      2005


SUNRISE AND SUNSET
DECEMBER  7 2016......SUNRISE   725 AM CST   SUNSET   545 PM CST
DECEMBER  8 2016......SUNRISE   726 AM CST   SUNSET   545 PM CST


-  INDICATES NEGATIVE NUMBERS.
R  INDICATES RECORD WAS SET OR TIED.
MM INDICATES DATA IS MISSING.
T  INDICATES TRACE AMOUNT.




$$
