000
CDUS44 KEWX 212344
CLIDRT


CLIMATE REPORT
NATIONAL WEATHER SERVICE AUSTIN/SAN ANTONIO, TX
544 PM CST TUE FEB 21 2017


...................................

...THE DEL RIO CLIMATE SUMMARY FOR FEBRUARY 21 2017...
VALID TODAY AS OF 540 PM LOCAL TIME.

CLIMATE NORMAL PERIOD 1981 TO 2010
CLIMATE RECORD PERIOD 1906 TO 2017


WEATHER ITEM   OBSERVED TIME   RECORD YEAR NORMAL DEPARTURE LAST
                VALUE   (LST)  VALUE       VALUE  FROM      YEAR
                                                  NORMAL
..................................................................
TEMPERATURE (F)
 TODAY
  MAXIMUM         85    507 PM  99    1996  70     15       76
  MINIMUM         48    733 AM  30    1939  47      1       63
                                      1912
  AVERAGE         67                        58      9       70

PRECIPITATION (IN)
  TODAY            0.00          0.62 1966   0.03  -0.03     0.02
  MONTH TO DATE    0.78                      0.63   0.15     0.02
  SINCE DEC 1      3.45                      2.00   1.45     1.04
  SINCE JAN 1      0.97                      1.35  -0.38     0.70

SNOWFALL (IN)
  TODAY            0.0
  MONTH TO DATE    0.0
  SINCE DEC 1      0.0
  SINCE JUL 1      0.0
  SNOW DEPTH       0

DEGREE DAYS
 HEATING
  TODAY            0                         7     -7        0
  MONTH TO DATE   89                       199   -110      127
  SINCE DEC 1    712                       992   -280      794
  SINCE JUL 1    781                      1189   -408      937

 COOLING
  TODAY            2                         1      1        5
  MONTH TO DATE   21                         5     16       27
  SINCE DEC 1     49                        11     38       28
  SINCE JAN 1     37                         8     29       27
..................................................................


WIND (MPH)
  HIGHEST WIND SPEED    21   HIGHEST WIND DIRECTION     W (290)
  HIGHEST GUST SPEED    27   HIGHEST GUST DIRECTION     W (270)
  AVERAGE WIND SPEED     8.4



WEATHER CONDITIONS
 THE FOLLOWING WEATHER WAS RECORDED TODAY.
  NO SIGNIFICANT WEATHER WAS OBSERVED.


RELATIVE HUMIDITY (PERCENT)
 HIGHEST    66           200 AM
 LOWEST     13           400 PM
 AVERAGE    40

..........................................................


THE DEL RIO CLIMATE NORMALS FOR TOMORROW
                         NORMAL    RECORD    YEAR
 MAXIMUM TEMPERATURE (F)   70        98      1996
 MINIMUM TEMPERATURE (F)   47        26      1966
                                             1953


SUNRISE AND SUNSET
FEBRUARY 21 2017......SUNRISE   717 AM CST   SUNSET   638 PM CST
FEBRUARY 22 2017......SUNRISE   716 AM CST   SUNSET   639 PM CST


-  INDICATES NEGATIVE NUMBERS.
R  INDICATES RECORD WAS SET OR TIED.
MM INDICATES DATA IS MISSING.
T  INDICATES TRACE AMOUNT.




$$
