000
CDUS44 KEWX 270707
CLIDRT


CLIMATE REPORT
NATIONAL WEATHER SERVICE AUSTIN/SAN ANTONIO, TX
206 AM CDT TUE JUN 27 2017


...................................

...THE DEL RIO CLIMATE SUMMARY FOR JUNE 26 2017...

CLIMATE NORMAL PERIOD 1981 TO 2010
CLIMATE RECORD PERIOD 1906 TO 2017


WEATHER ITEM   OBSERVED TIME   RECORD YEAR NORMAL DEPARTURE LAST
                VALUE   (LST)  VALUE       VALUE  FROM      YEAR
                                                  NORMAL
..................................................................
TEMPERATURE (F)
 YESTERDAY
  MAXIMUM         94    454 PM 109    2012  96     -2       94
  MINIMUM         73    649 AM  64    1974  75     -2       71
  AVERAGE         84                        85     -1       83

PRECIPITATION (IN)
  YESTERDAY        0.10          1.68 1954   0.07   0.03     0.31
  MONTH TO DATE    2.44                      2.11   0.33     2.86
  SINCE JUN 1      2.44                      2.11   0.33     2.86
  SINCE JAN 1     13.53                      9.31   4.22    11.47

SNOWFALL (IN)
  YESTERDAY        0.0
  MONTH TO DATE    0.0
  SINCE JUN 1      0.0
  SINCE JUL 1      0.0

DEGREE DAYS
 HEATING
  YESTERDAY        0                         0      0        0
  MONTH TO DATE    0                         0      0        0
  SINCE JUN 1      0                         0      0        0
  SINCE JUL 1    840                      1376   -536     1050

 COOLING
  YESTERDAY       19                        20     -1       18
  MONTH TO DATE  488                       491     -3      496
  SINCE JUN 1    488                       491     -3      496
  SINCE JAN 1   1313                      1250     63     1222
..................................................................


WIND (MPH)
  HIGHEST WIND SPEED    20   HIGHEST WIND DIRECTION     E (70)
  HIGHEST GUST SPEED    25   HIGHEST GUST DIRECTION     E (70)
  AVERAGE WIND SPEED     7.9


SKY COVER
  AVERAGE SKY COVER 0.4


WEATHER CONDITIONS
 THE FOLLOWING WEATHER WAS RECORDED YESTERDAY.
  LIGHT RAIN
  FOG


RELATIVE HUMIDITY (PERCENT)
 HIGHEST    93           700 AM
 LOWEST     39           300 PM
 AVERAGE    66

..........................................................


THE DEL RIO CLIMATE NORMALS FOR TODAY
                         NORMAL    RECORD    YEAR
 MAXIMUM TEMPERATURE (F)   96       108      1980
 MINIMUM TEMPERATURE (F)   75        66      2007
                                             1985
                                             1974


SUNRISE AND SUNSET
JUNE 27 2017..........SUNRISE   646 AM CDT   SUNSET   847 PM CDT
JUNE 28 2017..........SUNRISE   647 AM CDT   SUNSET   847 PM CDT


-  INDICATES NEGATIVE NUMBERS.
R  INDICATES RECORD WAS SET OR TIED.
MM INDICATES DATA IS MISSING.
T  INDICATES TRACE AMOUNT.




$$
