000
CDUS44 KDRT 260715
CLIDRT


CLIMATE REPORT
NATIONAL WEATHER SERVICE AUSTIN/SAN ANTONIO, TX
215 AM CDT THU MAY 26 2016


...................................

...THE DEL RIO CLIMATE SUMMARY FOR MAY 25 2016...

CLIMATE NORMAL PERIOD 1981 TO 2010
CLIMATE RECORD PERIOD 1906 TO 2016


WEATHER ITEM   OBSERVED TIME   RECORD YEAR NORMAL DEPARTURE LAST
                VALUE   (LST)  VALUE       VALUE  FROM      YEAR
                                                  NORMAL
..................................................................
TEMPERATURE (F)
 YESTERDAY
  MAXIMUM         86    541 PM 104    2011  92     -6       93
  MINIMUM         78    755 AM  59    1952  70      8       69
                                      1940
                                      1910
  AVERAGE         82                        81      1       81

PRECIPITATION (IN)
  YESTERDAY        T             2.68 2007   0.10  -0.10     1.09
  MONTH TO DATE    1.48                      2.19  -0.71     7.23
  SINCE MAR 1      7.72                      4.98   2.74    11.15
  SINCE JAN 1      8.47                      6.58   1.89    12.14

SNOWFALL (IN)
  YESTERDAY        0.0
  MONTH TO DATE    0.0
  SINCE MAR 1      0.0
  SINCE JUL 1      T

DEGREE DAYS
 HEATING
  YESTERDAY        0                         0      0        0
  MONTH TO DATE    1                         0      1        0
  SINCE MAR 1     70                       139    -69      148
  SINCE JUL 1   1050                      1375   -325     1475

 COOLING
  YESTERDAY       17                        16      1       16
  MONTH TO DATE  281                       331    -50      302
  SINCE MAR 1    601                       641    -40      593
  SINCE JAN 1    636                       660    -24      608
..................................................................


WIND (MPH)
  HIGHEST WIND SPEED    20   HIGHEST WIND DIRECTION    SE (130)
  HIGHEST GUST SPEED    25   HIGHEST GUST DIRECTION    SE (120)
  AVERAGE WIND SPEED    11.1


SKY COVER
  AVERAGE SKY COVER 0.9


WEATHER CONDITIONS
 THE FOLLOWING WEATHER WAS RECORDED YESTERDAY.
  FOG
  HAZE


RELATIVE HUMIDITY (PERCENT)
 HIGHEST    97           100 AM
 LOWEST     70           300 PM
 AVERAGE    84

..........................................................


THE DEL RIO CLIMATE NORMALS FOR TODAY
                         NORMAL    RECORD    YEAR
 MAXIMUM TEMPERATURE (F)   92       104      1973
 MINIMUM TEMPERATURE (F)   70        58      1933


SUNRISE AND SUNSET
MAY 26 2016...........SUNRISE   646 AM CDT   SUNSET   836 PM CDT
MAY 27 2016...........SUNRISE   646 AM CDT   SUNSET   836 PM CDT


-  INDICATES NEGATIVE NUMBERS.
R  INDICATES RECORD WAS SET OR TIED.
MM INDICATES DATA IS MISSING.
T  INDICATES TRACE AMOUNT.




$$
