000
CDUS44 KEWX 202252
CLIDRT


CLIMATE REPORT
NATIONAL WEATHER SERVICE AUSTIN/SAN ANTONIO, TX
551 PM CDT WED AUG 20 2014


...................................

...THE DEL RIO CLIMATE SUMMARY FOR AUGUST 20 2014...
VALID TODAY AS OF 551 PM LOCAL TIME.

CLIMATE NORMAL PERIOD 1981 TO 2010
CLIMATE RECORD PERIOD 1906 TO 2014


WEATHER ITEM   OBSERVED TIME   RECORD YEAR NORMAL DEPARTURE LAST
                VALUE   (LST)  VALUE       VALUE  FROM      YEAR
                                                  NORMAL
..................................................................
TEMPERATURE (F)
 TODAY
  MAXIMUM        100    444 PM 106    1986  97      3       99
  MINIMUM         77    635 AM  62    1940  75      2       75
  AVERAGE         89                        86      3       87

PRECIPITATION (IN)
  TODAY            0.00          2.63 1961   0.08  -0.08     0.00
  MONTH TO DATE    0.78                      1.22  -0.44      T
  SINCE JUN 1      5.82                      5.35   0.47     4.53
  SINCE JAN 1      7.17                     12.55  -5.38     7.75

SNOWFALL (IN)
  TODAY            0.0
  MONTH TO DATE    0.0
  SINCE JUN 1      0.0
  SINCE JUL 1      0.0
  SNOW DEPTH       0

DEGREE DAYS
 HEATING
  TODAY            0                         0      0        0
  MONTH TO DATE    0                         0      0        0
  SINCE JUN 1      0                         0      0        0
  SINCE JUL 1      0                         0      0        0

 COOLING
  TODAY           24                        21      3       22
  MONTH TO DATE  445                       437      8      510
  SINCE JUN 1   1768                      1656    112     1796
  SINCE JAN 1   2618                      2415    203     2702
..................................................................


WIND (MPH)
  HIGHEST WIND SPEED    21   HIGHEST WIND DIRECTION    SE (140)
  HIGHEST GUST SPEED    28   HIGHEST GUST DIRECTION    SE (130)
  AVERAGE WIND SPEED    12.2



WEATHER CONDITIONS
 THE FOLLOWING WEATHER WAS RECORDED TODAY.
  NO SIGNIFICANT WEATHER WAS OBSERVED.


RELATIVE HUMIDITY (PERCENT)
 HIGHEST    74           700 AM
 LOWEST     31           300 PM
 AVERAGE    53

..........................................................


THE DEL RIO CLIMATE NORMALS FOR TOMORROW
                         NORMAL    RECORD    YEAR
 MAXIMUM TEMPERATURE (F)   97       105      1911
 MINIMUM TEMPERATURE (F)   75        65      1940


SUNRISE AND SUNSET
AUGUST 20 2014........SUNRISE   715 AM CDT   SUNSET   819 PM CDT
AUGUST 21 2014........SUNRISE   715 AM CDT   SUNSET   818 PM CDT


-  INDICATES NEGATIVE NUMBERS.
R  INDICATES RECORD WAS SET OR TIED.
MM INDICATES DATA IS MISSING.
T  INDICATES TRACE AMOUNT.




$$
