000
CDUS43 KDTX 240544
CLIDTW


CLIMATE REPORT
NATIONAL WEATHER SERVICE DETROIT/PONTIAC MI
1244 AM EST WED JAN 24 2018


...................................

...THE DETROIT MI CLIMATE SUMMARY FOR JANUARY 23 2018...

CLIMATE NORMAL PERIOD 1981 TO 2010
CLIMATE RECORD PERIOD 1874 TO 2018


WEATHER ITEM   OBSERVED TIME   RECORD YEAR NORMAL DEPARTURE LAST
                VALUE   (LST)  VALUE       VALUE  FROM      YEAR
                                                  NORMAL
..................................................................
TEMPERATURE (F)
 YESTERDAY
  MAXIMUM         47    107 AM  61    1967  32     15       46
  MINIMUM         29   1159 PM -12    1963  19     10       41
  AVERAGE         38                        25     13       44

PRECIPITATION (IN)
  YESTERDAY        0.12          0.69 1898   0.06   0.06     0.11
  MONTH TO DATE    1.13                      1.49  -0.36     2.40
  SINCE DEC 1      2.61                      3.95  -1.34     4.56
  SINCE JAN 1      1.13                      1.49  -0.36     2.40

SNOWFALL (IN)
  YESTERDAY        0.0           3.2  1998   0.4   -0.4      0.0
  MONTH TO DATE    5.8                       9.4   -3.6      4.6
  SINCE DEC 1     28.3                      19.0    9.3     21.4
  SINCE JUL 1     28.3                      20.6    7.7     21.5
  SNOW DEPTH       0

DEGREE DAYS
 HEATING
  YESTERDAY       27                        40    -13       21
  MONTH TO DATE  977                       910     67      755
  SINCE DEC 1   2158                      1992    166     1865
  SINCE JUL 1   3221                      3207     14     2733

 COOLING
  YESTERDAY        0                         0      0        0
  MONTH TO DATE    0                         0      0        0
  SINCE DEC 1      0                         0      0        0
  SINCE JAN 1      0                         0      0        0
..................................................................


WIND (MPH)
  HIGHEST WIND SPEED    29   HIGHEST WIND DIRECTION    SW (210)
  HIGHEST GUST SPEED    36   HIGHEST GUST DIRECTION    SW (240)
  AVERAGE WIND SPEED    16.2


SKY COVER
  POSSIBLE SUNSHINE  MM
  AVERAGE SKY COVER 1.0


WEATHER CONDITIONS
 THE FOLLOWING WEATHER WAS RECORDED YESTERDAY.
  THUNDERSTORM
  RAIN
  LIGHT RAIN
  FOG


RELATIVE HUMIDITY (PERCENT)
 HIGHEST    92           400 AM
 LOWEST     69          1100 PM
 AVERAGE    81

..........................................................


THE DETROIT MI CLIMATE NORMALS FOR TODAY
                         NORMAL    RECORD    YEAR
 MAXIMUM TEMPERATURE (F)   32        61      1909
 MINIMUM TEMPERATURE (F)   19       -13      1963


SUNRISE AND SUNSET
JANUARY 24 2018.......SUNRISE   754 AM EST   SUNSET   537 PM EST
JANUARY 25 2018.......SUNRISE   753 AM EST   SUNSET   539 PM EST


-  INDICATES NEGATIVE NUMBERS.
R  INDICATES RECORD WAS SET OR TIED.
MM INDICATES DATA IS MISSING.
T  INDICATES TRACE AMOUNT.




$$
