000
CDUS43 KDTX 280540
CLIDTW


CLIMATE REPORT
NATIONAL WEATHER SERVICE DETROIT/PONTIAC MI
140 AM EDT SAT MAR 28 2015


...................................

...THE DETROIT MI CLIMATE SUMMARY FOR MARCH 27 2015...

CLIMATE NORMAL PERIOD 1981 TO 2010
CLIMATE RECORD PERIOD 1874 TO 2015


WEATHER ITEM   OBSERVED TIME   RECORD YEAR NORMAL DEPARTURE LAST
                VALUE   (LST)  VALUE       VALUE  FROM      YEAR
                                                  NORMAL
..................................................................
TEMPERATURE (F)
 YESTERDAY
  MAXIMUM         35   1211 AM  81    2007  51    -16       46
  MINIMUM         17   1159 PM   3    1934  32    -15       28
  AVERAGE         26                        42    -16       37

PRECIPITATION (IN)
  YESTERDAY        T             1.35 1880   0.08  -0.08     0.06
  MONTH TO DATE    0.59                      1.95  -1.36     1.49
  SINCE MAR 1      0.59                      1.95  -1.36     1.49
  SINCE JAN 1      3.39                      5.93  -2.54     7.23

SNOWFALL (IN)
  YESTERDAY        T             6.3  1934   0.1   -0.1       T
  MONTH TO DATE    2.8                       6.3   -3.5     12.5
  SINCE MAR 1      2.8                       6.3   -3.5     12.5
  SINCE JUL 1     47.5                      40.2    7.3     91.7
  SNOW DEPTH       0

DEGREE DAYS
 HEATING
  YESTERDAY       39                        23     16       28
  MONTH TO DATE  827                       772     55     1025
  SINCE MAR 1    827                       772     55     1025
  SINCE JUL 1   5938                      5325    613     6275

 COOLING
  YESTERDAY        0                         0      0        0
  MONTH TO DATE    0                         0      0        0
  SINCE MAR 1      0                         0      0        0
  SINCE JAN 1      0                         0      0        0
..................................................................


WIND (MPH)
  HIGHEST WIND SPEED    20   HIGHEST WIND DIRECTION    NW (300)
  HIGHEST GUST SPEED    25   HIGHEST GUST DIRECTION    NW (310)
  AVERAGE WIND SPEED    11.3


SKY COVER
  POSSIBLE SUNSHINE  MM
  AVERAGE SKY COVER 0.8


WEATHER CONDITIONS
 THE FOLLOWING WEATHER WAS RECORDED YESTERDAY.
  LIGHT SNOW


RELATIVE HUMIDITY (PERCENT)
 HIGHEST    65           700 AM
 LOWEST     40           700 PM
 AVERAGE    53

..........................................................


THE DETROIT MI CLIMATE NORMALS FOR TODAY
                         NORMAL    RECORD    YEAR
 MAXIMUM TEMPERATURE (F)   51        82      1945
 MINIMUM TEMPERATURE (F)   33         4      1934


SUNRISE AND SUNSET
MARCH 28 2015.........SUNRISE   723 AM EDT   SUNSET   754 PM EDT
MARCH 29 2015.........SUNRISE   722 AM EDT   SUNSET   755 PM EDT


-  INDICATES NEGATIVE NUMBERS.
R  INDICATES RECORD WAS SET OR TIED.
MM INDICATES DATA IS MISSING.
T  INDICATES TRACE AMOUNT.




$$
