000
CDUS45 KTWC 220746 RRA
CLIDUG

CLIMATE REPORT
NATIONAL WEATHER SERVICE TUCSON AZ
1245 AM MST FRI MAY 22 2015


...................................

...THE DOUGLAS AZ CLIMATE SUMMARY FOR MAY 21 2015...

CLIMATE NORMAL PERIOD 1981 TO 2010
CLIMATE RECORD PERIOD 1948 TO 2015


WEATHER ITEM   OBSERVED TIME   RECORD YEAR NORMAL DEPARTURE LAST
                VALUE   (LST)  VALUE       VALUE  FROM      YEAR
                                                  NORMAL
..................................................................
TEMPERATURE (F)
 YESTERDAY
  MAXIMUM         82    259 PM 103    2005  90     -8       89
  MINIMUM         52    112 AM  37    1974  53     -1       56
  AVERAGE         67                        71     -4       73

PRECIPITATION (IN)
  YESTERDAY        0.00          0.11 1992   0.01  -0.01      T
  MONTH TO DATE    T                         0.18  -0.18      T
  SINCE OCT 1      4.80                      4.85  -0.05     1.39
  SINCE JAN 1      2.83                      2.30   0.53     0.57

DEGREE DAYS
 HEATING
  YESTERDAY        0                         0      0        0
  MONTH TO DATE   41                        20     21       21
  SINCE MAR 1    422                       485    -63      393
  SINCE JUL 1   2260                      2521   -261     2357

 COOLING
  YESTERDAY        2                         7     -5        8
  MONTH TO DATE   23                        93    -70       68
  SINCE MAR 1     27                       123    -96       86
  SINCE JAN 1     27                       123    -96       86
..................................................................


WIND (MPH)
  HIGHEST WIND SPEED    31   HIGHEST WIND DIRECTION     S (190)
  HIGHEST GUST SPEED    39   HIGHEST GUST DIRECTION     S (200)
  AVERAGE WIND SPEED    12.7


SKY COVER
  POSSIBLE SUNSHINE  MM
  AVERAGE SKY COVER 0.1


WEATHER CONDITIONS
 THE FOLLOWING WEATHER WAS RECORDED YESTERDAY.
  NO SIGNIFICANT WEATHER WAS OBSERVED.


RELATIVE HUMIDITY (PERCENT)
 HIGHEST    33
 LOWEST      8
 AVERAGE    21

..........................................................


THE DOUGLAS AZ CLIMATE NORMALS FOR TODAY
                         NORMAL    RECORD    YEAR
 MAXIMUM TEMPERATURE (F)   90       105      2005
 MINIMUM TEMPERATURE (F)   53        39      1962


SUNRISE AND SUNSET
MAY 22 2015...........SUNRISE   518 AM MST   SUNSET   712 PM MST
MAY 23 2015...........SUNRISE   518 AM MST   SUNSET   713 PM MST


-  INDICATES NEGATIVE NUMBERS.
R  INDICATES RECORD WAS SET OR TIED.
MM INDICATES DATA IS MISSING.
T  INDICATES TRACE AMOUNT.




$$
