000
CDUS45 KTWC 140730 RRA
CLIDUG

CLIMATE REPORT
NATIONAL WEATHER SERVICE TUCSON AZ
1229 AM MST SUN FEB 14 2016


...................................

...THE DOUGLAS AZ CLIMATE SUMMARY FOR FEBRUARY 13 2016...

CLIMATE NORMAL PERIOD 1981 TO 2010
CLIMATE RECORD PERIOD 1948 TO 2016


WEATHER ITEM   OBSERVED TIME   RECORD YEAR NORMAL DEPARTURE LAST
                VALUE   (LST)  VALUE       VALUE  FROM      YEAR
                                                  NORMAL
..................................................................
TEMPERATURE (F)
 YESTERDAY
  MAXIMUM         81    312 PM  85    1957  66     15       70
  MINIMUM         31    640 AM  18    2013  33     -2       35
                                      1965
  AVERAGE         56                        49      7       53

PRECIPITATION (IN)
  YESTERDAY        0.00          0.56 1980   0.02  -0.02     0.00
  MONTH TO DATE    0.08                      0.32  -0.24     0.00
  SINCE OCT 1      2.45                      3.61  -1.16     3.11
  SINCE JAN 1      1.24                      1.06   0.18     1.14

DEGREE DAYS
 HEATING
  YESTERDAY        9                        16     -7       12
  MONTH TO DATE  259                       216     43      146
  SINCE DEC 1   1584                      1386    198     1299
  SINCE JUL 1   2037                      1821    216     1693

 COOLING
  YESTERDAY        0                         0      0        0
  MONTH TO DATE    0                         0      0        0
  SINCE DEC 1      0                         0      0        0
  SINCE JAN 1      0                         0      0        0
..................................................................


WIND (MPH)
  HIGHEST WIND SPEED    15   HIGHEST WIND DIRECTION    NW (330)
  HIGHEST GUST SPEED    18   HIGHEST GUST DIRECTION    NW (330)
  AVERAGE WIND SPEED     4.9


SKY COVER
  POSSIBLE SUNSHINE  MM
  AVERAGE SKY COVER 0.0


WEATHER CONDITIONS
 THE FOLLOWING WEATHER WAS RECORDED YESTERDAY.
  NO SIGNIFICANT WEATHER WAS OBSERVED.


RELATIVE HUMIDITY (PERCENT)
 HIGHEST    43
 LOWEST      7
 AVERAGE    25

..........................................................


THE DOUGLAS AZ CLIMATE NORMALS FOR TODAY
                         NORMAL    RECORD    YEAR
 MAXIMUM TEMPERATURE (F)   66        86      1957
 MINIMUM TEMPERATURE (F)   33        15      1965


SUNRISE AND SUNSET
FEBRUARY 14 2016......SUNRISE   701 AM MST   SUNSET   604 PM MST
FEBRUARY 15 2016......SUNRISE   700 AM MST   SUNSET   605 PM MST


-  INDICATES NEGATIVE NUMBERS.
R  INDICATES RECORD WAS SET OR TIED.
MM INDICATES DATA IS MISSING.
T  INDICATES TRACE AMOUNT.




$$
