000
CDUS45 KTWC 300731 RRA
CLIDUG

CLIMATE REPORT
NATIONAL WEATHER SERVICE TUCSON AZ
1230 AM MST TUE JUN 30 2015


...................................

...THE DOUGLAS AZ CLIMATE SUMMARY FOR JUNE 29 2015...

CLIMATE NORMAL PERIOD 1981 TO 2010
CLIMATE RECORD PERIOD 1948 TO 2015


WEATHER ITEM   OBSERVED TIME   RECORD YEAR NORMAL DEPARTURE LAST
                VALUE   (LST)  VALUE       VALUE  FROM      YEAR
                                                  NORMAL
..................................................................
TEMPERATURE (F)
 YESTERDAY
  MAXIMUM        100    443 PM 106    1998  97      3      101
                                      1994
  MINIMUM         64    554 AM  55    1983  64      0       66
  AVERAGE         82                        81      1       84

PRECIPITATION (IN)
  YESTERDAY        0.00          1.33 1996   0.04  -0.04     0.00
  MONTH TO DATE    1.19                      0.57   0.62     0.08
  SINCE OCT 1      5.99                      5.52   0.47     1.47
  SINCE JAN 1      4.02                      2.97   1.05     0.65

DEGREE DAYS
 HEATING
  YESTERDAY        0                         0      0        0
  MONTH TO DATE    0                         0      0        0
  SINCE JUN 1      0                         0      0        0
  SINCE JUL 1   2272                      2522   -250     2361

 COOLING
  YESTERDAY       17                        16      1       19
  MONTH TO DATE  436                       379     57      480
  SINCE JUN 1    436                       379     57      480
  SINCE JAN 1    498                       580    -82      648
..................................................................


WIND (MPH)
  HIGHEST WIND SPEED    22   HIGHEST WIND DIRECTION    NW (300)
  HIGHEST GUST SPEED    29   HIGHEST GUST DIRECTION    NW (320)
  AVERAGE WIND SPEED     7.0


SKY COVER
  POSSIBLE SUNSHINE  MM
  AVERAGE SKY COVER 0.0


WEATHER CONDITIONS
 THE FOLLOWING WEATHER WAS RECORDED YESTERDAY.
  THUNDERSTORM


RELATIVE HUMIDITY (PERCENT)
 HIGHEST    73
 LOWEST     15
 AVERAGE    44

..........................................................


THE DOUGLAS AZ CLIMATE NORMALS FOR TODAY
                         NORMAL    RECORD    YEAR
 MAXIMUM TEMPERATURE (F)   97       106      2005
 MINIMUM TEMPERATURE (F)   64        56      1987


SUNRISE AND SUNSET
JUNE 30 2015..........SUNRISE   517 AM MST   SUNSET   727 PM MST
JULY  1 2015..........SUNRISE   517 AM MST   SUNSET   727 PM MST


-  INDICATES NEGATIVE NUMBERS.
R  INDICATES RECORD WAS SET OR TIED.
MM INDICATES DATA IS MISSING.
T  INDICATES TRACE AMOUNT.




$$
