000
CDUS45 KTWC 300026
CLIDUG

CLIMATE REPORT
NATIONAL WEATHER SERVICE TUCSON AZ
525 PM MST THU JAN 29 2015


...................................

...THE DOUGLAS AZ CLIMATE SUMMARY FOR JANUARY 29 2015...
VALID TODAY AS OF 0500 PM LOCAL TIME.

CLIMATE NORMAL PERIOD 1981 TO 2010
CLIMATE RECORD PERIOD 1948 TO 2015


WEATHER ITEM   OBSERVED TIME   RECORD YEAR NORMAL DEPARTURE LAST
                VALUE   (LST)  VALUE       VALUE  FROM      YEAR
                                                  NORMAL
..................................................................
TEMPERATURE (F)
 TODAY
  MAXIMUM         64    239 PM  76    1987  64      0       70
  MINIMUM         36    422 AM  16    1990  31      5       26
                                      1959
  AVERAGE         50                        47      3       48

PRECIPITATION (IN)
  TODAY            T                         0.03  -0.03     0.00
  MONTH TO DATE    0.10                      0.69  -0.59      T
  SINCE OCT 1      2.07                      3.24  -1.17     0.82
  SINCE JAN 1      0.10                      0.69  -0.59      T

DEGREE DAYS
 HEATING
  TODAY           15                        18     -3       17
  MONTH TO DATE  564                       545     19      518
  SINCE DEC 1   1122                      1134    -12     1166
  SINCE JUL 1   1516                      1569    -53     1612
..................................................................


WIND (MPH)
  HIGHEST WIND SPEED    10   HIGHEST WIND DIRECTION     E (90)
  HIGHEST GUST SPEED    13   HIGHEST GUST DIRECTION     E (90)
  AVERAGE WIND SPEED     3.5


SKY COVER
  POSSIBLE SUNSHINE  MM
  AVERAGE SKY COVER 0.6


WEATHER CONDITIONS
 THE FOLLOWING WEATHER WAS RECORDED TODAY.
  LIGHT RAIN


RELATIVE HUMIDITY (PERCENT)
 HIGHEST    64
 LOWEST     36
 AVERAGE    50

..........................................................


THE DOUGLAS AZ CLIMATE NORMALS FOR TOMORROW
                         NORMAL    RECORD    YEAR
 MAXIMUM TEMPERATURE (F)   64        76      2014
                                             2012
                                             1996
 MINIMUM TEMPERATURE (F)   31        10      1949


SUNRISE AND SUNSET
JANUARY 29 2015.......SUNRISE   713 AM MST   SUNSET   550 PM MST
JANUARY 30 2015.......SUNRISE   712 AM MST   SUNSET   551 PM MST


-  INDICATES NEGATIVE NUMBERS.
R  INDICATES RECORD WAS SET OR TIED.
MM INDICATES DATA IS MISSING.
T  INDICATES TRACE AMOUNT.




$$
