000
CDUS43 KDVN 010959
CLIDVN


CLIMATE REPORT
NATIONAL WEATHER SERVICE QUAD CITIES IA IL
356 AM CST SUN MAR 1 2015


...................................

...THE DAVENPORT IA CLIMATE SUMMARY FOR FEBRUARY 28 2015...

CLIMATE NORMAL PERIOD 1981 TO 2010
CLIMATE RECORD PERIOD 9999 TO 9999


WEATHER ITEM   OBSERVED TIME   RECORD YEAR NORMAL DEPARTURE LAST
                VALUE   (LST)  VALUE       VALUE  FROM      YEAR
                                                  NORMAL
..................................................................
TEMPERATURE (F)
 YESTERDAY
  MAXIMUM         19    330 PM  MM      MM  40    -21       33
  MINIMUM        -12    310 AM  MM      MM  22    -34        1
  AVERAGE          4                        31    -27       17

PRECIPITATION (IN)
  YESTERDAY        T            MM      MM   0.06  -0.06     0.00
  MONTH TO DATE    1.58                      1.34   0.24     2.03
  SINCE DEC 1      3.36                      4.26  -0.90     3.91
  SINCE JAN 1      2.57                      2.53   0.04     2.79

SNOWFALL (IN)
  YESTERDAY        0.2          MM      MM  MM     MM        0.0
  MONTH TO DATE   16.3                      MM     MM       14.5
  SINCE DEC 1     28.2                      MM     MM       39.5
  SINCE JUL 1     32.2                      MM     MM       42.8
  SNOW DEPTH       5

DEGREE DAYS
 HEATING
  YESTERDAY       61                        34     27       48
  MONTH TO DATE 1476                      1089    387     1454
  SINCE DEC 1   3891                      3677    214     4450
  SINCE JUL 1   5496                      5025    471     5863

 COOLING
  YESTERDAY        0                         0      0        0
  MONTH TO DATE    0                         0      0        0
  SINCE DEC 1      0                         0      0        0
  SINCE JAN 1      0                         0      0        0
..................................................................


WIND (MPH)
  HIGHEST WIND SPEED    16   HIGHEST WIND DIRECTION     S (160)
  HIGHEST GUST SPEED    18   HIGHEST GUST DIRECTION     S (160)
  AVERAGE WIND SPEED     6.8


SKY COVER
  POSSIBLE SUNSHINE  MM
  AVERAGE SKY COVER 0.2


WEATHER CONDITIONS
 THE FOLLOWING WEATHER WAS RECORDED YESTERDAY.
  LIGHT SNOW
  FOG
  HAZE


RELATIVE HUMIDITY (PERCENT)
 HIGHEST    91          1000 PM
 LOWEST     47           100 PM
 AVERAGE    69

..........................................................


THE DAVENPORT IA CLIMATE NORMALS FOR TODAY
                         NORMAL    RECORD    YEAR
 MAXIMUM TEMPERATURE (F)   40        MM        MM
 MINIMUM TEMPERATURE (F)   23        MM        MM


SUNRISE AND SUNSET
MARCH  1 2015.........SUNRISE   637 AM CST   SUNSET   553 PM CST
MARCH  2 2015.........SUNRISE   636 AM CST   SUNSET   554 PM CST


-  INDICATES NEGATIVE NUMBERS.
R  INDICATES RECORD WAS SET OR TIED.
MM INDICATES DATA IS MISSING.
T  INDICATES TRACE AMOUNT.




$$
