838
CDUS43 KDVN 222223
CLIDVN


CLIMATE REPORT
NATIONAL WEATHER SERVICE QUAD CITIES IA IL
421 PM CST THU FEB 22 2018


...................................

...THE DAVENPORT IA CLIMATE SUMMARY FOR FEBRUARY 22 2018...
VALID TODAY AS OF 0400 PM LOCAL TIME.

CLIMATE NORMAL PERIOD 1981 TO 2010
CLIMATE RECORD PERIOD 9999 TO 9999


WEATHER ITEM   OBSERVED TIME   RECORD YEAR NORMAL DEPARTURE LAST
                VALUE   (LST)  VALUE       VALUE  FROM      YEAR
                                                  NORMAL
..................................................................
TEMPERATURE (F)
 TODAY
  MAXIMUM         38    145 PM  MM      MM  37      1       72
  MINIMUM         26    111 AM  MM      MM  20      6       44
  AVERAGE         32                        28      4       58

PRECIPITATION (IN)
  TODAY            T            MM      MM   0.06  -0.06     0.00
  MONTH TO DATE    2.16                      0.98   1.18     0.58
  SINCE DEC 1      3.04                      3.90  -0.86     3.10
  SINCE JAN 1      2.50                      2.17   0.33     1.72

SNOWFALL (IN)
  TODAY            T            MM      MM  MM     MM        0.0
  MONTH TO DATE   16.0                      MM     MM        1.2
  SINCE DEC 1     24.2                      MM     MM       18.3
  SINCE JUL 1     24.3                      MM     MM       18.3
  SNOW DEPTH       0

DEGREE DAYS
 HEATING
  TODAY           33                        37     -4        7
  MONTH TO DATE  959                       879     80      628
  SINCE DEC 1   3508                      3467     41     3045
  SINCE JUL 1   4718                      4815    -97     3900

 COOLING
  TODAY            0                         0      0        0
  MONTH TO DATE    0                         0      0        0
  SINCE DEC 1      0                         0      0        0
  SINCE JAN 1      0                         0      0        0
..................................................................


WIND (MPH)
  HIGHEST WIND SPEED    21   HIGHEST WIND DIRECTION     E (80)
  HIGHEST GUST SPEED    26   HIGHEST GUST DIRECTION     E (80)
  AVERAGE WIND SPEED    13.8


SKY COVER
  POSSIBLE SUNSHINE  MM
  AVERAGE SKY COVER 0.8


WEATHER CONDITIONS
 THE FOLLOWING WEATHER WAS RECORDED TODAY.
  LIGHT RAIN
  LIGHT SNOW
  FOG
  HAZE


RELATIVE HUMIDITY (PERCENT)
 HIGHEST    85           400 PM
 LOWEST     63           500 AM
 AVERAGE    74

..........................................................


THE DAVENPORT IA CLIMATE NORMALS FOR TOMORROW
                         NORMAL    RECORD    YEAR
 MAXIMUM TEMPERATURE (F)   37        MM        MM
 MINIMUM TEMPERATURE (F)   21        MM        MM


SUNRISE AND SUNSET
FEBRUARY 22 2018......SUNRISE   648 AM CST   SUNSET   545 PM CST
FEBRUARY 23 2018......SUNRISE   646 AM CST   SUNSET   546 PM CST


-  INDICATES NEGATIVE NUMBERS.
R  INDICATES RECORD WAS SET OR TIED.
MM INDICATES DATA IS MISSING.
T  INDICATES TRACE AMOUNT.




$$
