000
CDUS43 KDVN 300925
CLIDVN


CLIMATE REPORT
NATIONAL WEATHER SERVICE QUAD CITIES IA IL
422 AM CDT MON MAY 30 2016


...................................

...THE DAVENPORT IA CLIMATE SUMMARY FOR MAY 29 2016...

CLIMATE NORMAL PERIOD 1981 TO 2010
CLIMATE RECORD PERIOD 9999 TO 9999


WEATHER ITEM   OBSERVED TIME   RECORD YEAR NORMAL DEPARTURE LAST
                VALUE   (LST)  VALUE       VALUE  FROM      YEAR
                                                  NORMAL
..................................................................
TEMPERATURE (F)
 YESTERDAY
  MAXIMUM         81    500 PM  MM      MM  76      5       82
  MINIMUM         64    644 AM  MM      MM  54     10       66
  AVERAGE         73                        65      8       74

PRECIPITATION (IN)
  YESTERDAY        0.00         MM      MM   0.13  -0.13      T
  MONTH TO DATE    2.98                      3.98  -1.00     5.10
  SINCE MAR 1      8.52                     10.01  -1.49     7.85
  SINCE JAN 1      9.30                     12.54  -3.24    10.42

SNOWFALL (IN)
  YESTERDAY        0.0          MM      MM  MM     MM        0.0
  MONTH TO DATE    0.0                      MM     MM         T
  SINCE MAR 1      1.2                      MM     MM        0.3
  SINCE JUL 1     16.6                      MM     MM       32.5
  SNOW DEPTH       0

DEGREE DAYS
 HEATING
  YESTERDAY        0                         3     -3        0
  MONTH TO DATE  178                       178      0      116
  SINCE MAR 1   1283                      1457   -174     1406
  SINCE JUL 1   5507                      6482   -975     6902

 COOLING
  YESTERDAY        8                         3      5        9
  MONTH TO DATE   58                        49      9       79
  SINCE MAR 1     69                        55     14       80
  SINCE JAN 1     69                        55     14       80
..................................................................


WIND (MPH)
  HIGHEST WIND SPEED    20   HIGHEST WIND DIRECTION     W (280)
  HIGHEST GUST SPEED    27   HIGHEST GUST DIRECTION     W (290)
  AVERAGE WIND SPEED    11.3


SKY COVER
  POSSIBLE SUNSHINE  MM
  AVERAGE SKY COVER 0.3


WEATHER CONDITIONS
 THE FOLLOWING WEATHER WAS RECORDED YESTERDAY.
  NO SIGNIFICANT WEATHER WAS OBSERVED.


RELATIVE HUMIDITY (PERCENT)
 HIGHEST    84           700 AM
 LOWEST     39           600 PM
 AVERAGE    62

..........................................................


THE DAVENPORT IA CLIMATE NORMALS FOR TODAY
                         NORMAL    RECORD    YEAR
 MAXIMUM TEMPERATURE (F)   77        MM        MM
 MINIMUM TEMPERATURE (F)   55        MM        MM


SUNRISE AND SUNSET
MAY 30 2016...........SUNRISE   531 AM CDT   SUNSET   829 PM CDT
MAY 31 2016...........SUNRISE   531 AM CDT   SUNSET   830 PM CDT


-  INDICATES NEGATIVE NUMBERS.
R  INDICATES RECORD WAS SET OR TIED.
MM INDICATES DATA IS MISSING.
T  INDICATES TRACE AMOUNT.




$$
