000
CDUS43 KDVN 232133
CLIDVN


CLIMATE REPORT
NATIONAL WEATHER SERVICE QUAD CITIES IA IL
430 PM CDT THU MAR 23 2017


...................................

...THE DAVENPORT IA CLIMATE SUMMARY FOR MARCH 23 2017...
VALID TODAY AS OF 0400 PM LOCAL TIME.

CLIMATE NORMAL PERIOD 1981 TO 2010
CLIMATE RECORD PERIOD 9999 TO 9999


WEATHER ITEM   OBSERVED TIME   RECORD YEAR NORMAL DEPARTURE LAST
                VALUE   (LST)  VALUE       VALUE  FROM      YEAR
                                                  NORMAL
..................................................................
TEMPERATURE (F)
 TODAY
  MAXIMUM         45    215 PM  MM      MM  52     -7       49
  MINIMUM         32    255 AM  MM      MM  31      1       38
  AVERAGE         39                        41     -2       44

PRECIPITATION (IN)
  TODAY            0.00         MM      MM   0.08  -0.08     0.15
  MONTH TO DATE    0.71                      1.84  -1.13     2.11
  SINCE MAR 1      0.71                      1.84  -1.13     2.11
  SINCE JAN 1      2.66                      4.37  -1.71     2.89

SNOWFALL (IN)
  TODAY            0.0          MM      MM  MM     MM         T
  MONTH TO DATE    6.1                      MM     MM        0.8
  SINCE MAR 1      6.1                      MM     MM        0.8
  SINCE JUL 1     25.2                      MM     MM       16.2
  SNOW DEPTH       0

DEGREE DAYS
 HEATING
  TODAY           26                        24      2       21
  MONTH TO DATE  660                       659      1      487
  SINCE MAR 1    660                       659      1      487
  SINCE JUL 1   4716                      5684   -968     4711

 COOLING
  TODAY            0                         0      0        0
  MONTH TO DATE    0                         0      0        1
  SINCE MAR 1      0                         0      0        1
  SINCE JAN 1      0                         0      0        1
..................................................................


WIND (MPH)
  HIGHEST WIND SPEED    25   HIGHEST WIND DIRECTION    SE (140)
  HIGHEST GUST SPEED    29   HIGHEST GUST DIRECTION    SE (140)
  AVERAGE WIND SPEED    15.5


SKY COVER
  POSSIBLE SUNSHINE  MM
  AVERAGE SKY COVER 0.8


WEATHER CONDITIONS
 THE FOLLOWING WEATHER WAS RECORDED TODAY.
  NO SIGNIFICANT WEATHER WAS OBSERVED.


RELATIVE HUMIDITY (PERCENT)
 HIGHEST    73           300 PM
 LOWEST     50          1000 AM
 AVERAGE    62

..........................................................


THE DAVENPORT IA CLIMATE NORMALS FOR TOMORROW
                         NORMAL    RECORD    YEAR
 MAXIMUM TEMPERATURE (F)   53        MM        MM
 MINIMUM TEMPERATURE (F)   31        MM        MM


SUNRISE AND SUNSET
MARCH 23 2017.........SUNRISE   700 AM CDT   SUNSET   718 PM CDT
MARCH 24 2017.........SUNRISE   658 AM CDT   SUNSET   719 PM CDT


-  INDICATES NEGATIVE NUMBERS.
R  INDICATES RECORD WAS SET OR TIED.
MM INDICATES DATA IS MISSING.
T  INDICATES TRACE AMOUNT.




$$
