000
CDUS46 KOTX 242325
CLIEAT


CLIMATE REPORT
NATIONAL WEATHER SERVICE SPOKANE, WA
424 PM PDT SUN MAY 24 2015


...................................

...THE WENATCHEE WA PANGBORN FIELD CLIMATE SUMMARY FOR MAY 24 2015...
VALID AS OF 0400 PM LOCAL TIME.

CLIMATE NORMAL PERIOD 1981 TO 2010
CLIMATE RECORD PERIOD 1959 TO 2015


WEATHER ITEM   OBSERVED TIME   RECORD YEAR NORMAL DEPARTURE LAST
                VALUE   (LST)  VALUE       VALUE  FROM      YEAR
                                                  NORMAL
..................................................................
TEMPERATURE (F)
 TODAY
  MAXIMUM         83    233 PM  90    2001  73     10       79
  MINIMUM         60    340 AM  35    1975  51      9       55
  AVERAGE         72                        62     10       67

PRECIPITATION (IN)
  TODAY            0.00          0.50 1962   0.02  -0.02     0.00
  MONTH TO DATE    1.17                      0.48   0.69     0.18
  SINCE OCT 1      6.83                      6.40   0.43     2.87
  SINCE JAN 1      3.65                      3.45   0.20     2.31

SNOWFALL (IN)
  TODAY           MM

DEGREE DAYS
 HEATING
  TODAY            0                         5     -5        0
  MONTH TO DATE   74                       173    -99       65
  SINCE MAR 1    869                      1225   -356     1039
  SINCE JUL 1   4498                      5689  -1191     5609

 COOLING
  TODAY            7                         2      5        2
  MONTH TO DATE   49                        22     27       54
  SINCE MAR 1     49                        60    -11       54
  SINCE JAN 1     49                        60    -11       54
..................................................................


WIND (MPH)
  HIGHEST WIND SPEED    18   HIGHEST WIND DIRECTION    NW (320)
  HIGHEST GUST SPEED    24   HIGHEST GUST DIRECTION    NW (320)
  AVERAGE WIND SPEED    11.4


SKY COVER
  POSSIBLE SUNSHINE  MM
  AVERAGE SKY COVER 0.0


WEATHER CONDITIONS
 THE FOLLOWING WEATHER WAS RECORDED TODAY.
  NO SIGNIFICANT WEATHER WAS OBSERVED.


RELATIVE HUMIDITY (PERCENT)
 HIGHEST    60           400 AM
 LOWEST     26           200 PM
 AVERAGE    43

..........................................................


THE WENATCHEE WA PANGBORN FIELD CLIMATE NORMALS FOR TOMORROW
                         NORMAL    RECORD    YEAR
 MAXIMUM TEMPERATURE (F)   74        93      1992
 MINIMUM TEMPERATURE (F)   51        39      1984


SUNRISE AND SUNSET
MAY 24 2015...........SUNRISE   514 AM PDT   SUNSET   841 PM PDT
MAY 25 2015...........SUNRISE   514 AM PDT   SUNSET   843 PM PDT


-  INDICATES NEGATIVE NUMBERS.
R  INDICATES RECORD WAS SET OR TIED.
MM INDICATES DATA IS MISSING.
T  INDICATES TRACE AMOUNT.




$$
