941
CDUS46 KOTX 190838
CLIEAT


CLIMATE REPORT
NATIONAL WEATHER SERVICE SPOKANE, WA
1237 AM PST FRI JAN 19 2018


...................................

...THE WENATCHEE WA PANGBORN FIELD CLIMATE SUMMARY FOR JANUARY 18 2018...

CLIMATE NORMAL PERIOD 1981 TO 2010
CLIMATE RECORD PERIOD 1959 TO 2018


WEATHER ITEM   OBSERVED TIME   RECORD YEAR NORMAL DEPARTURE LAST
                VALUE   (LST)  VALUE       VALUE  FROM      YEAR
                                                  NORMAL
..................................................................
TEMPERATURE (F)
 YESTERDAY
  MAXIMUM         43    103 PM  53    2015  35      8       27
  MINIMUM         30    912 AM   5    1984  25      5       18
  AVERAGE         37                        30      7       23

PRECIPITATION (IN)
  YESTERDAY        T             0.58 1974   0.03  -0.03     0.13
  MONTH TO DATE    0.64                      0.65  -0.01     0.48
  SINCE OCT 1      3.72                      3.60   0.12     3.30
  SINCE JAN 1      0.64                      0.65  -0.01     0.48

SNOWFALL (IN)
  YESTERDAY       MM

DEGREE DAYS
 HEATING
  YESTERDAY       28                        35     -7       42
  MONTH TO DATE  612                       659    -47      918
  SINCE DEC 1   1768                      1807    -39     2200
  SINCE JUL 1   3191                      3179     12     3277

 COOLING
  YESTERDAY        0                         0      0        0
  MONTH TO DATE    0                         0      0        0
  SINCE DEC 1      0                         0      0        0
  SINCE JAN 1      0                         0      0        0
..................................................................


WIND (MPH)
  HIGHEST WIND SPEED    10   HIGHEST WIND DIRECTION    NW (320)
  HIGHEST GUST SPEED    12   HIGHEST GUST DIRECTION     E (110)
  AVERAGE WIND SPEED     3.5


SKY COVER
  POSSIBLE SUNSHINE  MM
  AVERAGE SKY COVER 0.7


WEATHER CONDITIONS
 THE FOLLOWING WEATHER WAS RECORDED YESTERDAY.
  FOG
  FOG W/VISIBILITY <= 1/4 MILE


RELATIVE HUMIDITY (PERCENT)
 HIGHEST   100          1200 AM
 LOWEST     76           100 PM
 AVERAGE    88

..........................................................


THE WENATCHEE WA PANGBORN FIELD CLIMATE NORMALS FOR TODAY
                         NORMAL    RECORD    YEAR
 MAXIMUM TEMPERATURE (F)   35        49      1994
 MINIMUM TEMPERATURE (F)   25        -1      1962


SUNRISE AND SUNSET
JANUARY 19 2018.......SUNRISE   740 AM PST   SUNSET   443 PM PST
JANUARY 20 2018.......SUNRISE   740 AM PST   SUNSET   445 PM PST


-  INDICATES NEGATIVE NUMBERS.
R  INDICATES RECORD WAS SET OR TIED.
MM INDICATES DATA IS MISSING.
T  INDICATES TRACE AMOUNT.




$$
