000
CDUS46 KOTX 222326
CLIEAT


CLIMATE REPORT
NATIONAL WEATHER SERVICE SPOKANE, WA
426 PM PDT SUN OCT 22 2017


...................................

...THE WENATCHEE WA PANGBORN FIELD CLIMATE SUMMARY FOR OCTOBER 22 2017...
VALID AS OF 0400 PM LOCAL TIME.

CLIMATE NORMAL PERIOD 1981 TO 2010
CLIMATE RECORD PERIOD 1959 TO 2017


WEATHER ITEM   OBSERVED TIME   RECORD YEAR NORMAL DEPARTURE LAST
                VALUE   (LST)  VALUE       VALUE  FROM      YEAR
                                                  NORMAL
..................................................................
TEMPERATURE (F)
 TODAY
  MAXIMUM         58    225 PM  72    2003  57      1       58
  MINIMUM         36    558 AM  27    1984  39     -3       40
  AVERAGE         47                        48     -1       49

PRECIPITATION (IN)
  TODAY            0.07          0.47 2012   0.02   0.05     0.00
  MONTH TO DATE    0.81                      0.25   0.56     1.21
  SINCE OCT 1      0.81                      0.25   0.56     1.21
  SINCE JAN 1      7.89                      5.31   2.58     8.56

SNOWFALL (IN)
  TODAY           MM

DEGREE DAYS
 HEATING
  TODAY           18                        17      1       16
  MONTH TO DATE  343                       266     77      290
  SINCE SEP 1    445                       364     81      359
  SINCE JUL 1    445                       378     67      363

 COOLING
  TODAY            0                         0      0        0
  MONTH TO DATE    0                         0      0        0
  SINCE SEP 1    113                         2    111       28
  SINCE JAN 1   1058                       790    268      801
..................................................................


WIND (MPH)
  HIGHEST WIND SPEED    28   HIGHEST WIND DIRECTION     W (280)
  HIGHEST GUST SPEED    36   HIGHEST GUST DIRECTION     W (260)
  AVERAGE WIND SPEED    13.4


SKY COVER
  POSSIBLE SUNSHINE  MM
  AVERAGE SKY COVER 0.4


WEATHER CONDITIONS
 THE FOLLOWING WEATHER WAS RECORDED TODAY.
  LIGHT RAIN


RELATIVE HUMIDITY (PERCENT)
 HIGHEST   100          1200 AM
 LOWEST     47          1200 PM
 AVERAGE    74

..........................................................


THE WENATCHEE WA PANGBORN FIELD CLIMATE NORMALS FOR TOMORROW
                         NORMAL    RECORD    YEAR
 MAXIMUM TEMPERATURE (F)   57        69      1992
 MINIMUM TEMPERATURE (F)   38        29      1980


SUNRISE AND SUNSET
OCTOBER 22 2017.......SUNRISE   730 AM PDT   SUNSET   600 PM PDT
OCTOBER 23 2017.......SUNRISE   732 AM PDT   SUNSET   558 PM PDT


-  INDICATES NEGATIVE NUMBERS.
R  INDICATES RECORD WAS SET OR TIED.
MM INDICATES DATA IS MISSING.
T  INDICATES TRACE AMOUNT.




$$
