000
CDUS46 KOTX 210424
CLIEAT


CLIMATE REPORT
NATIONAL WEATHER SERVICE SPOKANE, WA
923 PM PDT SAT SEP 20 2014


...................................

...THE WENATCHEE WA PANGBORN FIELD CLIMATE SUMMARY FOR SEPTEMBER 20 2014...
VALID TODAY AS OF 0800 PM LOCAL TIME.

CLIMATE NORMAL PERIOD 1981 TO 2010
CLIMATE RECORD PERIOD 1959 TO 2014


WEATHER ITEM   OBSERVED TIME   RECORD YEAR NORMAL DEPARTURE LAST
                VALUE   (LST)  VALUE       VALUE  FROM      YEAR
                                                  NORMAL
..................................................................
TEMPERATURE (F)
 TODAY
  MAXIMUM         86    402 PM  91    1967  75     11       75
  MINIMUM         56    608 AM  33    1983  51      5       49
  AVERAGE         71                        63      8       62

PRECIPITATION (IN)
  TODAY            0.00          0.08 1986   0.01  -0.01     0.00
  MONTH TO DATE    T                         0.22  -0.22     0.62
  SINCE OCT 1      4.52                      7.89  -3.37    10.30
  SINCE JAN 1      3.96                      4.94  -0.98     6.50

DEGREE DAYS
 HEATING
  TODAY            0                         4     -4        3
  MONTH TO DATE   16                        44    -28       13
  SINCE SEP 1     16                        44    -28       13
  SINCE JUL 1     16                        58    -42       13

 COOLING
  TODAY            6                         2      4        0
  MONTH TO DATE   90                        70     20      146
  SINCE SEP 1     90                        70     20      146
  SINCE JAN 1   1181                       858    323     1027
..................................................................


WIND (MPH)
  HIGHEST WIND SPEED    13   HIGHEST WIND DIRECTION    NW (310)
  HIGHEST GUST SPEED    15   HIGHEST GUST DIRECTION    NW (320)
  AVERAGE WIND SPEED     5.9


SKY COVER
  POSSIBLE SUNSHINE  MM
  AVERAGE SKY COVER 0.0


WEATHER CONDITIONS
 THE FOLLOWING WEATHER WAS RECORDED TODAY.
  NO SIGNIFICANT WEATHER WAS OBSERVED.


RELATIVE HUMIDITY (PERCENT)
 HIGHEST    77           600 AM
 LOWEST     27           300 PM
 AVERAGE    52

..........................................................


THE WENATCHEE WA PANGBORN FIELD CLIMATE NORMALS FOR TOMORROW
                         NORMAL    RECORD    YEAR
 MAXIMUM TEMPERATURE (F)   75        92      1967
 MINIMUM TEMPERATURE (F)   51        38      1983


SUNRISE AND SUNSET
SEPTEMBER 20 2014.....SUNRISE   645 AM PDT   SUNSET   702 PM PDT
SEPTEMBER 21 2014.....SUNRISE   646 AM PDT   SUNSET   700 PM PDT


-  INDICATES NEGATIVE NUMBERS.
R  INDICATES RECORD WAS SET OR TIED.
MM INDICATES DATA IS MISSING.
T  INDICATES TRACE AMOUNT.




$$
