000
CDUS46 KOTX 260825
CLIEAT


CLIMATE REPORT
NATIONAL WEATHER SERVICE SPOKANE, WA
125 AM PDT TUE JUL 26 2016


...................................

...THE WENATCHEE WA PANGBORN FIELD CLIMATE SUMMARY FOR JULY 25 2016...

CLIMATE NORMAL PERIOD 1981 TO 2010
CLIMATE RECORD PERIOD 1959 TO 2016


WEATHER ITEM   OBSERVED TIME   RECORD YEAR NORMAL DEPARTURE LAST
                VALUE   (LST)  VALUE       VALUE  FROM      YEAR
                                                  NORMAL
..................................................................
TEMPERATURE (F)
 YESTERDAY
  MAXIMUM         96    507 PM 102    1998  89      7       77
  MINIMUM         66    518 AM  52    1966  63      3       61
  AVERAGE         81                        76      5       69

PRECIPITATION (IN)
  YESTERDAY        0.00          0.31 2011   0.01  -0.01     0.00
  MONTH TO DATE    0.26                      0.23   0.03     0.24
  SINCE OCT 1     11.16                      7.43   3.73     7.15
  SINCE JAN 1      7.30                      4.48   2.82     3.97

SNOWFALL (IN)
  YESTERDAY       MM

DEGREE DAYS
 HEATING
  YESTERDAY        0                         0      0        0
  MONTH TO DATE    2                         2      0        0
  SINCE JUN 1     58                        60     -2        0
  SINCE JUL 1      2                         2      0        0

 COOLING
  YESTERDAY       16                        11      5        4
  MONTH TO DATE  143                       224    -81      411
  SINCE JUN 1    323                       516   -193      794
  SINCE JAN 1    365                       663   -298      893
..................................................................


WIND (MPH)
  HIGHEST WIND SPEED    21   HIGHEST WIND DIRECTION    NW (300)
  HIGHEST GUST SPEED    25   HIGHEST GUST DIRECTION    NW (300)
  AVERAGE WIND SPEED     8.8


SKY COVER
  POSSIBLE SUNSHINE  MM
  AVERAGE SKY COVER 0.0


WEATHER CONDITIONS
 THE FOLLOWING WEATHER WAS RECORDED YESTERDAY.
  NO SIGNIFICANT WEATHER WAS OBSERVED.


RELATIVE HUMIDITY (PERCENT)
 HIGHEST    63           400 AM
 LOWEST     22           300 PM
 AVERAGE    43

..........................................................


THE WENATCHEE WA PANGBORN FIELD CLIMATE NORMALS FOR TODAY
                         NORMAL    RECORD    YEAR
 MAXIMUM TEMPERATURE (F)   89       106      1998
 MINIMUM TEMPERATURE (F)   63        53      1983


SUNRISE AND SUNSET
JULY 26 2016..........SUNRISE   532 AM PDT   SUNSET   842 PM PDT
JULY 27 2016..........SUNRISE   534 AM PDT   SUNSET   840 PM PDT


-  INDICATES NEGATIVE NUMBERS.
R  INDICATES RECORD WAS SET OR TIED.
MM INDICATES DATA IS MISSING.
T  INDICATES TRACE AMOUNT.




$$
