000
CDUS46 KOTX 290828
CLIEAT


CLIMATE REPORT
NATIONAL WEATHER SERVICE SPOKANE, WA
1228 AM PST THU JAN 29 2015


...................................

...THE WENATCHEE WA PANGBORN FIELD CLIMATE SUMMARY FOR JANUARY 28 2015...

CLIMATE NORMAL PERIOD 1981 TO 2010
CLIMATE RECORD PERIOD 1959 TO 2015


WEATHER ITEM   OBSERVED TIME   RECORD YEAR NORMAL DEPARTURE LAST
                VALUE   (LST)  VALUE       VALUE  FROM      YEAR
                                                  NORMAL
..................................................................
TEMPERATURE (F)
 YESTERDAY
  MAXIMUM         37    224 AM  57    1984  37      0       33
  MINIMUM         34   1154 PM  -8    1972  26      8       30
  AVERAGE         36                        32      4       32

PRECIPITATION (IN)
  YESTERDAY        0.00          0.50 1981   0.03  -0.03     0.10
  MONTH TO DATE    0.63                      0.97  -0.34     0.23
  SINCE OCT 1      3.81                      3.92  -0.11     0.79
  SINCE JAN 1      0.63                      0.97  -0.34     0.23

SNOWFALL (IN)
  YESTERDAY       MM

DEGREE DAYS
 HEATING
  YESTERDAY       29                        33     -4       33
  MONTH TO DATE  905                      1001    -96      905
  SINCE DEC 1   1835                      2149   -314     2106
  SINCE JUL 1   2941                      3521   -580     3471

 COOLING
  YESTERDAY        0                         0      0        0
  MONTH TO DATE    0                         0      0        0
  SINCE DEC 1      0                         0      0        0
  SINCE JAN 1      0                         0      0        0
..................................................................


WIND (MPH)
  HIGHEST WIND SPEED     9   HIGHEST WIND DIRECTION    SE (130)
  HIGHEST GUST SPEED    13   HIGHEST GUST DIRECTION     E (90)
  AVERAGE WIND SPEED     3.2


SKY COVER
  POSSIBLE SUNSHINE  MM
  AVERAGE SKY COVER 1.0


WEATHER CONDITIONS
 THE FOLLOWING WEATHER WAS RECORDED YESTERDAY.
  FOG
  FOG W/VISIBILITY <= 1/4 MILE


RELATIVE HUMIDITY (PERCENT)
 HIGHEST   100           100 AM
 LOWEST     82           200 PM
 AVERAGE    91

..........................................................


THE WENATCHEE WA PANGBORN FIELD CLIMATE NORMALS FOR TODAY
                         NORMAL    RECORD    YEAR
 MAXIMUM TEMPERATURE (F)   37        53      1974
 MINIMUM TEMPERATURE (F)   26        -9      1969


SUNRISE AND SUNSET
JANUARY 29 2015.......SUNRISE   731 AM PST   SUNSET   458 PM PST
JANUARY 30 2015.......SUNRISE   729 AM PST   SUNSET   459 PM PST


-  INDICATES NEGATIVE NUMBERS.
R  INDICATES RECORD WAS SET OR TIED.
MM INDICATES DATA IS MISSING.
T  INDICATES TRACE AMOUNT.




$$
