000
CDUS46 KOTX 200821
CLIEAT


CLIMATE REPORT
NATIONAL WEATHER SERVICE SPOKANE, WA
121 AM PDT WED AUG 20 2014


...................................

...THE WENATCHEE WA PANGBORN FIELD CLIMATE SUMMARY FOR AUGUST 19 2014...

CLIMATE NORMAL PERIOD 1981 TO 2010
CLIMATE RECORD PERIOD 1959 TO 2014


WEATHER ITEM   OBSERVED TIME   RECORD YEAR NORMAL DEPARTURE LAST
                VALUE   (LST)  VALUE       VALUE  FROM      YEAR
                                                  NORMAL
..................................................................
TEMPERATURE (F)
 YESTERDAY
  MAXIMUM         93    230 PM 103    1967  86      7       85
  MINIMUM         72   1159 PM  48    1973  60     12       63
  AVERAGE         83                        73     10       74

PRECIPITATION (IN)
  YESTERDAY        0.00          0.15 1968   0.01  -0.01     0.00
  MONTH TO DATE    0.83                      0.12   0.71     1.82
  SINCE OCT 1      4.52                      7.59  -3.07     9.59
  SINCE JAN 1      3.96                      4.64  -0.68     5.79

SNOWFALL (IN)
  YESTERDAY       MM             0.0  1999   0.0   MM       MM
  MONTH TO DATE   MM                         0.0   MM       MM
  SINCE JUN 1     MM                         0.0   MM       MM
  SINCE JUL 1     MM                         0.0   MM       MM
  SNOW DEPTH      MM

DEGREE DAYS
 HEATING
  YESTERDAY        0                         0      0        0
  MONTH TO DATE    0                         0      0        0
  SINCE JUN 1     15                        65    -50       35
  SINCE JUL 1      0                         7     -7        0

 COOLING
  YESTERDAY       18                         8     10        9
  MONTH TO DATE  284                       189     95      214
  SINCE JUN 1    931                       750    181      739
  SINCE JAN 1    989                       897     92      799
..................................................................


WIND (MPH)
  HIGHEST WIND SPEED    28   HIGHEST WIND DIRECTION    NW (310)
  HIGHEST GUST SPEED    36   HIGHEST GUST DIRECTION    NW (320)
  AVERAGE WIND SPEED    14.1


SKY COVER
  POSSIBLE SUNSHINE  MM
  AVERAGE SKY COVER 0.0


WEATHER CONDITIONS
 THE FOLLOWING WEATHER WAS RECORDED YESTERDAY.
  NO SIGNIFICANT WEATHER WAS OBSERVED.


RELATIVE HUMIDITY (PERCENT)
 HIGHEST    46           200 AM
 LOWEST     19           500 PM
 AVERAGE    33

..........................................................


THE WENATCHEE WA PANGBORN FIELD CLIMATE NORMALS FOR TODAY
                         NORMAL    RECORD    YEAR
 MAXIMUM TEMPERATURE (F)   85       102      1977
 MINIMUM TEMPERATURE (F)   60        46      1968


SUNRISE AND SUNSET
AUGUST 20 2014........SUNRISE   604 AM PDT   SUNSET   803 PM PDT
AUGUST 21 2014........SUNRISE   605 AM PDT   SUNSET   802 PM PDT


-  INDICATES NEGATIVE NUMBERS.
R  INDICATES RECORD WAS SET OR TIED.
MM INDICATES DATA IS MISSING.
T  INDICATES TRACE AMOUNT.




$$
