000
CDUS46 KOTX 240836
CLIEAT


CLIMATE REPORT
NATIONAL WEATHER SERVICE SPOKANE, WA
1236 AM PST TUE JAN 24 2017


...................................

...THE WENATCHEE WA PANGBORN FIELD CLIMATE SUMMARY FOR JANUARY 23 2017...

CLIMATE NORMAL PERIOD 1981 TO 2010
CLIMATE RECORD PERIOD 1959 TO 2017


WEATHER ITEM   OBSERVED TIME   RECORD YEAR NORMAL DEPARTURE LAST
                VALUE   (LST)  VALUE       VALUE  FROM      YEAR
                                                  NORMAL
..................................................................
TEMPERATURE (F)
 YESTERDAY
  MAXIMUM         35    138 PM  56    2011  36     -1       37
  MINIMUM         24    952 PM  -7    1969  26     -2       33
  AVERAGE         30                        31     -1       35

PRECIPITATION (IN)
  YESTERDAY        0.00          0.58 1965   0.04  -0.04     0.26
  MONTH TO DATE    0.98                      0.82   0.16     2.07
  SINCE OCT 1      3.80                      3.77   0.03     5.93
  SINCE JAN 1      0.98                      0.82   0.16     2.07

SNOWFALL (IN)
  YESTERDAY       MM

DEGREE DAYS
 HEATING
  YESTERDAY       35                        34      1       30
  MONTH TO DATE 1086                       832    254      746
  SINCE DEC 1   2368                      1980    388     1804
  SINCE JUL 1   3445                      3352     93     2869

 COOLING
  YESTERDAY        0                         0      0        0
  MONTH TO DATE    0                         0      0        0
  SINCE DEC 1      0                         0      0        0
  SINCE JAN 1      0                         0      0        0
..................................................................


WIND (MPH)
  HIGHEST WIND SPEED    13   HIGHEST WIND DIRECTION    NW (300)
  HIGHEST GUST SPEED    14   HIGHEST GUST DIRECTION     W (290)
  AVERAGE WIND SPEED     4.8


SKY COVER
  POSSIBLE SUNSHINE  MM
  AVERAGE SKY COVER 0.5


WEATHER CONDITIONS
 THE FOLLOWING WEATHER WAS RECORDED YESTERDAY.
  NO SIGNIFICANT WEATHER WAS OBSERVED.


RELATIVE HUMIDITY (PERCENT)
 HIGHEST   100           100 AM
 LOWEST     78           500 PM
 AVERAGE    89

..........................................................


THE WENATCHEE WA PANGBORN FIELD CLIMATE NORMALS FOR TODAY
                         NORMAL    RECORD    YEAR
 MAXIMUM TEMPERATURE (F)   36        53      1984
 MINIMUM TEMPERATURE (F)   26        -2      1969


SUNRISE AND SUNSET
JANUARY 24 2017.......SUNRISE   736 AM PST   SUNSET   451 PM PST
JANUARY 25 2017.......SUNRISE   735 AM PST   SUNSET   452 PM PST


-  INDICATES NEGATIVE NUMBERS.
R  INDICATES RECORD WAS SET OR TIED.
MM INDICATES DATA IS MISSING.
T  INDICATES TRACE AMOUNT.




$$
