000
CDUS46 KOTX 240830
CLIEAT


CLIMATE REPORT
NATIONAL WEATHER SERVICE SPOKANE, WA
129 AM PDT FRI MAR 24 2017


...................................

...THE WENATCHEE WA PANGBORN FIELD CLIMATE SUMMARY FOR MARCH 23 2017...

CLIMATE NORMAL PERIOD 1981 TO 2010
CLIMATE RECORD PERIOD 1959 TO 2017


WEATHER ITEM   OBSERVED TIME   RECORD YEAR NORMAL DEPARTURE LAST
                VALUE   (LST)  VALUE       VALUE  FROM      YEAR
                                                  NORMAL
..................................................................
TEMPERATURE (F)
 YESTERDAY
  MAXIMUM         54    306 PM  73    1960  56     -2       56
  MINIMUM         32    626 AM  25    1964  37     -5       45
  AVERAGE         43                        47     -4       51

PRECIPITATION (IN)
  YESTERDAY        T             0.38 1978   0.02  -0.02      T
  MONTH TO DATE    0.89                      0.50   0.39     2.29
  SINCE OCT 1      6.52                      5.32   1.20     8.80
  SINCE JAN 1      3.70                      2.37   1.33     4.94

SNOWFALL (IN)
  YESTERDAY       MM

DEGREE DAYS
 HEATING
  YESTERDAY       22                        18      4       14
  MONTH TO DATE  583                       509     74      471
  SINCE MAR 1    583                       509     74      471
  SINCE JUL 1   5374                      4973    401     4344

 COOLING
  YESTERDAY        0                         0      0        0
  MONTH TO DATE    0                         0      0        0
  SINCE MAR 1      0                         0      0        0
  SINCE JAN 1      0                         0      0        0
..................................................................


WIND (MPH)
  HIGHEST WIND SPEED    16   HIGHEST WIND DIRECTION    SE (140)
  HIGHEST GUST SPEED    22   HIGHEST GUST DIRECTION    SE (140)
  AVERAGE WIND SPEED     5.9


SKY COVER
  POSSIBLE SUNSHINE  MM
  AVERAGE SKY COVER 0.2


WEATHER CONDITIONS
 THE FOLLOWING WEATHER WAS RECORDED YESTERDAY.
  LIGHT RAIN


RELATIVE HUMIDITY (PERCENT)
 HIGHEST    82           400 AM
 LOWEST     35           100 PM
 AVERAGE    59

..........................................................


THE WENATCHEE WA PANGBORN FIELD CLIMATE NORMALS FOR TODAY
                         NORMAL    RECORD    YEAR
 MAXIMUM TEMPERATURE (F)   57        75      1960
 MINIMUM TEMPERATURE (F)   37        18      1964


SUNRISE AND SUNSET
MARCH 24 2017.........SUNRISE   655 AM PDT   SUNSET   720 PM PDT
MARCH 25 2017.........SUNRISE   653 AM PDT   SUNSET   721 PM PDT


-  INDICATES NEGATIVE NUMBERS.
R  INDICATES RECORD WAS SET OR TIED.
MM INDICATES DATA IS MISSING.
T  INDICATES TRACE AMOUNT.




$$
