000
CDUS46 KOTX 050826
CLIEAT


CLIMATE REPORT
NATIONAL WEATHER SERVICE SPOKANE, WA
1225 AM PST MON DEC 5 2016


...................................

...THE WENATCHEE WA PANGBORN FIELD CLIMATE SUMMARY FOR DECEMBER 4 2016...

CLIMATE NORMAL PERIOD 1981 TO 2010
CLIMATE RECORD PERIOD 1959 TO 2016


WEATHER ITEM   OBSERVED TIME   RECORD YEAR NORMAL DEPARTURE LAST
                VALUE   (LST)  VALUE       VALUE  FROM      YEAR
                                                  NORMAL
..................................................................
TEMPERATURE (F)
 YESTERDAY
  MAXIMUM         44    142 AM  55    1975  35      9       39
  MINIMUM         31   1045 PM   5    1984  26      5       32
  AVERAGE         38                        30      8       36

PRECIPITATION (IN)
  YESTERDAY        T             0.34 1967   0.05  -0.05     0.00
  MONTH TO DATE    T                         0.19  -0.19     0.36
  SINCE OCT 1      2.41                      1.74   0.67     1.40
  SINCE JAN 1      9.76                      6.80   2.96     5.79

SNOWFALL (IN)
  YESTERDAY       MM

DEGREE DAYS
 HEATING
  YESTERDAY       27                        35     -8       29
  MONTH TO DATE  113                       137    -24      137
  SINCE DEC 1    113                       137    -24      137
  SINCE JUL 1   1190                      1509   -319     1202

 COOLING
  YESTERDAY        0                         0      0        0
  MONTH TO DATE    0                         0      0        0
  SINCE DEC 1      0                         0      0        0
  SINCE JAN 1    801                       790     11     1397
..................................................................


WIND (MPH)
  HIGHEST WIND SPEED    28   HIGHEST WIND DIRECTION    NW (310)
  HIGHEST GUST SPEED    33   HIGHEST GUST DIRECTION    NW (300)
  AVERAGE WIND SPEED    12.8


SKY COVER
  POSSIBLE SUNSHINE  MM
  AVERAGE SKY COVER 0.3


WEATHER CONDITIONS
 THE FOLLOWING WEATHER WAS RECORDED YESTERDAY.
  LIGHT RAIN


RELATIVE HUMIDITY (PERCENT)
 HIGHEST    76           800 AM
 LOWEST     33           100 PM
 AVERAGE    55

..........................................................


THE WENATCHEE WA PANGBORN FIELD CLIMATE NORMALS FOR TODAY
                         NORMAL    RECORD    YEAR
 MAXIMUM TEMPERATURE (F)   35        48      2012
 MINIMUM TEMPERATURE (F)   25         8      1984


SUNRISE AND SUNSET
DECEMBER  5 2016......SUNRISE   733 AM PST   SUNSET   411 PM PST
DECEMBER  6 2016......SUNRISE   734 AM PST   SUNSET   410 PM PST


-  INDICATES NEGATIVE NUMBERS.
R  INDICATES RECORD WAS SET OR TIED.
MM INDICATES DATA IS MISSING.
T  INDICATES TRACE AMOUNT.




$$
