000
CDUS46 KOTX 190827
CLIEAT


CLIMATE REPORT
NATIONAL WEATHER SERVICE SPOKANE, WA
127 AM PDT SAT AUG 19 2017


...................................

...THE WENATCHEE WA PANGBORN FIELD CLIMATE SUMMARY FOR AUGUST 18 2017...

CLIMATE NORMAL PERIOD 1981 TO 2010
CLIMATE RECORD PERIOD 1959 TO 2017


WEATHER ITEM   OBSERVED TIME   RECORD YEAR NORMAL DEPARTURE LAST
                VALUE   (LST)  VALUE       VALUE  FROM      YEAR
                                                  NORMAL
..................................................................
TEMPERATURE (F)
 YESTERDAY
  MAXIMUM         87   1237 PM 104    1977  86      1       97
  MINIMUM         64    446 AM  47    1995  61      3       67
  AVERAGE         76                        73      3       82

PRECIPITATION (IN)
  YESTERDAY        0.00          1.51 1975   0.01  -0.01     0.00
  MONTH TO DATE    0.06                      0.11  -0.05      T
  SINCE OCT 1      9.88                      7.58   2.30    11.16
  SINCE JAN 1      7.06                      4.63   2.43     7.30

SNOWFALL (IN)
  YESTERDAY       MM

DEGREE DAYS
 HEATING
  YESTERDAY        0                         0      0        0
  MONTH TO DATE    0                         0      0        2
  SINCE JUN 1     40                        65    -25       60
  SINCE JUL 1      0                         7     -7        4

 COOLING
  YESTERDAY       11                         8      3       17
  MONTH TO DATE  250                       181     69      195
  SINCE JUN 1    763                       742     21      619
  SINCE JAN 1    819                       889    -70      661
..................................................................


WIND (MPH)
  HIGHEST WIND SPEED    25   HIGHEST WIND DIRECTION    NW (310)
  HIGHEST GUST SPEED    30   HIGHEST GUST DIRECTION    NW (310)
  AVERAGE WIND SPEED    14.1


SKY COVER
  POSSIBLE SUNSHINE  MM
  AVERAGE SKY COVER 0.0


WEATHER CONDITIONS
 THE FOLLOWING WEATHER WAS RECORDED YESTERDAY.
  NO SIGNIFICANT WEATHER WAS OBSERVED.


RELATIVE HUMIDITY (PERCENT)
 HIGHEST    56           400 AM
 LOWEST     17          1200 PM
 AVERAGE    37

..........................................................


THE WENATCHEE WA PANGBORN FIELD CLIMATE NORMALS FOR TODAY
                         NORMAL    RECORD    YEAR
 MAXIMUM TEMPERATURE (F)   86       103      1967
 MINIMUM TEMPERATURE (F)   60        48      1973


SUNRISE AND SUNSET
AUGUST 19 2017........SUNRISE   603 AM PDT   SUNSET   805 PM PDT
AUGUST 20 2017........SUNRISE   604 AM PDT   SUNSET   803 PM PDT


-  INDICATES NEGATIVE NUMBERS.
R  INDICATES RECORD WAS SET OR TIED.
MM INDICATES DATA IS MISSING.
T  INDICATES TRACE AMOUNT.




$$
