000
CDUS46 KOTX 300837
CLIEAT


CLIMATE REPORT
NATIONAL WEATHER SERVICE SPOKANE, WA
137 AM PDT SAT APR 30 2016


...................................

...THE WENATCHEE WA PANGBORN FIELD CLIMATE SUMMARY FOR APRIL 29 2016...

CLIMATE NORMAL PERIOD 1981 TO 2010
CLIMATE RECORD PERIOD 1959 TO 2016


WEATHER ITEM   OBSERVED TIME   RECORD YEAR NORMAL DEPARTURE LAST
                VALUE   (LST)  VALUE       VALUE  FROM      YEAR
                                                  NORMAL
..................................................................
TEMPERATURE (F)
 YESTERDAY
  MAXIMUM         68    151 PM  84    1998  66      2       68
  MINIMUM         51    556 AM  33    1982  44      7       48
  AVERAGE         60                        55      5       58

PRECIPITATION (IN)
  YESTERDAY        0.00          0.67 1967   0.02  -0.02     0.00
  MONTH TO DATE    0.50                      0.45   0.05     0.30
  SINCE OCT 1      9.30                      5.91   3.39     5.66
  SINCE JAN 1      5.44                      2.96   2.48     2.48

SNOWFALL (IN)
  YESTERDAY       MM

DEGREE DAYS
 HEATING
  YESTERDAY        5                        11     -6        7
  MONTH TO DATE  177                       393   -216      351
  SINCE MAR 1    763                      1041   -278      788
  SINCE JUL 1   4636                      5505   -869     4417

 COOLING
  YESTERDAY        0                         0      0        0
  MONTH TO DATE   12                         0     12        0
  SINCE MAR 1     12                         2     10        0
  SINCE JAN 1     12                         2     10        0
..................................................................


WIND (MPH)
  HIGHEST WIND SPEED    29   HIGHEST WIND DIRECTION    NW (310)
  HIGHEST GUST SPEED    35   HIGHEST GUST DIRECTION    NW (310)
  AVERAGE WIND SPEED    16.1


SKY COVER
  POSSIBLE SUNSHINE  MM
  AVERAGE SKY COVER 0.7


WEATHER CONDITIONS
 THE FOLLOWING WEATHER WAS RECORDED YESTERDAY.
  NO SIGNIFICANT WEATHER WAS OBSERVED.


RELATIVE HUMIDITY (PERCENT)
 HIGHEST    59           300 AM
 LOWEST     24           300 PM
 AVERAGE    42

..........................................................


THE WENATCHEE WA PANGBORN FIELD CLIMATE NORMALS FOR TODAY
                         NORMAL    RECORD    YEAR
 MAXIMUM TEMPERATURE (F)   66        88      1998
 MINIMUM TEMPERATURE (F)   44        32      1972


SUNRISE AND SUNSET
APRIL 30 2016.........SUNRISE   545 AM PDT   SUNSET   812 PM PDT
MAY  1 2016...........SUNRISE   543 AM PDT   SUNSET   813 PM PDT


-  INDICATES NEGATIVE NUMBERS.
R  INDICATES RECORD WAS SET OR TIED.
MM INDICATES DATA IS MISSING.
T  INDICATES TRACE AMOUNT.




$$
