000
CDUS43 KMPX 300630
CLIEAU


CLIMATE REPORT
NATIONAL WEATHER SERVICE CHANHASSEN MN
129 AM CDT TUE SEP 30 2014


...................................

...THE EAU CLAIRE WI CLIMATE SUMMARY FOR SEPTEMBER 29 2014...

CLIMATE NORMAL PERIOD 1981 TO 2010
CLIMATE RECORD PERIOD 1893 TO 2014


WEATHER ITEM   OBSERVED TIME   RECORD YEAR NORMAL DEPARTURE LAST
                VALUE   (LST)  VALUE       VALUE  FROM      YEAR
                                                  NORMAL
..................................................................
TEMPERATURE (F)
 YESTERDAY
  MAXIMUM         61    346 PM  89    1898  66     -5       73
  MINIMUM         42   1159 PM  23    1967  43     -1       42
  AVERAGE         52                        54     -2       58

PRECIPITATION (IN)
  YESTERDAY        T             0.86 1985   0.11  -0.11     0.00
  MONTH TO DATE    5.46                      3.58   1.88     1.77
  SINCE SEP 1      5.46                      3.58   1.88     1.77
  SINCE JAN 1     38.13                     25.70  12.43    29.41

SNOWFALL (IN)
  YESTERDAY        0.0           T    1899   0.0    0.0      0.0
  MONTH TO DATE    0.0                       0.0    0.0      0.0
  SINCE SEP 1      0.0                       0.0    0.0      0.0
  SINCE JUL 1      0.0                       0.0    0.0      0.0
  SNOW DEPTH       0

DEGREE DAYS
 HEATING
  YESTERDAY       13                        11      2        7
  MONTH TO DATE  171                       181    -10      129
  SINCE SEP 1    171                       181    -10      129
  SINCE JUL 1    194                       220    -26      167

 COOLING
  YESTERDAY        0                         0      0        0
  MONTH TO DATE   22                        48    -26       87
  SINCE SEP 1     22                        48    -26       87
  SINCE JAN 1    500                       575    -75      653
..................................................................


WIND (MPH)
  HIGHEST WIND SPEED    15   HIGHEST WIND DIRECTION    NE (30)
  HIGHEST GUST SPEED    21   HIGHEST GUST DIRECTION     N (10)
  AVERAGE WIND SPEED     9.3


SKY COVER
  POSSIBLE SUNSHINE  MM
  AVERAGE SKY COVER 0.5


WEATHER CONDITIONS
 THE FOLLOWING WEATHER WAS RECORDED YESTERDAY.
  LIGHT RAIN
  FOG


RELATIVE HUMIDITY (PERCENT)
 HIGHEST    93          1200 AM
 LOWEST     55           200 PM
 AVERAGE    74

..........................................................


THE EAU CLAIRE WI CLIMATE NORMALS FOR TODAY
                         NORMAL    RECORD    YEAR
 MAXIMUM TEMPERATURE (F)   65        85      1971
 MINIMUM TEMPERATURE (F)   42        22      1899


SUNRISE AND SUNSET
SEPTEMBER 30 2014.....SUNRISE   703 AM CDT   SUNSET   648 PM CDT
OCTOBER  1 2014.......SUNRISE   704 AM CDT   SUNSET   646 PM CDT


-  INDICATES NEGATIVE NUMBERS.
R  INDICATES RECORD WAS SET OR TIED.
MM INDICATES DATA IS MISSING.
T  INDICATES TRACE AMOUNT.




$$
