000
CDUS43 KMPX 030756
CLIEAU


CLIMATE REPORT
NATIONAL WEATHER SERVICE CHANHASSEN MN
256 AM CDT WED JUN 3 2015


...................................

...THE EAU CLAIRE WI CLIMATE SUMMARY FOR JUNE 2 2015...

CLIMATE NORMAL PERIOD 1981 TO 2010
CLIMATE RECORD PERIOD 1893 TO 2015


WEATHER ITEM   OBSERVED TIME   RECORD YEAR NORMAL DEPARTURE LAST
                VALUE   (LST)  VALUE       VALUE  FROM      YEAR
                                                  NORMAL
..................................................................
TEMPERATURE (F)
 YESTERDAY
  MAXIMUM         75    316 PM  94    1940  75      0       82
  MINIMUM         47    452 AM  37    1956  51     -4       62
                                      1985
                                      1986
  AVERAGE         61                        63     -2       72

PRECIPITATION (IN)
  YESTERDAY        0.00          1.04 1951   0.13  -0.13     0.18
  MONTH TO DATE    0.00                      0.25  -0.25     1.03
  SINCE JUN 1      0.00                      0.25  -0.25     1.03
  SINCE JAN 1      9.45                      9.89  -0.44    15.13

SNOWFALL (IN)
  YESTERDAY        0.0           0.0    MM   0.0    0.0      0.0
  MONTH TO DATE    0.0                       0.0    0.0      0.0
  SINCE JUN 1      0.0                       0.0    0.0      0.0
  SINCE JUL 1     38.1                      46.8   -8.7     74.8
  SNOW DEPTH       0

DEGREE DAYS
 HEATING
  YESTERDAY        4                         4      0        0
  MONTH TO DATE   14                         8      6        0
  SINCE JUN 1     14                         8      6        0
  SINCE JUL 1   8120                      7906    214     9142

 COOLING
  YESTERDAY        0                         2     -2        7
  MONTH TO DATE    0                         4     -4       12
  SINCE JUN 1      0                         4     -4       12
  SINCE JAN 1     18                        36    -18       47
..................................................................


WIND (MPH)
  HIGHEST WIND SPEED    18   HIGHEST WIND DIRECTION    SE (150)
  HIGHEST GUST SPEED    24   HIGHEST GUST DIRECTION    SE (150)
  AVERAGE WIND SPEED     9.1


SKY COVER
  POSSIBLE SUNSHINE  MM
  AVERAGE SKY COVER 0.0


WEATHER CONDITIONS
 THE FOLLOWING WEATHER WAS RECORDED YESTERDAY.
  HAZE


RELATIVE HUMIDITY (PERCENT)
 HIGHEST    66           300 AM
 LOWEST     41           100 PM
 AVERAGE    54

..........................................................


THE EAU CLAIRE WI CLIMATE NORMALS FOR TODAY
                         NORMAL    RECORD    YEAR
 MAXIMUM TEMPERATURE (F)   75        93      1963
                                             1934
 MINIMUM TEMPERATURE (F)   51        35      1964


SUNRISE AND SUNSET
JUNE  3 2015..........SUNRISE   522 AM CDT   SUNSET   846 PM CDT
JUNE  4 2015..........SUNRISE   522 AM CDT   SUNSET   847 PM CDT


-  INDICATES NEGATIVE NUMBERS.
R  INDICATES RECORD WAS SET OR TIED.
MM INDICATES DATA IS MISSING.
T  INDICATES TRACE AMOUNT.




$$
