390
CDUS43 KMPX 260051
CLIEAU


CLIMATE REPORT
NATIONAL WEATHER SERVICE CHANHASSEN MN
751 PM CDT MON SEP 25 2017


...................................

...THE EAU CLAIRE WI CLIMATE SUMMARY FOR SEPTEMBER 25 2017...
VALID TODAY AS OF 0700 PM LOCAL TIME.

CLIMATE NORMAL PERIOD 1981 TO 2010
CLIMATE RECORD PERIOD 1893 TO 2017


WEATHER ITEM   OBSERVED TIME   RECORD YEAR NORMAL DEPARTURE LAST
                VALUE   (LST)  VALUE       VALUE  FROM      YEAR
                                                  NORMAL
..................................................................
TEMPERATURE (F)
 TODAY
  MAXIMUM         85    155 PM  91    1920  67     18       69
  MINIMUM         62    548 AM  27    1942  45     17       53
  AVERAGE         74                        56     18       61

PRECIPITATION (IN)
  TODAY            1.13          2.85 1934   0.12   1.01     0.09
  MONTH TO DATE    2.03                      3.12  -1.09     7.98
  SINCE SEP 1      2.03                      3.12  -1.09     7.98
  SINCE JAN 1     30.15                     25.24   4.91    34.81

SNOWFALL (IN)
  TODAY            0.0           T    1984   0.0    0.0      0.0
  MONTH TO DATE    0.0                       0.0    0.0      0.0
  SINCE SEP 1      0.0                       0.0    0.0      0.0
  SINCE JUL 1      0.0                       0.0    0.0      0.0
  SNOW DEPTH       0

DEGREE DAYS
 HEATING
  TODAY            0                        10    -10        4
  MONTH TO DATE   76                       138    -62       41
  SINCE SEP 1     76                       138    -62       41
  SINCE JUL 1    119                       177    -58       51

 COOLING
  TODAY            9                         1      8        0
  MONTH TO DATE   94                        46     48       39
  SINCE SEP 1     94                        46     48       39
  SINCE JAN 1    466                       573   -107      622
..................................................................


WIND (MPH)
  HIGHEST WIND SPEED    28   HIGHEST WIND DIRECTION     W (280)
  HIGHEST GUST SPEED    51   HIGHEST GUST DIRECTION     W (260)
  AVERAGE WIND SPEED     4.1


SKY COVER
  POSSIBLE SUNSHINE  MM
  AVERAGE SKY COVER 0.3


WEATHER CONDITIONS
 THE FOLLOWING WEATHER WAS RECORDED TODAY.
  THUNDERSTORM
  HEAVY RAIN
  RAIN
  LIGHT RAIN
  FOG


RELATIVE HUMIDITY (PERCENT)
 HIGHEST   100           500 AM
 LOWEST     51           200 PM
 AVERAGE    76

..........................................................


THE EAU CLAIRE WI CLIMATE NORMALS FOR TOMORROW
                         NORMAL    RECORD    YEAR
 MAXIMUM TEMPERATURE (F)   67        86      1986
 MINIMUM TEMPERATURE (F)   44        28      1984
                                             1965
                                             1926


SUNRISE AND SUNSET
SEPTEMBER 25 2017.....SUNRISE   657 AM CDT   SUNSET   657 PM CDT
SEPTEMBER 26 2017.....SUNRISE   658 AM CDT   SUNSET   655 PM CDT


-  INDICATES NEGATIVE NUMBERS.
R  INDICATES RECORD WAS SET OR TIED.
MM INDICATES DATA IS MISSING.
T  INDICATES TRACE AMOUNT.




$$
