000
CDUS42 KAKQ 250545
CLIECG


CLIMATE REPORT
NATIONAL WEATHER SERVICE WAKEFIELD, VA
145 AM EDT SAT MAR 25 2017


...................................

...THE ELIZABETH CITY NC CLIMATE SUMMARY FOR MARCH 24 2017...

CLIMATE NORMAL PERIOD 1981 TO 2010
CLIMATE RECORD PERIOD 1934 TO 2017


WEATHER ITEM   OBSERVED TIME   RECORD YEAR NORMAL DEPARTURE LAST
                VALUE   (LST)  VALUE       VALUE  FROM      YEAR
                                                  NORMAL
..................................................................
TEMPERATURE (F)
 YESTERDAY
  MAXIMUM         70    414 PM  83    1945  63      7       78
  MINIMUM         29    327 AM  25    1992  42    -13       50
  AVERAGE         50                        52     -2       64

PRECIPITATION (IN)
  YESTERDAY        0.00          1.47 1989   0.14  -0.14     0.00
  MONTH TO DATE    2.91                      2.93  -0.02     1.15
  SINCE MAR 1      2.91                      2.93  -0.02     1.15
  SINCE JAN 1      7.52                      9.37  -1.85     8.74

SNOWFALL (IN)
  YESTERDAY        0.0           0.0  2002  MM     MM
  MONTH TO DATE    T                        MM     MM
  SINCE NOV 1      1.2                      MM     MM
  SINCE JUL 1      1.2                      MM     MM
  SNOW DEPTH       0

DEGREE DAYS
 HEATING
  YESTERDAY       15                        13      2        1
  MONTH TO DATE  449                       383     66      233
  SINCE MAR 1    449                       383     66      233
  SINCE JUL 1   2544                      2855   -311     2144

 COOLING
  YESTERDAY        0                         0      0        0
  MONTH TO DATE    7                         0      7       16
  SINCE MAR 1      7                         0      7       16
  SINCE JAN 1     10                         2      8       16
..................................................................


WIND (MPH)
  HIGHEST WIND SPEED    22   HIGHEST WIND DIRECTION    SW (220)
  HIGHEST GUST SPEED    27   HIGHEST GUST DIRECTION     S (200)
  AVERAGE WIND SPEED     9.3


SKY COVER
  POSSIBLE SUNSHINE  MM
  AVERAGE SKY COVER 0.0


WEATHER CONDITIONS
 THE FOLLOWING WEATHER WAS RECORDED YESTERDAY.
  NO SIGNIFICANT WEATHER WAS OBSERVED.


RELATIVE HUMIDITY (PERCENT)
 HIGHEST    92           600 AM
 LOWEST     37           300 PM
 AVERAGE    65

..........................................................


THE ELIZABETH CITY NC CLIMATE NORMALS FOR TODAY
                         NORMAL    RECORD    YEAR
 MAXIMUM TEMPERATURE (F)   64        86      1939
 MINIMUM TEMPERATURE (F)   42        24      1940


SUNRISE AND SUNSET
MARCH 25 2017.........SUNRISE   701 AM EDT   SUNSET   721 PM EDT
MARCH 26 2017.........SUNRISE   659 AM EDT   SUNSET   722 PM EDT


-  INDICATES NEGATIVE NUMBERS.
R  INDICATES RECORD WAS SET OR TIED.
MM INDICATES DATA IS MISSING.
T  INDICATES TRACE AMOUNT.




$$
