000
CDUS42 KAKQ 140645
CLIECG


CLIMATE REPORT
NATIONAL WEATHER SERVICE WAKEFIELD, VA
145 AM EST SUN FEB 14 2016


...................................

...THE ELIZABETH CITY NC CLIMATE SUMMARY FOR FEBRUARY 13 2016...

CLIMATE NORMAL PERIOD 1981 TO 2010
CLIMATE RECORD PERIOD 1934 TO 2016


WEATHER ITEM   OBSERVED TIME   RECORD YEAR NORMAL DEPARTURE LAST
                VALUE   (LST)  VALUE       VALUE  FROM      YEAR
                                                  NORMAL
..................................................................
TEMPERATURE (F)
 YESTERDAY
  MAXIMUM         33    350 PM  78    1965  54    -21       31
  MINIMUM         19    335 AM  11    1973  34    -15       21
  AVERAGE         26                        44    -18       26

PRECIPITATION (IN)
  YESTERDAY        0.00          1.95 1945   0.12  -0.12     0.00
  MONTH TO DATE    3.12                      1.46   1.66     0.94
  SINCE DEC 1     10.04                      7.28   2.76     8.09
  SINCE JAN 1      6.03                      4.72   1.31     4.95

SNOWFALL (IN)
  YESTERDAY        0.0          MM      MM  MM     MM
  MONTH TO DATE    1.5                      MM     MM
  SINCE NOV 1      1.5                      MM     MM
  SINCE JUL 1      1.5                      MM     MM
  SNOW DEPTH       0

DEGREE DAYS
 HEATING
  YESTERDAY       39                        21     18       39
  MONTH TO DATE  297                       284     13      340
  SINCE DEC 1   1273                      1656   -383     1492
  SINCE JUL 1   1629                      2171   -542     2007

 COOLING
  YESTERDAY        0                         0      0        0
  MONTH TO DATE    0                         0      0        0
  SINCE DEC 1     31                         3     28        2
  SINCE JAN 1      0                         1     -1        2
..................................................................


WIND (MPH)
  HIGHEST WIND SPEED    29   HIGHEST WIND DIRECTION    NW (320)
  HIGHEST GUST SPEED    33   HIGHEST GUST DIRECTION    NW (310)
  AVERAGE WIND SPEED    13.2


SKY COVER
  POSSIBLE SUNSHINE  MM
  AVERAGE SKY COVER 0.2


WEATHER CONDITIONS
 THE FOLLOWING WEATHER WAS RECORDED YESTERDAY.
  NO SIGNIFICANT WEATHER WAS OBSERVED.


RELATIVE HUMIDITY (PERCENT)
 HIGHEST    96           200 AM
 LOWEST     30           300 PM
 AVERAGE    63

..........................................................


THE ELIZABETH CITY NC CLIMATE NORMALS FOR TODAY
                         NORMAL    RECORD    YEAR
 MAXIMUM TEMPERATURE (F)   54        79      1938
 MINIMUM TEMPERATURE (F)   34        15      1955


SUNRISE AND SUNSET
FEBRUARY 14 2016......SUNRISE   654 AM EST   SUNSET   544 PM EST
FEBRUARY 15 2016......SUNRISE   653 AM EST   SUNSET   545 PM EST


-  INDICATES NEGATIVE NUMBERS.
R  INDICATES RECORD WAS SET OR TIED.
MM INDICATES DATA IS MISSING.
T  INDICATES TRACE AMOUNT.




$$
