000
CDUS42 KAKQ 280953
CLIECG


CLIMATE REPORT
NATIONAL WEATHER SERVICE WAKEFIELD, VA
453 AM EST WED JAN 28 2015


...................................

...THE ELIZABETH CITY NC CLIMATE SUMMARY FOR JANUARY 27 2015...

CLIMATE NORMAL PERIOD 1981 TO 2010
CLIMATE RECORD PERIOD 1934 TO 2015


WEATHER ITEM   OBSERVED TIME   RECORD YEAR NORMAL DEPARTURE LAST
                VALUE   (LST)  VALUE       VALUE  FROM      YEAR
                                                  NORMAL
..................................................................
TEMPERATURE (F)
 YESTERDAY
  MAXIMUM         38   1223 AM  78    1952  52    -14       63
  MINIMUM         31    927 AM   9    1940  33     -2       32
  AVERAGE         35                        42     -7       48

PRECIPITATION (IN)
  YESTERDAY        T             0.85 1963   0.12  -0.12     0.00
  MONTH TO DATE    3.94                      2.78   1.16     1.80
  SINCE DEC 1      7.08                      5.34   1.74     6.95
  SINCE JAN 1      3.94                      2.78   1.16     1.80

SNOWFALL (IN)
  YESTERDAY        T             2.0  1966  MM     MM
  MONTH TO DATE    T                        MM     MM
  SINCE NOV 1      T                        MM     MM
  SINCE JUL 1      T                        MM     MM
  SNOW DEPTH       0

DEGREE DAYS
 HEATING
  YESTERDAY       30                        23      7       17
  MONTH TO DATE  527                       642   -115      694
  SINCE DEC 1    994                      1282   -288     1250
  SINCE JUL 1   1509                      1797   -288     1813

 COOLING
  YESTERDAY        0                         0      0        0
  MONTH TO DATE    2                         0      2        0
  SINCE DEC 1      2                         2      0       14
  SINCE JAN 1      2                         0      2        0
..................................................................


WIND (MPH)
  HIGHEST WIND SPEED    22   HIGHEST WIND DIRECTION     N (340)
  HIGHEST GUST SPEED    26   HIGHEST GUST DIRECTION     N (340)
  AVERAGE WIND SPEED    12.4


SKY COVER
  POSSIBLE SUNSHINE  MM
  AVERAGE SKY COVER 1.0


WEATHER CONDITIONS
 THE FOLLOWING WEATHER WAS RECORDED YESTERDAY.
  LIGHT RAIN
  LIGHT SNOW
  FOG


RELATIVE HUMIDITY (PERCENT)
 HIGHEST    92          1200 AM
 LOWEST     75          1200 PM
 AVERAGE    84

..........................................................


THE ELIZABETH CITY NC CLIMATE NORMALS FOR TODAY
                         NORMAL    RECORD    YEAR
 MAXIMUM TEMPERATURE (F)   52        80      1944
 MINIMUM TEMPERATURE (F)   33         9      1940


SUNRISE AND SUNSET
JANUARY 28 2015.......SUNRISE   709 AM EST   SUNSET   527 PM EST
JANUARY 29 2015.......SUNRISE   708 AM EST   SUNSET   528 PM EST


-  INDICATES NEGATIVE NUMBERS.
R  INDICATES RECORD WAS SET OR TIED.
MM INDICATES DATA IS MISSING.
T  INDICATES TRACE AMOUNT.




$$
