000
CDUS42 KAKQ 230826
CLIECG


CLIMATE REPORT
NATIONAL WEATHER SERVICE WAKEFIELD, VA
425 AM EDT THU OCT 23 2014


...................................

...THE ELIZABETH CITY NC CLIMATE SUMMARY FOR OCTOBER 22 2014...

CLIMATE NORMAL PERIOD 1981 TO 2010
CLIMATE RECORD PERIOD 1934 TO 2014


WEATHER ITEM   OBSERVED TIME   RECORD YEAR NORMAL DEPARTURE LAST
                VALUE   (LST)  VALUE       VALUE  FROM      YEAR
                                                  NORMAL
..................................................................
TEMPERATURE (F)
 YESTERDAY
  MAXIMUM         63    152 PM  86    1947  71     -8       64
  MINIMUM         55    722 AM  28    1974  50      5       50
  AVERAGE         59                        60     -1       57

PRECIPITATION (IN)
  YESTERDAY        0.02          2.73 1985   0.09  -0.07      T
  MONTH TO DATE    0.79                      2.20  -1.41     5.73
  SINCE SEP 1      6.79                      6.13   0.66     6.57
  SINCE JAN 1     34.23                     40.09  -5.86    36.60

SNOWFALL (IN)
  YESTERDAY        0.0           0.0  2002  MM     MM
  MONTH TO DATE    0.0                      MM     MM
  SINCE NOV 1     10.2                      MM     MM
  SINCE JUL 1      0.0                      MM     MM
  SNOW DEPTH       0

DEGREE DAYS
 HEATING
  YESTERDAY        6                         6      0        8
  MONTH TO DATE   45                        76    -31       29
  SINCE SEP 1     46                        88    -42       44
  SINCE JUL 1     46                        88    -42       44

 COOLING
  YESTERDAY        0                         1     -1        0
  MONTH TO DATE   69                        48     21       86
  SINCE SEP 1    329                       274     55      277
  SINCE JAN 1   1572                      1570      2     1657
..................................................................


WIND (MPH)
  HIGHEST WIND SPEED    25   HIGHEST WIND DIRECTION    NW (300)
  HIGHEST GUST SPEED    31   HIGHEST GUST DIRECTION    NW (300)
  AVERAGE WIND SPEED    14.0


SKY COVER
  POSSIBLE SUNSHINE  MM
  AVERAGE SKY COVER 0.9


WEATHER CONDITIONS
 THE FOLLOWING WEATHER WAS RECORDED YESTERDAY.
  LIGHT RAIN


RELATIVE HUMIDITY (PERCENT)
 HIGHEST    86           200 AM
 LOWEST     67           200 PM
 AVERAGE    77

..........................................................


THE ELIZABETH CITY NC CLIMATE NORMALS FOR TODAY
                         NORMAL    RECORD    YEAR
 MAXIMUM TEMPERATURE (F)   71        87      1947
 MINIMUM TEMPERATURE (F)   50        31      1987


SUNRISE AND SUNSET
OCTOBER 23 2014.......SUNRISE   719 AM EDT   SUNSET   619 PM EDT
OCTOBER 24 2014.......SUNRISE   720 AM EDT   SUNSET   617 PM EDT


-  INDICATES NEGATIVE NUMBERS.
R  INDICATES RECORD WAS SET OR TIED.
MM INDICATES DATA IS MISSING.
T  INDICATES TRACE AMOUNT.




$$
