000
CDUS42 KAKQ 220545
CLIECG


CLIMATE REPORT
NATIONAL WEATHER SERVICE WAKEFIELD, VA
145 AM EDT SUN OCT 22 2017


...................................

...THE ELIZABETH CITY NC CLIMATE SUMMARY FOR OCTOBER 21 2017...

CLIMATE NORMAL PERIOD 1981 TO 2010
CLIMATE RECORD PERIOD 1934 TO 2017


WEATHER ITEM   OBSERVED TIME   RECORD YEAR NORMAL DEPARTURE LAST
                VALUE   (LST)  VALUE       VALUE  FROM      YEAR
                                                  NORMAL
..................................................................
TEMPERATURE (F)
 YESTERDAY
  MAXIMUM         78    148 PM  85    1947  71      7       82
  MINIMUM         49    651 AM  30    1974  50     -1       60
                                      1952
                                      1940
  AVERAGE         64                        61      3       71

PRECIPITATION (IN)
  YESTERDAY        0.00          1.92 1958   0.10  -0.10     0.27
  MONTH TO DATE    0.83                      2.11  -1.28    10.28
  SINCE SEP 1      3.25                      6.04  -2.79    22.31
  SINCE JAN 1     38.39                     40.00  -1.61    49.82

SNOWFALL (IN)
  YESTERDAY        0.0           0.0  2002  MM     MM
  MONTH TO DATE    0.0                      MM     MM
  SINCE NOV 1      1.2                      MM     MM
  SINCE JUL 1      0.0                      MM     MM
  SNOW DEPTH       0

DEGREE DAYS
 HEATING
  YESTERDAY        1                         6     -5        0
  MONTH TO DATE   16                        70    -54       27
  SINCE SEP 1     16                        82    -66       27
  SINCE JUL 1     16                        82    -66       27

 COOLING
  YESTERDAY        0                         1     -1        6
  MONTH TO DATE  122                        47     75      104
  SINCE SEP 1    393                       273    120      432
  SINCE JAN 1   1939                      1569    370     1939
..................................................................


WIND (MPH)
  HIGHEST WIND SPEED    12   HIGHEST WIND DIRECTION     E (70)
  HIGHEST GUST SPEED    14   HIGHEST GUST DIRECTION    NE (60)
  AVERAGE WIND SPEED     2.8


SKY COVER
  POSSIBLE SUNSHINE  MM
  AVERAGE SKY COVER 0.3


WEATHER CONDITIONS
 THE FOLLOWING WEATHER WAS RECORDED YESTERDAY.
  FOG
  FOG W/VISIBILITY <= 1/4 MILE


RELATIVE HUMIDITY (PERCENT)
 HIGHEST   100          1200 AM
 LOWEST     43           100 PM
 AVERAGE    72

..........................................................


THE ELIZABETH CITY NC CLIMATE NORMALS FOR TODAY
                         NORMAL    RECORD    YEAR
 MAXIMUM TEMPERATURE (F)   71        86      1947
 MINIMUM TEMPERATURE (F)   50        28      1974


SUNRISE AND SUNSET
OCTOBER 22 2017.......SUNRISE   718 AM EDT   SUNSET   619 PM EDT
OCTOBER 23 2017.......SUNRISE   719 AM EDT   SUNSET   618 PM EDT


-  INDICATES NEGATIVE NUMBERS.
R  INDICATES RECORD WAS SET OR TIED.
MM INDICATES DATA IS MISSING.
T  INDICATES TRACE AMOUNT.




$$
