000
CDUS44 KBMX 240742
CLIEET


CLIMATE REPORT
NATIONAL WEATHER SERVICE BIRMINGHAM, AL
241 AM CDT SUN SEP 24 2017


...................................

...THE SHELBY COUNTY AIRPORT CLIMATE SUMMARY FOR SEPTEMBER 23 2017...

CLIMATE NORMAL PERIOD 1981 TO 2010
CLIMATE RECORD PERIOD 9999 TO 9999


WEATHER ITEM   OBSERVED TIME   RECORD YEAR NORMAL DEPARTURE LAST
                VALUE   (LST)  VALUE       VALUE  FROM      YEAR
                                                  NORMAL
..................................................................
TEMPERATURE (F)
 YESTERDAY
  MAXIMUM         89    257 PM  MM      MM  82      7       97
  MINIMUM         70    535 AM  MM      MM  62      8       68
  AVERAGE         80                        72      8       83

PRECIPITATION (IN)
  YESTERDAY        0.00                      0.13  -0.13     0.00
  MONTH TO DATE    2.34                      3.00  -0.66     0.70
  SINCE SEP 1      2.34                      3.00  -0.66     0.70
  SINCE JAN 1     53.38                     41.08  12.30    31.66

DEGREE DAYS
 HEATING
  YESTERDAY        0                         0      0        0
  MONTH TO DATE    8                         0      8        0
  SINCE SEP 1      8                         0      8        0
  SINCE JUL 1      8                         0      8        0

 COOLING
  YESTERDAY       15                         7      8       18
  MONTH TO DATE  215                       244    -29      370
  SINCE SEP 1    215                       244    -29      370
  SINCE JAN 1   2005                      1842    163     2254
..................................................................


WIND (MPH)
  HIGHEST WIND SPEED     8   HIGHEST WIND DIRECTION    NE (60)
  HIGHEST GUST SPEED    11   HIGHEST GUST DIRECTION    NE (60)
  AVERAGE WIND SPEED     1.7


SKY COVER
  POSSIBLE SUNSHINE  MM
  AVERAGE SKY COVER 0.0


WEATHER CONDITIONS
 THE FOLLOWING WEATHER WAS RECORDED YESTERDAY.
  FOG


RELATIVE HUMIDITY (PERCENT)
 HIGHEST    94           800 PM
 LOWEST     50           400 PM
 AVERAGE    72

..........................................................


THE SHELBY COUNTY AIRPORT CLIMATE NORMALS FOR TODAY
                         NORMAL    RECORD    YEAR
 MAXIMUM TEMPERATURE (F)   82        MM        MM
 MINIMUM TEMPERATURE (F)   61        MM        MM


SUNRISE AND SUNSET
SEPTEMBER 24 2017.....SUNRISE   637 AM CDT   SUNSET   641 PM CDT
SEPTEMBER 25 2017.....SUNRISE   637 AM CDT   SUNSET   639 PM CDT


-  INDICATES NEGATIVE NUMBERS.
R  INDICATES RECORD WAS SET OR TIED.
MM INDICATES DATA IS MISSING.
T  INDICATES TRACE AMOUNT.




$$
