000
CDUS44 KBMX 312118
CLIEET


CLIMATE REPORT
NATIONAL WEATHER SERVICE BIRMINGHAM, AL
417 PM CDT THU JUL 31 2014


...................................

...THE SHELBY COUNTY AIRPORT CLIMATE SUMMARY FOR JULY 31 2014...
VALID AS OF 0400 PM LOCAL TIME.

CLIMATE NORMAL PERIOD 1981 TO 2010
CLIMATE RECORD PERIOD 9999 TO 9999


WEATHER ITEM   OBSERVED TIME   RECORD YEAR NORMAL DEPARTURE LAST
                VALUE   (LST)  VALUE       VALUE  FROM      YEAR
                                                  NORMAL
..................................................................
TEMPERATURE (F)
 TODAY
  MAXIMUM         85    151 PM  MM      MM  91     -6       86
  MINIMUM         68    420 AM  MM      MM  71     -3       74
  AVERAGE         77                        81     -4       80

PRECIPITATION (IN)
  TODAY            0.00                      0.17  -0.17     0.00
  MONTH TO DATE    3.06                      4.76  -1.70     6.88
  SINCE JUN 1      8.37                      9.39  -1.02    11.58
  SINCE JAN 1     35.87                     33.32   2.55    40.58

DEGREE DAYS
 COOLING
  TODAY           12                        16     -4       15
  MONTH TO DATE  446                       487    -41      415
  SINCE JUN 1    861                       861      0      827
  SINCE JAN 1   1155                      1130     25     1079
..................................................................


WIND (MPH)
  HIGHEST WIND SPEED     9   HIGHEST WIND DIRECTION     N (350)
  HIGHEST GUST SPEED    13   HIGHEST GUST DIRECTION    NW (330)
  AVERAGE WIND SPEED     1.9


SKY COVER
  POSSIBLE SUNSHINE  MM
  AVERAGE SKY COVER 0.1


WEATHER CONDITIONS
 THE FOLLOWING WEATHER WAS RECORDED TODAY.
  NO SIGNIFICANT WEATHER WAS OBSERVED.


RELATIVE HUMIDITY (PERCENT)
 HIGHEST    81          1200 AM
 LOWEST     43           200 PM
 AVERAGE    62

..........................................................


THE SHELBY COUNTY AIRPORT CLIMATE NORMALS FOR TOMORROW
                         NORMAL    RECORD    YEAR
 MAXIMUM TEMPERATURE (F)   91        MM        MM
 MINIMUM TEMPERATURE (F)   71        MM        MM


SUNRISE AND SUNSET
JULY 31 2014..........SUNRISE   559 AM CDT   SUNSET   747 PM CDT
AUGUST  1 2014........SUNRISE   600 AM CDT   SUNSET   746 PM CDT


-  INDICATES NEGATIVE NUMBERS.
R  INDICATES RECORD WAS SET OR TIED.
MM INDICATES DATA IS MISSING.
T  INDICATES TRACE AMOUNT.




$$
