000
CDUS44 KBMX 012218
CLIEET


CLIMATE REPORT
NATIONAL WEATHER SERVICE BIRMINGHAM, AL
417 PM CST SUN FEB 1 2015


...................................

...THE SHELBY COUNTY AIRPORT CLIMATE SUMMARY FOR FEBRUARY 1 2015...
VALID AS OF 0400 PM LOCAL TIME.

CLIMATE NORMAL PERIOD 1981 TO 2010
CLIMATE RECORD PERIOD 9999 TO 9999


WEATHER ITEM   OBSERVED TIME   RECORD YEAR NORMAL DEPARTURE LAST
                VALUE   (LST)  VALUE       VALUE  FROM      YEAR
                                                  NORMAL
..................................................................
TEMPERATURE (F)
 TODAY
  MAXIMUM         54    259 PM  MM      MM  56     -2       67
  MINIMUM         42    620 AM  MM      MM  35      7       30
  AVERAGE         48                        46      2       49

PRECIPITATION (IN)
  TODAY            0.16                      0.22  -0.06     0.00
  MONTH TO DATE    0.16                      0.22  -0.06     0.00
  SINCE DEC 1     13.06                     10.35   2.71    13.27
  SINCE JAN 1      4.98                      5.55  -0.57     2.93

SNOWFALL (IN)
  TODAY            0.0                      MM     MM        0.0
  MONTH TO DATE    0.0                      MM     MM        0.0
  SINCE DEC 1      0.0                      MM     MM        1.0
  SINCE JUL 1      0.0                      MM     MM        1.0
  SNOW DEPTH       0

DEGREE DAYS
 HEATING
  TODAY           17                        19     -2       16
  MONTH TO DATE   17                        19     -2       16
  SINCE DEC 1   1093                      1239   -146     1371
  SINCE JUL 1   1619                      1683    -64     1827
..................................................................


WIND (MPH)
  HIGHEST WIND SPEED    13   HIGHEST WIND DIRECTION     S (160)
  HIGHEST GUST SPEED    20   HIGHEST GUST DIRECTION     S (160)
  AVERAGE WIND SPEED     3.2


SKY COVER
  POSSIBLE SUNSHINE  MM
  AVERAGE SKY COVER 0.6


WEATHER CONDITIONS
 THE FOLLOWING WEATHER WAS RECORDED TODAY.
  RAIN
  LIGHT RAIN
  FOG


RELATIVE HUMIDITY (PERCENT)
 HIGHEST    96          1200 PM
 LOWEST     45          1200 AM
 AVERAGE    71

..........................................................


THE SHELBY COUNTY AIRPORT CLIMATE NORMALS FOR TOMORROW
                         NORMAL    RECORD    YEAR
 MAXIMUM TEMPERATURE (F)   56        MM        MM
 MINIMUM TEMPERATURE (F)   35        MM        MM


SUNRISE AND SUNSET
FEBRUARY  1 2015......SUNRISE   643 AM CST   SUNSET   519 PM CST
FEBRUARY  2 2015......SUNRISE   642 AM CST   SUNSET   520 PM CST


-  INDICATES NEGATIVE NUMBERS.
R  INDICATES RECORD WAS SET OR TIED.
MM INDICATES DATA IS MISSING.
T  INDICATES TRACE AMOUNT.




$$
