000
CDUS44 KBMX 062113
CLIEET


CLIMATE REPORT
NATIONAL WEATHER SERVICE BIRMINGHAM, AL
413 PM CDT FRI MAY 6 2016


...................................

...THE SHELBY COUNTY AIRPORT CLIMATE SUMMARY FOR MAY 6 2016...
VALID AS OF 0400 PM LOCAL TIME.

CLIMATE NORMAL PERIOD 1981 TO 2010
CLIMATE RECORD PERIOD 9999 TO 9999


WEATHER ITEM   OBSERVED TIME   RECORD YEAR NORMAL DEPARTURE LAST
                VALUE   (LST)  VALUE       VALUE  FROM      YEAR
                                                  NORMAL
..................................................................
TEMPERATURE (F)
 TODAY
  MAXIMUM         74    259 PM  MM      MM  79     -5       82
  MINIMUM         47    510 AM  MM      MM  57    -10       58
  AVERAGE         61                        68     -7       70

PRECIPITATION (IN)
  TODAY            0.00                      0.14  -0.14     0.00
  MONTH TO DATE    0.66                      0.84  -0.18     0.00
  SINCE MAR 1     11.03                      9.21   1.82    10.60
  SINCE JAN 1     21.67                     20.29   1.38    19.97

DEGREE DAYS
 COOLING
  TODAY            0                         4     -4        5
  MONTH TO DATE   13                        23    -10       11
  SINCE MAR 1    108                        94     14      120
  SINCE JAN 1    115                        98     17      120
..................................................................


WIND (MPH)
  HIGHEST WIND SPEED    16   HIGHEST WIND DIRECTION    NW (320)
  HIGHEST GUST SPEED    25   HIGHEST GUST DIRECTION     N (340)
  AVERAGE WIND SPEED     7.2


SKY COVER
  POSSIBLE SUNSHINE  MM
  AVERAGE SKY COVER 0.1


WEATHER CONDITIONS
 THE FOLLOWING WEATHER WAS RECORDED TODAY.
  NO SIGNIFICANT WEATHER WAS OBSERVED.


RELATIVE HUMIDITY (PERCENT)
 HIGHEST    80           500 AM
 LOWEST     34           100 PM
 AVERAGE    57

..........................................................


THE SHELBY COUNTY AIRPORT CLIMATE NORMALS FOR TOMORROW
                         NORMAL    RECORD    YEAR
 MAXIMUM TEMPERATURE (F)   79        MM        MM
 MINIMUM TEMPERATURE (F)   57        MM        MM


SUNRISE AND SUNSET
MAY  6 2016...........SUNRISE   554 AM CDT   SUNSET   734 PM CDT
MAY  7 2016...........SUNRISE   553 AM CDT   SUNSET   734 PM CDT


-  INDICATES NEGATIVE NUMBERS.
R  INDICATES RECORD WAS SET OR TIED.
MM INDICATES DATA IS MISSING.
T  INDICATES TRACE AMOUNT.




$$
