000
CDUS46 KEKA 220023
CLIEKA


CLIMATE REPORT
NATIONAL WEATHER SERVICE EUREKA CA
522 PM PDT MON AUG 21 2017


...................................

...THE EUREKA CA CLIMATE SUMMARY FOR AUGUST 21 2017...
VALID TODAY AS OF 0500 PM LOCAL TIME.

CLIMATE NORMAL PERIOD 1981 TO 2010
CLIMATE RECORD PERIOD 1886 TO 2017


WEATHER ITEM   OBSERVED RECORD YEAR NORMAL DEPARTURE LAST
                VALUE   VALUE       VALUE  FROM      YEAR
                                           NORMAL
...........................................................
TEMPERATURE (F)
 TODAY
  MAXIMUM         56     73    1971  65     -9       62
  MINIMUM         53     47    1910  53      0       50
                               1890
  AVERAGE         55                 59     -4       56

PRECIPITATION (IN)
  TODAY            T      0.16 2008   0.01  -0.01     0.00
  MONTH TO DATE    0.01               0.17  -0.16      T
  SINCE OCT 1     62.79              39.60  23.19    48.03
  SINCE JAN 1     37.02              23.63  13.39    27.31

SNOWFALL (IN)
  TODAY            0.0    0.0  2002   0.0    0.0      0.0
                               2001
  MONTH TO DATE    0.0                0.0    0.0      0.0
  SINCE JUN 1      0.0                0.0    0.0      0.0
  SINCE JUL 1      0.0                0.0    0.0      0.0
  SNOW DEPTH      MM

...........................................................


WIND (MPH)
  HIGHEST WIND SPEED     7   HIGHEST WIND DIRECTION     W (270)
  HIGHEST GUST SPEED     9   HIGHEST GUST DIRECTION    MM
  AVERAGE WIND SPEED     3.6


SKY COVER
  AVERAGE SKY COVER 1.0


WEATHER CONDITIONS
 THE FOLLOWING WEATHER WAS RECORDED TODAY.
  LIGHT RAIN
  FOG
  HAZE


..........................................................


THE EUREKA CA CLIMATE NORMALS FOR TOMORROW
                         NORMAL    RECORD    YEAR
 MAXIMUM TEMPERATURE (F)   65        77      2001
 MINIMUM TEMPERATURE (F)   53        46      1933
                                             1909


SUNRISE AND SUNSET
AUGUST 21 2017........SUNRISE   633 AM PDT   SUNSET   805 PM PDT
AUGUST 22 2017........SUNRISE   634 AM PDT   SUNSET   804 PM PDT


-  INDICATES NEGATIVE NUMBERS.
R  INDICATES RECORD WAS SET OR TIED.
MM INDICATES DATA IS MISSING.
T  INDICATES TRACE AMOUNT.




&&

..........................................................

TOTAL SEASON     NORMAL   % OF NORMAL     LAST SEASON

    62.79         39.60        159            48.03


$$
