000
CDUS46 KEKA 301209
CLIEKA


CLIMATE REPORT
NATIONAL WEATHER SERVICE EUREKA CA
509 AM PDT SUN APR 30 2017


...................................

...THE EUREKA CA CLIMATE SUMMARY FOR APRIL 29 2017...

CLIMATE NORMAL PERIOD 1981 TO 2010
CLIMATE RECORD PERIOD 1886 TO 2017


WEATHER ITEM   OBSERVED RECORD YEAR NORMAL DEPARTURE LAST
                VALUE   VALUE       VALUE  FROM      YEAR
                                           NORMAL
...........................................................
TEMPERATURE (F)
 YESTERDAY
  MAXIMUM         59     72    2004  59      0       59
  MINIMUM         46     38    1967  46      0       51
                               1952
                               1911
  AVERAGE         53                 52      1       55

PRECIPITATION (IN)
  YESTERDAY        0.00   0.75 1912   0.08  -0.08     0.05
  MONTH TO DATE    5.46               3.24   2.22     2.84
  SINCE OCT 1     60.81              36.64  24.17    46.71
  SINCE JAN 1     35.04              20.67  14.37    25.99

SNOWFALL (IN)
  YESTERDAY        0.0    0.0  2002   0.0    0.0      0.0
                               2001
  MONTH TO DATE    T                  0.0    0.0      0.0
  SINCE MAR 1      T                  0.0    0.0      0.0
  SINCE JUL 1      T                  0.2   -0.2       T
  SNOW DEPTH       0

DEGREE DAYS
 HEATING
  YESTERDAY       12                 13     -1       10
  MONTH TO DATE  368                411    -43      295
  SINCE MAR 1    798                887    -89      686
  SINCE JUL 1   3687               3809   -122     3096

 COOLING
  YESTERDAY        0                  0      0        0
  MONTH TO DATE    0                  0      0        0
  SINCE MAR 1      0                  0      0        0
  SINCE JAN 1      0                  0      0        0
...........................................................


WIND (MPH)
  HIGHEST WIND SPEED     9   HIGHEST WIND DIRECTION    NW (330)
  HIGHEST GUST SPEED    16   HIGHEST GUST DIRECTION    NW (330)
  AVERAGE WIND SPEED     4.2


SKY COVER
  AVERAGE SKY COVER 0.5


WEATHER CONDITIONS
 THE FOLLOWING WEATHER WAS RECORDED YESTERDAY.
  NO SIGNIFICANT WEATHER WAS OBSERVED.


..........................................................


THE EUREKA CA CLIMATE NORMALS FOR TODAY
                         NORMAL    RECORD    YEAR
 MAXIMUM TEMPERATURE (F)   59        80      2014
 MINIMUM TEMPERATURE (F)   46        37      1972
                                             1946


SUNRISE AND SUNSET
APRIL 30 2017.........SUNRISE   616 AM PDT   SUNSET   812 PM PDT
MAY  1 2017...........SUNRISE   615 AM PDT   SUNSET   813 PM PDT


-  INDICATES NEGATIVE NUMBERS.
R  INDICATES RECORD WAS SET OR TIED.
MM INDICATES DATA IS MISSING.
T  INDICATES TRACE AMOUNT.




&&

..........................................................

TOTAL SEASON     NORMAL   % OF NORMAL     LAST SEASON

    60.81         36.64        166            46.71


$$
