000
CDUS46 KEKA 231209
CLIEKA


CLIMATE REPORT
NATIONAL WEATHER SERVICE EUREKA CA
509 AM PDT TUE SEP 23 2014


...................................

...THE EUREKA CA CLIMATE SUMMARY FOR SEPTEMBER 22 2014...

CLIMATE NORMAL PERIOD 1981 TO 2010
CLIMATE RECORD PERIOD 1886 TO 2014


WEATHER ITEM   OBSERVED RECORD YEAR NORMAL DEPARTURE LAST
                VALUE   VALUE       VALUE  FROM      YEAR
                                           NORMAL
...........................................................
TEMPERATURE (F)
 YESTERDAY
  MAXIMUM         70     82    2003  63      7       66
  MINIMUM         59     36    1895  50      9       52
  AVERAGE         65                 56      9       59

PRECIPITATION (IN)
  YESTERDAY        0.00   0.98 1973   0.03  -0.03     0.07
  MONTH TO DATE    0.38               0.38   0.00     0.85
  SINCE JUL 1      0.42               0.87  -0.45     0.93
  SINCE JAN 1     16.41              24.15  -7.74    12.41

SNOWFALL (IN)
  YESTERDAY        0.0    0.0  2002   0.0    0.0      0.0
                               2001
  MONTH TO DATE    0.0                0.0    0.0      0.0
  SINCE SEP 1      0.0                0.0    0.0      0.0
  SINCE JUL 1      0.0                0.0    0.0      0.0
  SNOW DEPTH       0

DEGREE DAYS
 HEATING
  YESTERDAY        0                  9     -9        6
  MONTH TO DATE  129                167    -38       79
  SINCE SEP 1    129                167    -38       79
  SINCE JUL 1    492                593   -101      498

 COOLING
  YESTERDAY        0                  0      0        0
  MONTH TO DATE    0                  0      0        1
  SINCE SEP 1      0                  0      0        1
  SINCE JAN 1      1                  0      1        6
...........................................................


WIND (MPH)
  HIGHEST WIND SPEED    10   HIGHEST WIND DIRECTION     W (270)
  HIGHEST GUST SPEED    17   HIGHEST GUST DIRECTION    MM
  AVERAGE WIND SPEED     3.7


SKY COVER
  AVERAGE SKY COVER 0.8


WEATHER CONDITIONS
 THE FOLLOWING WEATHER WAS RECORDED YESTERDAY.
  NO SIGNIFICANT WEATHER WAS OBSERVED.


..........................................................


THE EUREKA CA CLIMATE NORMALS FOR TODAY
                         NORMAL    RECORD    YEAR
 MAXIMUM TEMPERATURE (F)   63        82      2006
 MINIMUM TEMPERATURE (F)   49        42      2006
                                             1996
                                             1913


SUNRISE AND SUNSET
SEPTEMBER 23 2014.....SUNRISE   705 AM PDT   SUNSET   712 PM PDT
SEPTEMBER 24 2014.....SUNRISE   706 AM PDT   SUNSET   710 PM PDT


-  INDICATES NEGATIVE NUMBERS.
R  INDICATES RECORD WAS SET OR TIED.
MM INDICATES DATA IS MISSING.
T  INDICATES TRACE AMOUNT.




&&

..........................................................

TOTAL SEASON     NORMAL   % OF NORMAL     LAST SEASON

     0.42          0.87        48             0.93


$$
