484
CDUS46 KEKA 261209
CLIEKA


CLIMATE REPORT
NATIONAL WEATHER SERVICE EUREKA CA
509 AM PDT MON JUN 26 2017


...................................

...THE EUREKA CA CLIMATE SUMMARY FOR JUNE 25 2017...

CLIMATE NORMAL PERIOD 1981 TO 2010
CLIMATE RECORD PERIOD 1886 TO 2017


WEATHER ITEM   OBSERVED RECORD YEAR NORMAL DEPARTURE LAST
                VALUE   VALUE       VALUE  FROM      YEAR
                                           NORMAL
...........................................................
TEMPERATURE (F)
 YESTERDAY
  MAXIMUM         62     81    1982  63     -1       63
  MINIMUM         53     43    1887  51      2       49
  AVERAGE         58                 57      1       56

PRECIPITATION (IN)
  YESTERDAY        T      1.07 1971   0.01  -0.01     0.00
  MONTH TO DATE    0.58               0.69  -0.11     0.02
  SINCE OCT 1     62.70              39.19  23.51    47.49
  SINCE JAN 1     36.93              23.22  13.71    26.77

SNOWFALL (IN)
  YESTERDAY        0.0    0.0  2002   0.0    0.0      0.0
                               2001
  MONTH TO DATE    0.0                0.0    0.0      0.0
  SINCE JUN 1      0.0                0.0    0.0      0.0
  SINCE JUL 1      T                  0.2   -0.2       T
  SNOW DEPTH       0

DEGREE DAYS
 HEATING
  YESTERDAY        7                  8     -1        9
  MONTH TO DATE  197                226    -29      187
  SINCE JUN 1    197                226    -29      187
  SINCE JUL 1   4257               4394   -137     3590

 COOLING
  YESTERDAY        0                  0      0        0
  MONTH TO DATE    0                  0      0        0
  SINCE JUN 1      0                  0      0        0
  SINCE JAN 1      0                  0      0        0
...........................................................


WIND (MPH)
  HIGHEST WIND SPEED     9   HIGHEST WIND DIRECTION     W (270)
  HIGHEST GUST SPEED    12   HIGHEST GUST DIRECTION    MM
  AVERAGE WIND SPEED     3.0


SKY COVER
  AVERAGE SKY COVER 1.0


WEATHER CONDITIONS
 THE FOLLOWING WEATHER WAS RECORDED YESTERDAY.
  LIGHT RAIN
  FOG


..........................................................


THE EUREKA CA CLIMATE NORMALS FOR TODAY
                         NORMAL    RECORD    YEAR
 MAXIMUM TEMPERATURE (F)   63        71      2003
                                             1984
                                             1982
 MINIMUM TEMPERATURE (F)   51        40      1887


SUNRISE AND SUNSET
JUNE 26 2017..........SUNRISE   547 AM PDT   SUNSET   852 PM PDT
JUNE 27 2017..........SUNRISE   547 AM PDT   SUNSET   852 PM PDT


-  INDICATES NEGATIVE NUMBERS.
R  INDICATES RECORD WAS SET OR TIED.
MM INDICATES DATA IS MISSING.
T  INDICATES TRACE AMOUNT.




&&

..........................................................

TOTAL SEASON     NORMAL   % OF NORMAL     LAST SEASON

    62.70         39.19        160            47.49


$$
