000
CDUS46 KEKA 071226
CLIEKA


CLIMATE REPORT
NATIONAL WEATHER SERVICE EUREKA CA
426 AM PST WED DEC 7 2016


...................................

...THE EUREKA CA CLIMATE SUMMARY FOR DECEMBER 6 2016...

CLIMATE NORMAL PERIOD 1981 TO 2010
CLIMATE RECORD PERIOD 1886 TO 2016


WEATHER ITEM   OBSERVED RECORD YEAR NORMAL DEPARTURE LAST
                VALUE   VALUE       VALUE  FROM      YEAR
                                           NORMAL
...........................................................
TEMPERATURE (F)
 YESTERDAY
  MAXIMUM         49     66    1934  55     -6       62
  MINIMUM         34     29    2013  41     -7       50
  AVERAGE         42                 48     -6       56

PRECIPITATION (IN)
  YESTERDAY        0.32   2.73 1952   0.25   0.07     0.14
  MONTH TO DATE    0.41               1.55  -1.14     2.00
  SINCE OCT 1     18.31               9.40   8.91     8.06
  SINCE JAN 1     45.67              33.76  11.91    21.18

SNOWFALL (IN)
  YESTERDAY       MM      T    2009   0.0   MM        0.0
  MONTH TO DATE    0.0                0.0    0.0      0.0
  SINCE DEC 1      0.0                0.0    0.0      0.0
  SINCE JUL 1      T                  0.0    0.0       T
  SNOW DEPTH       0

DEGREE DAYS
 HEATING
  YESTERDAY       23                 17      6        9
  MONTH TO DATE  122                101     21       61
  SINCE DEC 1    122                101     21       61
  SINCE JUL 1   1356               1523   -167     1143

 COOLING
  YESTERDAY        0                  0      0        0
  MONTH TO DATE    0                  0      0        0
  SINCE DEC 1      0                  0      0        0
  SINCE JAN 1      0                  0      0        6
...........................................................


WIND (MPH)
  HIGHEST WIND SPEED    13   HIGHEST WIND DIRECTION     N (360)
  HIGHEST GUST SPEED    23   HIGHEST GUST DIRECTION    MM
  AVERAGE WIND SPEED     3.8


SKY COVER
  AVERAGE SKY COVER 0.6


WEATHER CONDITIONS
 THE FOLLOWING WEATHER WAS RECORDED YESTERDAY.
  LIGHT RAIN


..........................................................


THE EUREKA CA CLIMATE NORMALS FOR TODAY
                         NORMAL    RECORD    YEAR
 MAXIMUM TEMPERATURE (F)   55        67      2014
 MINIMUM TEMPERATURE (F)   41        28      2013
                                             2009
                                             1978


SUNRISE AND SUNSET
DECEMBER  7 2016......SUNRISE   728 AM PST   SUNSET   449 PM PST
DECEMBER  8 2016......SUNRISE   729 AM PST   SUNSET   449 PM PST


-  INDICATES NEGATIVE NUMBERS.
R  INDICATES RECORD WAS SET OR TIED.
MM INDICATES DATA IS MISSING.
T  INDICATES TRACE AMOUNT.




&&

..........................................................

TOTAL SEASON     NORMAL   % OF NORMAL     LAST SEASON

    18.31          9.40        195             8.06


$$
