000
CDUS46 KEKA 311211
CLIEKA


CLIMATE REPORT
NATIONAL WEATHER SERVICE EUREKA CA
508 AM PDT THU JUL 31 2014


...................................

...THE EUREKA CA CLIMATE SUMMARY FOR JULY 30 2014...

CLIMATE NORMAL PERIOD 1981 TO 2010
CLIMATE RECORD PERIOD 1886 TO 2014


WEATHER ITEM   OBSERVED RECORD YEAR NORMAL DEPARTURE LAST
                VALUE   VALUE       VALUE  FROM      YEAR
                                           NORMAL
...........................................................
TEMPERATURE (F)
 YESTERDAY
  MAXIMUM         63     69    1947  64     -1       61
  MINIMUM         53     48    1995  53      0       52
                               1945
  AVERAGE         58                 58      0       57

PRECIPITATION (IN)
  YESTERDAY        T      0.15 2001   0.01  -0.01      T
  MONTH TO DATE    0.02               0.18  -0.16      T
  SINCE JUL 1      0.02               0.18  -0.16      T
  SINCE JAN 1     16.01              23.46  -7.45    11.48

SNOWFALL (IN)
  YESTERDAY        0.0   MM      MM   0.0    0.0      0.0
  MONTH TO DATE    0.0                0.0    0.0      0.0
  SINCE JUN 1      0.0                0.0    0.0      0.0
  SINCE JUL 1      0.0                0.0    0.0      0.0
  SNOW DEPTH       0

DEGREE DAYS
 HEATING
  YESTERDAY        7                  7      0        8
  MONTH TO DATE  180                221    -41      254
  SINCE JUN 1    432                487    -55      477
  SINCE JUL 1    180                221    -41      254

 COOLING
  YESTERDAY        0                  0      0        0
  MONTH TO DATE    0                  0      0        0
  SINCE JUN 1      0                  0      0        0
  SINCE JAN 1      1                  0      1        0
...........................................................


WIND (MPH)
  HIGHEST WIND SPEED     9   HIGHEST WIND DIRECTION    NW (320)
  HIGHEST GUST SPEED    13   HIGHEST GUST DIRECTION    MM
  AVERAGE WIND SPEED     4.5


SKY COVER
  AVERAGE SKY COVER 0.9


WEATHER CONDITIONS
 THE FOLLOWING WEATHER WAS RECORDED YESTERDAY.
  LIGHT RAIN
  FOG


..........................................................


THE EUREKA CA CLIMATE NORMALS FOR TODAY
                         NORMAL    RECORD    YEAR
 MAXIMUM TEMPERATURE (F)   64        74      1995
 MINIMUM TEMPERATURE (F)   53        49      1975
                                             1954
                                             1950


SUNRISE AND SUNSET
JULY 31 2014..........SUNRISE   612 AM PDT   SUNSET   833 PM PDT
AUGUST  1 2014........SUNRISE   613 AM PDT   SUNSET   832 PM PDT


-  INDICATES NEGATIVE NUMBERS.
R  INDICATES RECORD WAS SET OR TIED.
MM INDICATES DATA IS MISSING.
T  INDICATES TRACE AMOUNT.




&&

..........................................................

TOTAL SEASON     NORMAL   % OF NORMAL     LAST SEASON

     0.02          0.18        11             0.00

$$
