000
CDUS46 KEKA 011210
CLIEKA


CLIMATE REPORT
NATIONAL WEATHER SERVICE EUREKA CA
510 AM PDT SAT AUG 1 2015


...................................

...THE EUREKA CA CLIMATE SUMMARY FOR JULY 31 2015...

CLIMATE NORMAL PERIOD 1981 TO 2010
CLIMATE RECORD PERIOD 1886 TO 2015


WEATHER ITEM   OBSERVED RECORD YEAR NORMAL DEPARTURE LAST
                VALUE   VALUE       VALUE  FROM      YEAR
                                           NORMAL
...........................................................
TEMPERATURE (F)
 YESTERDAY
  MAXIMUM         66     74    1995  64      2       62
  MINIMUM         55     49    1975  53      2       52
                               1954
                               1950
  AVERAGE         61                 58      3       57

PRECIPITATION (IN)
  YESTERDAY        0.00   0.27 1964   0.00   0.00     0.00
  MONTH TO DATE    0.15               0.18  -0.03     0.02
  SINCE OCT 1     30.82              39.43  -8.61    17.91
  SINCE JAN 1     12.44              23.46 -11.02    16.01

SNOWFALL (IN)
  YESTERDAY        0.0    0.0  2002   0.0    0.0      0.0
                               2001
  MONTH TO DATE    0.0                0.0    0.0      0.0
  SINCE JUN 1      0.0                0.0    0.0      0.0
  SINCE JUL 1      0.0                0.0    0.0      0.0
  SNOW DEPTH       0

DEGREE DAYS
 HEATING
  YESTERDAY        4                  7     -3        8
  MONTH TO DATE  117                228   -111      188
  SINCE JUN 1    358                492   -134      440
  SINCE JUL 1    117                226   -109      188

 COOLING
  YESTERDAY        0                  0      0        0
  MONTH TO DATE    1                  0      1        0
  SINCE JUN 1      1                  0      1        0
  SINCE JAN 1      1                  0      1        1
...........................................................


WIND (MPH)
  HIGHEST WIND SPEED    12   HIGHEST WIND DIRECTION    SW (240)
  HIGHEST GUST SPEED    16   HIGHEST GUST DIRECTION    MM
  AVERAGE WIND SPEED     3.5


SKY COVER
  AVERAGE SKY COVER 0.9


WEATHER CONDITIONS
 THE FOLLOWING WEATHER WAS RECORDED YESTERDAY.
  FOG
  FOG W/VISIBILITY <= 1/4 MILE


..........................................................


THE EUREKA CA CLIMATE NORMALS FOR TODAY
                         NORMAL    RECORD    YEAR
 MAXIMUM TEMPERATURE (F)   64        69      2003
                                             1993
                                             1989
 MINIMUM TEMPERATURE (F)   53        48      1897


SUNRISE AND SUNSET
AUGUST  1 2015........SUNRISE   613 AM PDT   SUNSET   832 PM PDT
AUGUST  2 2015........SUNRISE   614 AM PDT   SUNSET   831 PM PDT


-  INDICATES NEGATIVE NUMBERS.
R  INDICATES RECORD WAS SET OR TIED.
MM INDICATES DATA IS MISSING.
T  INDICATES TRACE AMOUNT.




&&

..........................................................

TOTAL SEASON     NORMAL   % OF NORMAL     LAST SEASON

    30.82         39.43        78            17.91


$$
