000
CDUS46 KEKA 271210
CLIEKA


CLIMATE REPORT
NATIONAL WEATHER SERVICE EUREKA CA
410 AM PST MON FEB 27 2017


...................................

...THE EUREKA CA CLIMATE SUMMARY FOR FEBRUARY 26 2017...

CLIMATE NORMAL PERIOD 1981 TO 2010
CLIMATE RECORD PERIOD 1886 TO 2017


WEATHER ITEM   OBSERVED RECORD YEAR NORMAL DEPARTURE LAST
                VALUE   VALUE       VALUE  FROM      YEAR
                                           NORMAL
...........................................................
TEMPERATURE (F)
 YESTERDAY
  MAXIMUM         49     71    1932  56     -7       58
  MINIMUM         35     28    2011  42     -7       47
  AVERAGE         42                 49     -7       53

PRECIPITATION (IN)
  YESTERDAY        0.34   1.76 2010   0.20   0.14     0.25
  MONTH TO DATE   10.73               5.22   5.51     2.88
  SINCE OCT 1     47.01              27.69  19.32    35.66
  SINCE JAN 1     21.24              11.72   9.52    14.94

SNOWFALL (IN)
  YESTERDAY       MM     MM      MM   0.0   MM       MM
  MONTH TO DATE    T                  0.2   -0.2      0.0
  SINCE DEC 1      T                  0.2   -0.2       T
  SINCE JUL 1      T                  0.2   -0.2       T
  SNOW DEPTH       0

DEGREE DAYS
 HEATING
  YESTERDAY       23                 16      7       12
  MONTH TO DATE  387                416    -29      351
  SINCE DEC 1   1614               1465    149     1283
  SINCE JUL 1   2848               2887    -39     2365

 COOLING
  YESTERDAY        0                  0      0        0
  MONTH TO DATE    0                  0      0        0
  SINCE DEC 1      0                  0      0        0
  SINCE JAN 1      0                  0      0        0
...........................................................


WIND (MPH)
  HIGHEST WIND SPEED    10   HIGHEST WIND DIRECTION    SW (220)
  HIGHEST GUST SPEED    22   HIGHEST GUST DIRECTION    SW (240)
  AVERAGE WIND SPEED     4.4


SKY COVER
  AVERAGE SKY COVER 0.9


WEATHER CONDITIONS
 THE FOLLOWING WEATHER WAS RECORDED YESTERDAY.
  LIGHT RAIN


..........................................................


THE EUREKA CA CLIMATE NORMALS FOR TODAY
                         NORMAL    RECORD    YEAR
 MAXIMUM TEMPERATURE (F)   56        70      1985
 MINIMUM TEMPERATURE (F)   42        27      1962
                                             1890


SUNRISE AND SUNSET
FEBRUARY 27 2017......SUNRISE   653 AM PST   SUNSET   606 PM PST
FEBRUARY 28 2017......SUNRISE   652 AM PST   SUNSET   607 PM PST


-  INDICATES NEGATIVE NUMBERS.
R  INDICATES RECORD WAS SET OR TIED.
MM INDICATES DATA IS MISSING.
T  INDICATES TRACE AMOUNT.




&&

..........................................................

TOTAL SEASON     NORMAL   % OF NORMAL     LAST SEASON

    47.01         27.69        170            35.66


$$
