000
CDUS46 KEKA 161213
CLIEKA


CLIMATE REPORT
NATIONAL WEATHER SERVICE EUREKA CA
413 AM PST SAT DEC 16 2017


...................................

...THE EUREKA CA CLIMATE SUMMARY FOR DECEMBER 15 2017...

CLIMATE NORMAL PERIOD 1981 TO 2010
CLIMATE RECORD PERIOD 1886 TO 2017


WEATHER ITEM   OBSERVED RECORD YEAR NORMAL DEPARTURE LAST
                VALUE   VALUE       VALUE  FROM      YEAR
                                           NORMAL
...........................................................
TEMPERATURE (F)
 YESTERDAY
  MAXIMUM         52     70    1891  55     -3       56
  MINIMUM         42     29    1932  40      2       46
  AVERAGE         47                 48     -1       51

PRECIPITATION (IN)
  YESTERDAY        0.00   1.99 2002   0.27  -0.27     1.04
  MONTH TO DATE    0.87               3.90  -3.03     6.65
  SINCE OCT 1      9.91              11.75  -1.84    24.55
  SINCE JAN 1     47.98              36.11  11.87    51.91

SNOWFALL (IN)
  YESTERDAY        0.0    0.0  2001   0.0    0.0     MM
  MONTH TO DATE    0.0                0.0    0.0      0.0
  SINCE DEC 1      0.0                0.0    0.0      0.0
  SINCE JUL 1      0.0                0.0    0.0       T
  SNOW DEPTH       0

DEGREE DAYS
 HEATING
  YESTERDAY       18                 17      1       14
  MONTH TO DATE  258                254      4      270
  SINCE DEC 1    258                254      4      270
  SINCE JUL 1   1518               1676   -158     1504

 COOLING
  YESTERDAY        0                  0      0        0
  MONTH TO DATE    0                  0      0        0
  SINCE DEC 1      0                  0      0        0
  SINCE JAN 1     15                  0     15        0
...........................................................


WIND (MPH)
  HIGHEST WIND SPEED    17   HIGHEST WIND DIRECTION     N (10)
  HIGHEST GUST SPEED    30   HIGHEST GUST DIRECTION     N (10)
  AVERAGE WIND SPEED     5.5


SKY COVER
  AVERAGE SKY COVER 1.0


WEATHER CONDITIONS
 THE FOLLOWING WEATHER WAS RECORDED YESTERDAY.
  FOG


..........................................................


THE EUREKA CA CLIMATE NORMALS FOR TODAY
                         NORMAL    RECORD    YEAR
 MAXIMUM TEMPERATURE (F)   55        66      1950
 MINIMUM TEMPERATURE (F)   40        29      1965


SUNRISE AND SUNSET
DECEMBER 16 2017......SUNRISE   735 AM PST   SUNSET   450 PM PST
DECEMBER 17 2017......SUNRISE   735 AM PST   SUNSET   451 PM PST


-  INDICATES NEGATIVE NUMBERS.
R  INDICATES RECORD WAS SET OR TIED.
MM INDICATES DATA IS MISSING.
T  INDICATES TRACE AMOUNT.




&&

..........................................................

TOTAL SEASON     NORMAL   % OF NORMAL     LAST SEASON

     9.91         11.75        84            24.55


$$
