000
CDUS46 KEKA 101214
CLIEKA


CLIMATE REPORT
NATIONAL WEATHER SERVICE EUREKA CA
414 AM PST WED FEB 10 2016


...................................

...THE EUREKA CA CLIMATE SUMMARY FOR FEBRUARY 9 2016...

CLIMATE NORMAL PERIOD 1981 TO 2010
CLIMATE RECORD PERIOD 1886 TO 2016


WEATHER ITEM   OBSERVED RECORD YEAR NORMAL DEPARTURE LAST
                VALUE   VALUE       VALUE  FROM      YEAR
                                           NORMAL
...........................................................
TEMPERATURE (F)
 YESTERDAY
  MAXIMUM         65     70    1928  56      9       60
  MINIMUM         44     28    1923  42      2       46
                               1887
  AVERAGE         55                 49      6       53

PRECIPITATION (IN)
  YESTERDAY        0.00   3.61 1902   0.21  -0.21     0.50
  MONTH TO DATE    0.38               1.83  -1.45     4.56
  SINCE OCT 1     33.16              24.30   8.86    24.30
  SINCE JAN 1     12.44               8.33   4.11     5.92

SNOWFALL (IN)
  YESTERDAY        0.0    0.0  2002   0.0    0.0     MM
  MONTH TO DATE    0.0                0.1   -0.1      0.0
  SINCE DEC 1      T                  0.1   -0.1      0.0
  SINCE JUL 1      T                  0.1   -0.1      0.0
  SNOW DEPTH       0

DEGREE DAYS
 HEATING
  YESTERDAY       10                 16     -6       12
  MONTH TO DATE  128                144    -16       64
  SINCE DEC 1   1060               1193   -133      859
  SINCE JUL 1   2142               2615   -473     1879

 COOLING
  YESTERDAY        0                  0      0        0
  MONTH TO DATE    0                  0      0        0
  SINCE DEC 1      0                  0      0        0
  SINCE JAN 1      0                  0      0        0
...........................................................


WIND (MPH)
  HIGHEST WIND SPEED     9   HIGHEST WIND DIRECTION    NE (40)
  HIGHEST GUST SPEED    20   HIGHEST GUST DIRECTION    MM
  AVERAGE WIND SPEED     4.2


SKY COVER
  AVERAGE SKY COVER 0.9


WEATHER CONDITIONS
 THE FOLLOWING WEATHER WAS RECORDED YESTERDAY.
  NO SIGNIFICANT WEATHER WAS OBSERVED.


..........................................................


THE EUREKA CA CLIMATE NORMALS FOR TODAY
                         NORMAL    RECORD    YEAR
 MAXIMUM TEMPERATURE (F)   56        68      1987
 MINIMUM TEMPERATURE (F)   42        30      1894


SUNRISE AND SUNSET
FEBRUARY 10 2016......SUNRISE   717 AM PST   SUNSET   545 PM PST
FEBRUARY 11 2016......SUNRISE   716 AM PST   SUNSET   546 PM PST


-  INDICATES NEGATIVE NUMBERS.
R  INDICATES RECORD WAS SET OR TIED.
MM INDICATES DATA IS MISSING.
T  INDICATES TRACE AMOUNT.




&&

..........................................................

TOTAL SEASON     NORMAL   % OF NORMAL     LAST SEASON

    33.16         24.30        136            24.30


$$
