000
CDUS41 KRLX 222141
CLIEKN


CLIMATE REPORT
NATIONAL WEATHER SERVICE CHARLESTON WV
540 PM EDT MON MAY 22 2017


...................................

...THE ELKINS WV CLIMATE SUMMARY FOR MAY 22 2017...
VALID TODAY AS OF 0500 PM LOCAL TIME.

CLIMATE NORMAL PERIOD 1981 TO 2010
CLIMATE RECORD PERIOD 1899 TO 2017


WEATHER ITEM   OBSERVED TIME   RECORD YEAR NORMAL DEPARTURE LAST
                VALUE   (LST)  VALUE       VALUE  FROM      YEAR
                                                  NORMAL
..................................................................
TEMPERATURE (F)
 TODAY
  MAXIMUM         71    107 PM  90    1911  72     -1       59
  MINIMUM         57    121 AM  26    2002  47     10       49
  AVERAGE         64                        60      4       54

PRECIPITATION (IN)
  TODAY            0.01          1.18 1999   0.17  -0.16     0.23
  MONTH TO DATE    2.48                      3.61  -1.13     6.13
  SINCE MAR 1     11.57                     11.37   0.20    11.95
  SINCE JAN 1     18.82                     17.70   1.12    17.33

DEGREE DAYS
 HEATING
  TODAY            1                         6     -5       11
  MONTH TO DATE  166                       189    -23      215
  SINCE MAR 1   1156                      1431   -275     1203
  SINCE JUL 1   4559                      5752  -1193     4945

 COOLING
  TODAY            0                         1     -1        0
  MONTH TO DATE   29                         9     20        3
  SINCE MAR 1     39                        12     27        6
  SINCE JAN 1     39                        12     27        6
..................................................................


WIND (MPH)
  HIGHEST WIND SPEED    15   HIGHEST WIND DIRECTION     W (290)
  HIGHEST GUST SPEED    19   HIGHEST GUST DIRECTION    NW (300)
  AVERAGE WIND SPEED     7.1


SKY COVER
  POSSIBLE SUNSHINE  MM
  AVERAGE SKY COVER 0.7


WEATHER CONDITIONS
 THE FOLLOWING WEATHER WAS RECORDED TODAY.
  LIGHT RAIN
  FOG


RELATIVE HUMIDITY (PERCENT)
 HIGHEST    86           100 AM
 LOWEST     53           200 PM
 AVERAGE    70

..........................................................


THE ELKINS WV CLIMATE NORMALS FOR TOMORROW
                         NORMAL    RECORD    YEAR
 MAXIMUM TEMPERATURE (F)   72        87      1966
 MINIMUM TEMPERATURE (F)   48        29      2006


SUNRISE AND SUNSET
MAY 22 2017...........SUNRISE   601 AM EDT   SUNSET   831 PM EDT
MAY 23 2017...........SUNRISE   601 AM EDT   SUNSET   832 PM EDT


-  INDICATES NEGATIVE NUMBERS.
R  INDICATES RECORD WAS SET OR TIED.
MM INDICATES DATA IS MISSING.
T  INDICATES TRACE AMOUNT.




$$
