000
CDUS41 KRLX 210717
CLIEKN


CLIMATE REPORT
NATIONAL WEATHER SERVICE CHARLESTON WV
317 AM EDT THU AUG 21 2014


...................................

...THE ELKINS WV CLIMATE SUMMARY FOR AUGUST 20 2014...

CLIMATE NORMAL PERIOD 1981 TO 2010
CLIMATE RECORD PERIOD 1899 TO 2014


WEATHER ITEM   OBSERVED TIME   RECORD YEAR NORMAL DEPARTURE LAST
                VALUE   (LST)  VALUE       VALUE  FROM      YEAR
                                                  NORMAL
..................................................................
TEMPERATURE (F)
 YESTERDAY
  MAXIMUM         82    250 PM  90    1937  80      2       81
                                      1914
  MINIMUM         60    606 AM  40    1981  58      2       57
  AVERAGE         71                        69      2       69

PRECIPITATION (IN)
  YESTERDAY        0.01          1.77 1924   0.12  -0.11     0.00
  MONTH TO DATE    2.21                      2.58  -0.37     3.78
  SINCE JAN 1     27.35                     31.55  -4.20    28.66

SNOWFALL (IN)
  YESTERDAY        0.0
  MONTH TO DATE    0.0
  SINCE SEP 1     92.3
  SNOW DEPTH       0

DEGREE DAYS
 HEATING
  YESTERDAY        0                         1     -1        0
  MONTH TO DATE   18                         5     13       19
  SINCE JUN 1     65                        72     -7       35
  SINCE JUL 1     51                        17     34       23

 COOLING
  YESTERDAY        6                         5      1        4
  MONTH TO DATE   62                       100    -38       81
  SINCE JUN 1    350                       358     -8      386
  SINCE JAN 1    386                       381      5      411
..................................................................


WIND (MPH)
  HIGHEST WIND SPEED    14   HIGHEST WIND DIRECTION     W (260)
  HIGHEST GUST SPEED    21   HIGHEST GUST DIRECTION     W (250)
  AVERAGE WIND SPEED     2.3


SKY COVER
  POSSIBLE SUNSHINE  MM
  AVERAGE SKY COVER 0.5


WEATHER CONDITIONS
 THE FOLLOWING WEATHER WAS RECORDED YESTERDAY.
  LIGHT RAIN
  FOG
  FOG W/VISIBILITY <= 1/4 MILE


RELATIVE HUMIDITY (PERCENT)
 HIGHEST   100           700 AM
 LOWEST     54           100 PM
 AVERAGE    77

..........................................................


THE ELKINS WV CLIMATE NORMALS FOR TODAY
                         NORMAL    RECORD    YEAR
 MAXIMUM TEMPERATURE (F)   80        94      1936
 MINIMUM TEMPERATURE (F)   58        38      1981


SUNRISE AND SUNSET
AUGUST 21 2014........SUNRISE   638 AM EDT   SUNSET   806 PM EDT
AUGUST 22 2014........SUNRISE   639 AM EDT   SUNSET   805 PM EDT


-  INDICATES NEGATIVE NUMBERS.
R  INDICATES RECORD WAS SET OR TIED.
MM INDICATES DATA IS MISSING.
T  INDICATES TRACE AMOUNT.




$$
