482
CDUS41 KRLX 110817
CLIEKN


CLIMATE REPORT
NATIONAL WEATHER SERVICE CHARLESTON WV
317 AM EST SUN DEC 11 2016


...................................

...THE ELKINS WV CLIMATE SUMMARY FOR DECEMBER 10 2016...

CLIMATE NORMAL PERIOD 1981 TO 2010
CLIMATE RECORD PERIOD 1899 TO 2016


WEATHER ITEM   OBSERVED TIME   RECORD YEAR NORMAL DEPARTURE LAST
                VALUE   (LST)  VALUE       VALUE  FROM      YEAR
                                                  NORMAL
..................................................................
TEMPERATURE (F)
 YESTERDAY
  MAXIMUM         24    406 PM  72    1971  44    -20       60
  MINIMUM         14    956 PM  -3    1917  24    -10       35
  AVERAGE         19                        34    -15       48

PRECIPITATION (IN)
  YESTERDAY        T             1.38 1952   0.12  -0.12     0.01
  MONTH TO DATE    1.05                      1.13  -0.08     1.49
  SINCE JAN 1     41.24                     43.80  -2.56    44.96

SNOWFALL (IN)
  YESTERDAY        T
  MONTH TO DATE    2.0
  SINCE SEP 1      6.7
  SNOW DEPTH       1

DEGREE DAYS
 HEATING
  YESTERDAY       46                        31     15       17
  MONTH TO DATE  315                       298     17      234
  SINCE DEC 1    315                       298     17      234
  SINCE JUL 1   1260                      1582   -322     1237

 COOLING
  YESTERDAY        0                         0      0        0
  MONTH TO DATE    0                         0      0        0
  SINCE DEC 1      0                         0      0        0
  SINCE JAN 1    809                       475    334      627
..................................................................


WIND (MPH)
  HIGHEST WIND SPEED    14   HIGHEST WIND DIRECTION    NW (310)
  HIGHEST GUST SPEED    17   HIGHEST GUST DIRECTION    NW (320)
  AVERAGE WIND SPEED     4.1


SKY COVER
  POSSIBLE SUNSHINE  MM
  AVERAGE SKY COVER 0.8


WEATHER CONDITIONS
 THE FOLLOWING WEATHER WAS RECORDED YESTERDAY.
  LIGHT SNOW
  HAZE


RELATIVE HUMIDITY (PERCENT)
 HIGHEST    80           700 PM
 LOWEST     59           200 PM
 AVERAGE    70

..........................................................


THE ELKINS WV CLIMATE NORMALS FOR TODAY
                         NORMAL    RECORD    YEAR
 MAXIMUM TEMPERATURE (F)   43        68      2007
 MINIMUM TEMPERATURE (F)   24        -8      1917


SUNRISE AND SUNSET
DECEMBER 11 2016......SUNRISE   728 AM EST   SUNSET   458 PM EST
DECEMBER 12 2016......SUNRISE   729 AM EST   SUNSET   458 PM EST


-  INDICATES NEGATIVE NUMBERS.
R  INDICATES RECORD WAS SET OR TIED.
MM INDICATES DATA IS MISSING.
T  INDICATES TRACE AMOUNT.




$$
