000
CDUS41 KRLX 290825
CLIEKN


CLIMATE REPORT
NATIONAL WEATHER SERVICE CHARLESTON WV
323 AM EST THU JAN 29 2015


...................................

...THE ELKINS WV CLIMATE SUMMARY FOR JANUARY 28 2015...

CLIMATE NORMAL PERIOD 1981 TO 2010
CLIMATE RECORD PERIOD 1899 TO 2015


WEATHER ITEM   OBSERVED TIME   RECORD YEAR NORMAL DEPARTURE LAST
                VALUE   (LST)  VALUE       VALUE  FROM      YEAR
                                                  NORMAL
..................................................................
TEMPERATURE (F)
 YESTERDAY
  MAXIMUM         28    343 PM  71    1914  40    -12       10
  MINIMUM         12   1134 PM -15    1925  20     -8       -6
  AVERAGE         20                        30    -10        2

PRECIPITATION (IN)
  YESTERDAY        0.01          0.86 1918   0.11  -0.10     0.00
  MONTH TO DATE    2.75                      2.92  -0.17     2.15
  SINCE JAN 1      2.75                      2.92  -0.17     2.15

SNOWFALL (IN)
  YESTERDAY        0.5
  MONTH TO DATE   14.4
  SINCE SEP 1     23.5
  SNOW DEPTH       3

DEGREE DAYS
 HEATING
  YESTERDAY       45                        35     10       63
  MONTH TO DATE 1024                      1006     18     1148
  SINCE DEC 1   1896                      2013   -117     2063
  SINCE JUL 1   3252                      3297    -45     3358

 COOLING
  YESTERDAY        0                         0      0        0
  MONTH TO DATE    0                         0      0        0
  SINCE DEC 1      0                         0      0        0
  SINCE JAN 1      0                         0      0        0
..................................................................


WIND (MPH)
  HIGHEST WIND SPEED    12   HIGHEST WIND DIRECTION    NW (310)
  HIGHEST GUST SPEED    16   HIGHEST GUST DIRECTION    NW (320)
  AVERAGE WIND SPEED     2.9


SKY COVER
  POSSIBLE SUNSHINE  MM
  AVERAGE SKY COVER 0.5


WEATHER CONDITIONS
 THE FOLLOWING WEATHER WAS RECORDED YESTERDAY.
  LIGHT SNOW
  FOG
  HAZE


RELATIVE HUMIDITY (PERCENT)
 HIGHEST    96          1000 PM
 LOWEST     50           500 PM
 AVERAGE    73

..........................................................


THE ELKINS WV CLIMATE NORMALS FOR TODAY
                         NORMAL    RECORD    YEAR
 MAXIMUM TEMPERATURE (F)   40        78      1914
 MINIMUM TEMPERATURE (F)   20       -20      1963


SUNRISE AND SUNSET
JANUARY 29 2015.......SUNRISE   728 AM EST   SUNSET   537 PM EST
JANUARY 30 2015.......SUNRISE   727 AM EST   SUNSET   538 PM EST


-  INDICATES NEGATIVE NUMBERS.
R  INDICATES RECORD WAS SET OR TIED.
MM INDICATES DATA IS MISSING.
T  INDICATES TRACE AMOUNT.




$$
