000
CDUS41 KRLX 232228
CLIEKN


CLIMATE REPORT
NATIONAL WEATHER SERVICE CHARLESTON WV
524 PM EST SUN NOV 23 2014


...................................

...THE ELKINS WV CLIMATE SUMMARY FOR NOVEMBER 23 2014...
VALID TODAY AS OF 0500 PM LOCAL TIME.

CLIMATE NORMAL PERIOD 1981 TO 2010
CLIMATE RECORD PERIOD 1899 TO 2014


WEATHER ITEM   OBSERVED TIME   RECORD YEAR NORMAL DEPARTURE LAST
                VALUE   (LST)  VALUE       VALUE  FROM      YEAR
                                                  NORMAL
..................................................................
TEMPERATURE (F)
 TODAY
  MAXIMUM         60   1240 PM  72    1931  50     10       43
  MINIMUM         27    326 AM   4    1971  29     -2       21
  AVERAGE         44                        40      4       32

PRECIPITATION (IN)
  TODAY            0.00          1.33 1934   0.11  -0.11     0.02
  MONTH TO DATE    1.63                      2.56  -0.93     1.90
  SINCE SEP 1      9.40                      9.04   0.36     5.57
  SINCE JAN 1     37.63                     41.85  -4.22    38.49

DEGREE DAYS
 HEATING
  TODAY           21                        26     -5       33
  MONTH TO DATE  639                       506    133      536
  SINCE SEP 1   1123                      1067     56     1014
  SINCE JUL 1   1174                      1097     77     1037

 COOLING
  TODAY            0                         0      0        0
  MONTH TO DATE    0                         0      0        0
  SINCE SEP 1     67                        49     18       70
  SINCE JAN 1    505                       475     30      533
..................................................................


WIND (MPH)
  HIGHEST WIND SPEED    20   HIGHEST WIND DIRECTION    SE (150)
  HIGHEST GUST SPEED    29   HIGHEST GUST DIRECTION     S (160)
  AVERAGE WIND SPEED     3.7


SKY COVER
  POSSIBLE SUNSHINE  MM
  AVERAGE SKY COVER 0.3


WEATHER CONDITIONS
 THE FOLLOWING WEATHER WAS RECORDED TODAY.
  NO SIGNIFICANT WEATHER WAS OBSERVED.


RELATIVE HUMIDITY (PERCENT)
 HIGHEST   100           400 AM
 LOWEST     47           100 PM
 AVERAGE    74

..........................................................


THE ELKINS WV CLIMATE NORMALS FOR TOMORROW
                         NORMAL    RECORD    YEAR
 MAXIMUM TEMPERATURE (F)   50        71      1973
 MINIMUM TEMPERATURE (F)   29         3      1956


SUNRISE AND SUNSET
NOVEMBER 23 2014......SUNRISE   711 AM EST   SUNSET   501 PM EST
NOVEMBER 24 2014......SUNRISE   712 AM EST   SUNSET   500 PM EST


-  INDICATES NEGATIVE NUMBERS.
R  INDICATES RECORD WAS SET OR TIED.
MM INDICATES DATA IS MISSING.
T  INDICATES TRACE AMOUNT.




$$
