000
CDUS41 KRLX 100720
CLIEKN


CLIMATE REPORT
NATIONAL WEATHER SERVICE CHARLESTON WV
317 AM EDT THU JUL 10 2014


...................................

...THE ELKINS WV CLIMATE SUMMARY FOR JULY 9 2014...

CLIMATE NORMAL PERIOD 1981 TO 2010
CLIMATE RECORD PERIOD 1899 TO 2014


WEATHER ITEM   OBSERVED TIME   RECORD YEAR NORMAL DEPARTURE LAST
                VALUE   (LST)  VALUE       VALUE  FROM      YEAR
                                                  NORMAL
..................................................................
TEMPERATURE (F)
 YESTERDAY
  MAXIMUM         81    208 PM  95    1936  81      0       80
  MINIMUM         59   1159 PM  39    1963  59      0       66
  AVERAGE         70                        70      0       73

PRECIPITATION (IN)
  YESTERDAY        0.42          2.73 2002   0.18   0.24     0.34
  MONTH TO DATE    0.83                      1.59  -0.76     1.51
  SINCE JAN 1     20.69                     25.20  -4.51    22.07

SNOWFALL (IN)
  YESTERDAY        0.0
  MONTH TO DATE    0.0
  SINCE SEP 1     92.3
  SNOW DEPTH       0

DEGREE DAYS
 HEATING
  YESTERDAY        0                         0      0        0
  MONTH TO DATE    6                         8     -2        0
  SINCE JUN 1     20                        63    -43       12
  SINCE JUL 1      6                         8     -2        0

 COOLING
  YESTERDAY        5                         5      0        8
  MONTH TO DATE   50                        45      5       76
  SINCE JUN 1    195                       137     58      173
  SINCE JAN 1    231                       160     71      198
..................................................................


WIND (MPH)
  HIGHEST WIND SPEED    17   HIGHEST WIND DIRECTION     W (250)
  HIGHEST GUST SPEED    22   HIGHEST GUST DIRECTION     W (260)
  AVERAGE WIND SPEED     4.2


SKY COVER
  POSSIBLE SUNSHINE  MM
  AVERAGE SKY COVER 0.5


WEATHER CONDITIONS
 THE FOLLOWING WEATHER WAS RECORDED YESTERDAY.
  RAIN
  LIGHT RAIN
  FOG
  HAZE


RELATIVE HUMIDITY (PERCENT)
 HIGHEST    97          1100 PM
 LOWEST     42           200 PM
 AVERAGE    70

..........................................................


THE ELKINS WV CLIMATE NORMALS FOR TODAY
                         NORMAL    RECORD    YEAR
 MAXIMUM TEMPERATURE (F)   81        96      1936
 MINIMUM TEMPERATURE (F)   59        39      1963


SUNRISE AND SUNSET
JULY 10 2014..........SUNRISE   603 AM EDT   SUNSET   846 PM EDT
JULY 11 2014..........SUNRISE   604 AM EDT   SUNSET   846 PM EDT


-  INDICATES NEGATIVE NUMBERS.
R  INDICATES RECORD WAS SET OR TIED.
MM INDICATES DATA IS MISSING.
T  INDICATES TRACE AMOUNT.




$$
