000
CDUS41 KRLX 230716
CLIEKN


CLIMATE REPORT
NATIONAL WEATHER SERVICE CHARLESTON WV
316 AM EDT TUE AUG 23 2016


...................................

...THE ELKINS WV CLIMATE SUMMARY FOR AUGUST 22 2016...

CLIMATE NORMAL PERIOD 1981 TO 2010
CLIMATE RECORD PERIOD 1899 TO 2016


WEATHER ITEM   OBSERVED TIME   RECORD YEAR NORMAL DEPARTURE LAST
                VALUE   (LST)  VALUE       VALUE  FROM      YEAR
                                                  NORMAL
..................................................................
TEMPERATURE (F)
 YESTERDAY
  MAXIMUM         77    328 PM  95    1936  80     -3       81
  MINIMUM         55   1159 PM  44    1925  58     -3       51
                                      1922
  AVERAGE         66                        69     -3       66

PRECIPITATION (IN)
  YESTERDAY        0.00          2.17 1987   0.12  -0.12     0.00
  MONTH TO DATE    2.77                      2.82  -0.05     2.10
  SINCE JAN 1     29.60                     31.79  -2.19    37.45

SNOWFALL (IN)
  YESTERDAY        0.0
  MONTH TO DATE    0.0
  SINCE SEP 1     59.0
  SNOW DEPTH       0

DEGREE DAYS
 HEATING
  YESTERDAY        0                         1     -1        0
  MONTH TO DATE    0                         7     -7        3
  SINCE JUN 1     28                        74    -46       24
  SINCE JUL 1      0                        19    -19        3

 COOLING
  YESTERDAY        1                         4     -3        1
  MONTH TO DATE  209                       108    101       99
  SINCE JUN 1    585                       366    219      453
  SINCE JAN 1    614                       389    225      518
..................................................................


WIND (MPH)
  HIGHEST WIND SPEED    12   HIGHEST WIND DIRECTION     W (290)
  HIGHEST GUST SPEED    16   HIGHEST GUST DIRECTION     N (340)
  AVERAGE WIND SPEED     2.8


SKY COVER
  POSSIBLE SUNSHINE  MM
  AVERAGE SKY COVER 0.4


WEATHER CONDITIONS
 THE FOLLOWING WEATHER WAS RECORDED YESTERDAY.
  FOG


RELATIVE HUMIDITY (PERCENT)
 HIGHEST    93           300 AM
 LOWEST     43           200 PM
 AVERAGE    68

..........................................................


THE ELKINS WV CLIMATE NORMALS FOR TODAY
                         NORMAL    RECORD    YEAR
 MAXIMUM TEMPERATURE (F)   80        89      1918
 MINIMUM TEMPERATURE (F)   57        42      1981
                                             1925


SUNRISE AND SUNSET
AUGUST 23 2016........SUNRISE   641 AM EDT   SUNSET   802 PM EDT
AUGUST 24 2016........SUNRISE   642 AM EDT   SUNSET   801 PM EDT


-  INDICATES NEGATIVE NUMBERS.
R  INDICATES RECORD WAS SET OR TIED.
MM INDICATES DATA IS MISSING.
T  INDICATES TRACE AMOUNT.




$$
