000
CDUS41 KRLX 230817
CLIEKN


CLIMATE REPORT
NATIONAL WEATHER SERVICE CHARLESTON WV
316 AM EST TUE JAN 23 2018


...................................

...THE ELKINS WV CLIMATE SUMMARY FOR JANUARY 22 2018...

CLIMATE NORMAL PERIOD 1981 TO 2010
CLIMATE RECORD PERIOD 1899 TO 2018


WEATHER ITEM   OBSERVED TIME   RECORD YEAR NORMAL DEPARTURE LAST
                VALUE   (LST)  VALUE       VALUE  FROM      YEAR
                                                  NORMAL
..................................................................
TEMPERATURE (F)
 YESTERDAY
  MAXIMUM         66    105 PM  73    1906  39     27       61
  MINIMUM         42    801 AM -23    1984  19     23       43
  AVERAGE         54                        29     25       52

PRECIPITATION (IN)
  YESTERDAY        T             1.43 1906   0.10  -0.10     0.09
  MONTH TO DATE    1.51                      2.29  -0.78     4.26
  SINCE JAN 1      1.51                      2.29  -0.78     4.26

SNOWFALL (IN)
  YESTERDAY        0.0           9.8  1987   0.8   -0.8      0.0
  MONTH TO DATE   11.1                      17.1   -6.0      4.7
  SINCE SEP 1     27.2                      39.5  -12.3     14.9
  SNOW DEPTH       0

DEGREE DAYS
 HEATING
  YESTERDAY       11                        36    -25       13
  MONTH TO DATE  908                       792    116      583
  SINCE DEC 1   1953                      1799    154     1501
  SINCE JUL 1   3038                      3083    -45     2446

 COOLING
  YESTERDAY        0                         0      0        0
  MONTH TO DATE    0                         0      0        0
  SINCE DEC 1      0                         0      0        0
  SINCE JAN 1      0                         0      0        0
..................................................................


WIND (MPH)
  HIGHEST WIND SPEED    16   HIGHEST WIND DIRECTION     S (160)
  HIGHEST GUST SPEED    25   HIGHEST GUST DIRECTION     S (200)
  AVERAGE WIND SPEED     5.7


SKY COVER
  POSSIBLE SUNSHINE  MM
  AVERAGE SKY COVER 0.6


WEATHER CONDITIONS
 THE FOLLOWING WEATHER WAS RECORDED YESTERDAY.
  LIGHT RAIN


RELATIVE HUMIDITY (PERCENT)
 HIGHEST    96           300 AM
 LOWEST     39           400 PM
 AVERAGE    68

..........................................................


THE ELKINS WV CLIMATE NORMALS FOR TODAY
                         NORMAL    RECORD    YEAR
 MAXIMUM TEMPERATURE (F)   39        67      1999
 MINIMUM TEMPERATURE (F)   20       -18      1978


SUNRISE AND SUNSET
JANUARY 23 2018.......SUNRISE   732 AM EST   SUNSET   531 PM EST
JANUARY 24 2018.......SUNRISE   732 AM EST   SUNSET   532 PM EST


-  INDICATES NEGATIVE NUMBERS.
R  INDICATES RECORD WAS SET OR TIED.
MM INDICATES DATA IS MISSING.
T  INDICATES TRACE AMOUNT.




$$
