000
CDUS41 KRLX 060718
CLIEKN


CLIMATE REPORT
NATIONAL WEATHER SERVICE CHARLESTON WV
317 AM EDT MON JUL 6 2015


...................................

...THE ELKINS WV CLIMATE SUMMARY FOR JULY 5 2015...

CLIMATE NORMAL PERIOD 1981 TO 2010
CLIMATE RECORD PERIOD 1899 TO 2015


WEATHER ITEM   OBSERVED TIME   RECORD YEAR NORMAL DEPARTURE LAST
                VALUE   (LST)  VALUE       VALUE  FROM      YEAR
                                                  NORMAL
..................................................................
TEMPERATURE (F)
 YESTERDAY
  MAXIMUM         81    400 PM  93    1911  81      0       78
  MINIMUM         58    554 AM  40    1968  58      0       45
  AVERAGE         70                        70      0       62

PRECIPITATION (IN)
  YESTERDAY        0.26          2.62 1936   0.18   0.08     0.00
  MONTH TO DATE    0.60                      0.87  -0.27      T
  SINCE JAN 1     30.97                     24.48   6.49    19.86

SNOWFALL (IN)
  YESTERDAY        0.0
  MONTH TO DATE    0.0
  SINCE SEP 1     70.3
  SNOW DEPTH       0

DEGREE DAYS
 HEATING
  YESTERDAY        0                         1     -1        3
  MONTH TO DATE    0                         5     -5        6
  SINCE JUN 1     21                        60    -39       20
  SINCE JUL 1      0                         5     -5        6

 COOLING
  YESTERDAY        5                         5      0        0
  MONTH TO DATE   11                        25    -14       26
  SINCE JUN 1    164                       117     47      171
  SINCE JAN 1    229                       140     89      207
..................................................................


WIND (MPH)
  HIGHEST WIND SPEED    13   HIGHEST WIND DIRECTION    SE (140)
  HIGHEST GUST SPEED    16   HIGHEST GUST DIRECTION    SE (140)
  AVERAGE WIND SPEED     1.7


SKY COVER
  POSSIBLE SUNSHINE  MM
  AVERAGE SKY COVER 0.7


WEATHER CONDITIONS
 THE FOLLOWING WEATHER WAS RECORDED YESTERDAY.
  HEAVY RAIN
  RAIN
  LIGHT RAIN
  FOG
  FOG W/VISIBILITY <= 1/4 MILE
  HAZE


RELATIVE HUMIDITY (PERCENT)
 HIGHEST   100           600 AM
 LOWEST     58          1200 PM
 AVERAGE    79

..........................................................


THE ELKINS WV CLIMATE NORMALS FOR TODAY
                         NORMAL    RECORD    YEAR
 MAXIMUM TEMPERATURE (F)   81        94      2012
 MINIMUM TEMPERATURE (F)   59        41      1979
                                             1951


SUNRISE AND SUNSET
JULY  6 2015..........SUNRISE   600 AM EDT   SUNSET   848 PM EDT
JULY  7 2015..........SUNRISE   601 AM EDT   SUNSET   847 PM EDT


-  INDICATES NEGATIVE NUMBERS.
R  INDICATES RECORD WAS SET OR TIED.
MM INDICATES DATA IS MISSING.
T  INDICATES TRACE AMOUNT.




$$
