000
CDUS41 KRLX 290719
CLIEKN


CLIMATE REPORT
NATIONAL WEATHER SERVICE CHARLESTON WV
319 AM EDT FRI APR 29 2016


...................................

...THE ELKINS WV CLIMATE SUMMARY FOR APRIL 28 2016...

CLIMATE NORMAL PERIOD 1981 TO 2010
CLIMATE RECORD PERIOD 1899 TO 2016


WEATHER ITEM   OBSERVED TIME   RECORD YEAR NORMAL DEPARTURE LAST
                VALUE   (LST)  VALUE       VALUE  FROM      YEAR
                                                  NORMAL
..................................................................
TEMPERATURE (F)
 YESTERDAY
  MAXIMUM         76    257 PM  89    1986  67      9       59
  MINIMUM         55    908 PM  22    1934  40     15       36
  AVERAGE         66                        53     13       48

PRECIPITATION (IN)
  YESTERDAY        0.50          1.56 2002   0.13   0.37     0.00
  MONTH TO DATE    3.31                      3.54  -0.23     6.72
  SINCE JAN 1     11.06                     13.83  -2.77    19.81

SNOWFALL (IN)
  YESTERDAY        0.0
  MONTH TO DATE    8.4
  SINCE SEP 1     59.0
  SNOW DEPTH       0

DEGREE DAYS
 HEATING
  YESTERDAY        0                        12    -12       17
  MONTH TO DATE  418                       440    -22      371
  SINCE MAR 1    980                      1220   -240     1172
  SINCE JUL 1   4722                      5541   -819     5803

 COOLING
  YESTERDAY        1                         0      1        0
  MONTH TO DATE    3                         0      3        3
  SINCE MAR 1      3                         0      3        3
  SINCE JAN 1      3                         0      3        3
..................................................................


WIND (MPH)
  HIGHEST WIND SPEED    18   HIGHEST WIND DIRECTION    NW (300)
  HIGHEST GUST SPEED    24   HIGHEST GUST DIRECTION     W (290)
  AVERAGE WIND SPEED     3.5


SKY COVER
  POSSIBLE SUNSHINE  MM
  AVERAGE SKY COVER 0.8


WEATHER CONDITIONS
 THE FOLLOWING WEATHER WAS RECORDED YESTERDAY.
  HEAVY RAIN
  RAIN
  LIGHT RAIN
  FOG
  FOG W/VISIBILITY <= 1/4 MILE


RELATIVE HUMIDITY (PERCENT)
 HIGHEST   100          1200 AM
 LOWEST     46           300 PM
 AVERAGE    73

..........................................................


THE ELKINS WV CLIMATE NORMALS FOR TODAY
                         NORMAL    RECORD    YEAR
 MAXIMUM TEMPERATURE (F)   67        87      1996
 MINIMUM TEMPERATURE (F)   40        21      1982


SUNRISE AND SUNSET
APRIL 29 2016.........SUNRISE   623 AM EDT   SUNSET   810 PM EDT
APRIL 30 2016.........SUNRISE   622 AM EDT   SUNSET   811 PM EDT


-  INDICATES NEGATIVE NUMBERS.
R  INDICATES RECORD WAS SET OR TIED.
MM INDICATES DATA IS MISSING.
T  INDICATES TRACE AMOUNT.




$$
