000
CDUS45 KLKN 040041
CLIEKO


CLIMATE REPORT
NATIONAL WEATHER SERVICE ELKO NV
437 PM PST SAT DEC 3 2016


...................................

...THE ELKO AIRPORT NV CLIMATE SUMMARY FOR DECEMBER 3 2016...
VALID TODAY AS OF 0400 PM LOCAL TIME.

CLIMATE NORMAL PERIOD 1981 TO 2010
CLIMATE RECORD PERIOD 1888 TO 2016


WEATHER ITEM   OBSERVED TIME   RECORD YEAR NORMAL DEPARTURE LAST
                VALUE   (LST)  VALUE       VALUE  FROM      YEAR
                                                  NORMAL
..................................................................
TEMPERATURE (F)
 TODAY
  MAXIMUM         38    302 PM  63    1940  40     -2       42
  MINIMUM         19   1204 AM  -7    1897  17      2       13
  AVERAGE         29                        28      1       28

PRECIPITATION (IN)
  TODAY            0.00          1.60 1950   0.03  -0.03     0.00
  MONTH TO DATE    T                         0.11  -0.11     0.00
  SINCE OCT 1      2.80                      1.97   0.83     2.46
  SINCE JAN 1     11.52                      8.82   2.70     9.45

SNOWFALL (IN)
  TODAY            0.0           3.8  1983   0.3   -0.3      0.0
  MONTH TO DATE    T                         0.8   -0.8      0.0
  SINCE DEC 1      T                         0.8   -0.8      0.0
  SINCE JUL 1      5.5                       6.5   -1.0     12.2
  SNOW DEPTH       0

DEGREE DAYS
 HEATING
  TODAY           36                        37     -1       37
  MONTH TO DATE  113                       110      3      136
  SINCE DEC 1    113                       110      3      136
  SINCE JUL 1   1458                      1848   -390     1617

 COOLING
  TODAY            0                         0      0        0
  MONTH TO DATE    0                         0      0        0
  SINCE DEC 1      0                         0      0        0
  SINCE JAN 1    560                       383    177      624
..................................................................


WIND (MPH)
  HIGHEST WIND SPEED    14   HIGHEST WIND DIRECTION     W (250)
  HIGHEST GUST SPEED    16   HIGHEST GUST DIRECTION     W (260)



WEATHER CONDITIONS
 THE FOLLOWING WEATHER WAS RECORDED TODAY.
  NO SIGNIFICANT WEATHER WAS OBSERVED.


RELATIVE HUMIDITY (PERCENT)
 HIGHEST    77          1200 AM
 LOWEST     35          1200 PM
 AVERAGE    56

..........................................................


THE ELKO AIRPORT NV CLIMATE NORMALS FOR TOMORROW
                         NORMAL    RECORD    YEAR
 MAXIMUM TEMPERATURE (F)   39        64      1940
 MINIMUM TEMPERATURE (F)   17        -9      1897


SUNRISE AND SUNSET
DECEMBER  3 2016......SUNRISE   651 AM PST   SUNSET   416 PM PST
DECEMBER  4 2016......SUNRISE   652 AM PST   SUNSET   415 PM PST


-  INDICATES NEGATIVE NUMBERS.
R  INDICATES RECORD WAS SET OR TIED.
MM INDICATES DATA IS MISSING.
T  INDICATES TRACE AMOUNT.




$$
