000
CDUS45 KLKN 300932
CLIEKO


CLIMATE REPORT
NATIONAL WEATHER SERVICE ELKO NV
232 AM PDT WED JUL 30 2014


...................................

...THE ELKO AIRPORT NV CLIMATE SUMMARY FOR JULY 29 2014...

CLIMATE NORMAL PERIOD 1981 TO 2010
CLIMATE RECORD PERIOD 1888 TO 2014


WEATHER ITEM   OBSERVED TIME   RECORD YEAR NORMAL DEPARTURE LAST
                VALUE   (LST)  VALUE       VALUE  FROM      YEAR
                                                  NORMAL
..................................................................
TEMPERATURE (F)
 YESTERDAY
  MAXIMUM         86   1146 AM 101    1978  92     -6       91
                                      1934
                                      1898
  MINIMUM         64    557 AM  32    1948  51     13       62
  AVERAGE         75                        71      4       77

PRECIPITATION (IN)
  YESTERDAY        0.03          0.23 1997   0.01   0.02      T
  MONTH TO DATE    0.54                      0.34   0.20     0.45
  SINCE OCT 1      8.00                      8.94  -0.94     6.14
  SINCE JAN 1      6.39                      5.88   0.51     3.31

SNOWFALL (IN)
  YESTERDAY        0.0           0.0  1888   0.0    0.0      0.0
  MONTH TO DATE    0.0                       0.0    0.0      0.0
  SINCE JUN 1      0.0                       0.0    0.0      0.0
  SINCE JUL 1      0.0                       0.0    0.0      0.0
  SNOW DEPTH       0

DEGREE DAYS
 HEATING
  YESTERDAY        0                         0      0        0
  MONTH TO DATE    0                        17    -17        0
  SINCE JUN 1     92                       148    -56       63
  SINCE JUL 1      0                        17    -17        0

 COOLING
  YESTERDAY       10                         6      4       12
  MONTH TO DATE  328                       169    159      355
  SINCE JUN 1    357                       216    141      478
  SINCE JAN 1    360                       220    140      482
..................................................................


WIND (MPH)
  HIGHEST WIND SPEED    30   HIGHEST WIND DIRECTION    NW (320)
  HIGHEST GUST SPEED    37   HIGHEST GUST DIRECTION    NW (320)
  AVERAGE WIND SPEED     8.1



WEATHER CONDITIONS
 THE FOLLOWING WEATHER WAS RECORDED YESTERDAY.
  THUNDERSTORM
  RAIN
  LIGHT RAIN


RELATIVE HUMIDITY (PERCENT)
 HIGHEST    73           300 AM
 LOWEST     27          1100 AM
 AVERAGE    50

..........................................................


THE ELKO AIRPORT NV CLIMATE NORMALS FOR TODAY
                         NORMAL    RECORD    YEAR
 MAXIMUM TEMPERATURE (F)   92       103      1978
 MINIMUM TEMPERATURE (F)   51        35      1950
                                             1917
                                             1895


SUNRISE AND SUNSET
JULY 30 2014..........SUNRISE   538 AM PDT   SUNSET   801 PM PDT
JULY 31 2014..........SUNRISE   539 AM PDT   SUNSET   800 PM PDT


-  INDICATES NEGATIVE NUMBERS.
R  INDICATES RECORD WAS SET OR TIED.
MM INDICATES DATA IS MISSING.
T  INDICATES TRACE AMOUNT.




$$
