000
CDUS45 KLKN 180930
CLIEKO


CLIMATE REPORT
NATIONAL WEATHER SERVICE ELKO NV
226 AM PDT THU SEP 18 2014


...................................

...THE ELKO AIRPORT NV CLIMATE SUMMARY FOR SEPTEMBER 17 2014...

CLIMATE NORMAL PERIOD 1981 TO 2010
CLIMATE RECORD PERIOD 1888 TO 2014


WEATHER ITEM   OBSERVED TIME   RECORD YEAR NORMAL DEPARTURE LAST
                VALUE   (LST)  VALUE       VALUE  FROM      YEAR
                                                  NORMAL
..................................................................
TEMPERATURE (F)
 YESTERDAY
  MAXIMUM         93    238 PM  94    1929  78     15       83
  MINIMUM         50    558 AM  13    1889  39     11       48
  AVERAGE         72                        58     14       66

PRECIPITATION (IN)
  YESTERDAY        T             0.36 1989   0.02  -0.02     0.00
  MONTH TO DATE    0.01                      0.28  -0.27     1.10
  SINCE OCT 1      9.29                      9.62  -0.33     7.59
  SINCE JAN 1      7.68                      6.56   1.12     4.76

SNOWFALL (IN)
  YESTERDAY        0.0           T    1965   0.0    0.0      0.0
                                      1950
  MONTH TO DATE    0.0                       0.0    0.0      0.0
  SINCE SEP 1      0.0                       0.0    0.0      0.0
  SINCE JUL 1      0.0                       0.0    0.0      0.0
  SNOW DEPTH       0

DEGREE DAYS
 HEATING
  YESTERDAY        0                         7     -7        0
  MONTH TO DATE   30                        81    -51        6
  SINCE SEP 1     30                        81    -51        6
  SINCE JUL 1     50                       132    -82        6

 COOLING
  YESTERDAY        7                         0      7        1
  MONTH TO DATE   22                        20      2       66
  SINCE SEP 1     22                        20      2       66
  SINCE JAN 1    526                       382    144      776
..................................................................


WIND (MPH)
  HIGHEST WIND SPEED    28   HIGHEST WIND DIRECTION     S (190)
  HIGHEST GUST SPEED    39   HIGHEST GUST DIRECTION    SW (210)
  AVERAGE WIND SPEED     4.6



WEATHER CONDITIONS
 THE FOLLOWING WEATHER WAS RECORDED YESTERDAY.
  THUNDERSTORM
  HAZE


RELATIVE HUMIDITY (PERCENT)
 HIGHEST    52           600 AM
 LOWEST     14           200 PM
 AVERAGE    33

..........................................................


THE ELKO AIRPORT NV CLIMATE NORMALS FOR TODAY
                         NORMAL    RECORD    YEAR
 MAXIMUM TEMPERATURE (F)   78        94      1979
 MINIMUM TEMPERATURE (F)   38        12      1965


SUNRISE AND SUNSET
SEPTEMBER 18 2014.....SUNRISE   627 AM PDT   SUNSET   647 PM PDT
SEPTEMBER 19 2014.....SUNRISE   628 AM PDT   SUNSET   645 PM PDT


-  INDICATES NEGATIVE NUMBERS.
R  INDICATES RECORD WAS SET OR TIED.
MM INDICATES DATA IS MISSING.
T  INDICATES TRACE AMOUNT.




$$
