000
CDUS45 KLKN 060932
CLIEKO


CLIMATE REPORT
NATIONAL WEATHER SERVICE ELKO NV
132 AM PST SAT FEB 6 2016


...................................

...THE ELKO AIRPORT NV CLIMATE SUMMARY FOR FEBRUARY 5 2016...

CLIMATE NORMAL PERIOD 1981 TO 2010
CLIMATE RECORD PERIOD 1888 TO 2016


WEATHER ITEM   OBSERVED TIME   RECORD YEAR NORMAL DEPARTURE LAST
                VALUE   (LST)  VALUE       VALUE  FROM      YEAR
                                                  NORMAL
..................................................................
TEMPERATURE (F)
 YESTERDAY
  MAXIMUM         32    229 PM  62    1937  38     -6       58
  MINIMUM          6    751 AM -27    1989  16    -10       33
  AVERAGE         19                        27     -8       46

PRECIPITATION (IN)
  YESTERDAY        0.00          0.60 1921   0.04  -0.04     0.00
  MONTH TO DATE    0.09                      0.16  -0.07      T
  SINCE OCT 1      6.60                      4.34   2.26     2.44
  SINCE JAN 1      2.06                      1.28   0.78     0.20

SNOWFALL (IN)
  YESTERDAY        0.0           5.8  1932   0.3   -0.3      0.0
  MONTH TO DATE    1.3                       1.4   -0.1       T
  SINCE DEC 1     41.7                      21.8   19.9      5.6
  SINCE JUL 1     53.9                      27.5   26.4      7.5
  SNOW DEPTH      10

DEGREE DAYS
 HEATING
  YESTERDAY       46                        38      8       19
  MONTH TO DATE  243                       191     52      111
  SINCE DEC 1   2781                      2638    143     2071
  SINCE JUL 1   4262                      4376   -114     3431

 COOLING
  YESTERDAY        0                         0      0        0
  MONTH TO DATE    0                         0      0        0
  SINCE DEC 1      0                         0      0        0
  SINCE JAN 1      0                         0      0        0
..................................................................


WIND (MPH)
  HIGHEST WIND SPEED     9   HIGHEST WIND DIRECTION     E (80)
  HIGHEST GUST SPEED    10   HIGHEST GUST DIRECTION     E (90)
  AVERAGE WIND SPEED     2.4



WEATHER CONDITIONS
 THE FOLLOWING WEATHER WAS RECORDED YESTERDAY.
  FOG
  FOG W/VISIBILITY <= 1/4 MILE
  HAZE


RELATIVE HUMIDITY (PERCENT)
 HIGHEST    92          1200 AM
 LOWEST     63           300 PM
 AVERAGE    78

..........................................................


THE ELKO AIRPORT NV CLIMATE NORMALS FOR TODAY
                         NORMAL    RECORD    YEAR
 MAXIMUM TEMPERATURE (F)   39        66      1937
 MINIMUM TEMPERATURE (F)   16       -29      1989


SUNRISE AND SUNSET
FEBRUARY  6 2016......SUNRISE   649 AM PST   SUNSET   506 PM PST
FEBRUARY  7 2016......SUNRISE   647 AM PST   SUNSET   508 PM PST


-  INDICATES NEGATIVE NUMBERS.
R  INDICATES RECORD WAS SET OR TIED.
MM INDICATES DATA IS MISSING.
T  INDICATES TRACE AMOUNT.




$$
