000
CDUS45 KLKN 260039
CLIEKO


CLIMATE REPORT
NATIONAL WEATHER SERVICE ELKO NV
539 PM PDT MON MAY 25 2015


...................................

...THE ELKO AIRPORT NV CLIMATE SUMMARY FOR MAY 25 2015...
VALID TODAY AS OF 0500 PM LOCAL TIME.

CLIMATE NORMAL PERIOD 1981 TO 2010
CLIMATE RECORD PERIOD 1888 TO 2015


WEATHER ITEM   OBSERVED TIME   RECORD YEAR NORMAL DEPARTURE LAST
                VALUE   (LST)  VALUE       VALUE  FROM      YEAR
                                                  NORMAL
..................................................................
TEMPERATURE (F)
 TODAY
  MAXIMUM         68   1241 PM  91    2001  72     -4       80
  MINIMUM         41    118 AM  21    1888  40      1       39
  AVERAGE         55                        56     -1       60

PRECIPITATION (IN)
  TODAY            T             0.25 1937   0.03  -0.03     0.00
                                      1906
  MONTH TO DATE    3.32                      0.78   2.54     1.08
  SINCE OCT 1      6.94                      7.77  -0.83     7.32
  SINCE JAN 1      4.70                      4.71  -0.01     5.71

SNOWFALL (IN)
  TODAY            0.0           T    1997   0.0    0.0      0.0
                                      1980
                                      1978
  MONTH TO DATE    2.0                       0.5    1.5      0.3
  SINCE MAR 1      4.9                       8.8   -3.9      8.2
  SINCE JUL 1     14.3                      41.3  -27.0     20.5
  SNOW DEPTH       0

DEGREE DAYS
 HEATING
  TODAY           10                         9      1        5
  MONTH TO DATE  291                       313    -22      285
  SINCE MAR 1   1499                      1716   -217     1629
  SINCE JUL 1   5507                      6884  -1377     6360

 COOLING
  TODAY            0                         0      0        0
  MONTH TO DATE    0                         0      0        0
  SINCE MAR 1      0                         0      0        0
  SINCE JAN 1      0                         0      0        0
..................................................................


WIND (MPH)
  HIGHEST WIND SPEED    24   HIGHEST WIND DIRECTION     N (10)
  HIGHEST GUST SPEED    30   HIGHEST GUST DIRECTION     N (10)



WEATHER CONDITIONS
 THE FOLLOWING WEATHER WAS RECORDED TODAY.
  THUNDERSTORM


RELATIVE HUMIDITY (PERCENT)
 HIGHEST   100          1200 AM
 LOWEST     46           100 PM
 AVERAGE    73

..........................................................


THE ELKO AIRPORT NV CLIMATE NORMALS FOR TOMORROW
                         NORMAL    RECORD    YEAR
 MAXIMUM TEMPERATURE (F)   72        94      1919
 MINIMUM TEMPERATURE (F)   40        20      1895


SUNRISE AND SUNSET
MAY 25 2015...........SUNRISE   518 AM PDT   SUNSET   803 PM PDT
MAY 26 2015...........SUNRISE   517 AM PDT   SUNSET   804 PM PDT


-  INDICATES NEGATIVE NUMBERS.
R  INDICATES RECORD WAS SET OR TIED.
MM INDICATES DATA IS MISSING.
T  INDICATES TRACE AMOUNT.




$$
