000
CDUS45 KLKN 190937
CLIEKO


CLIMATE REPORT
NATIONAL WEATHER SERVICE ELKO NV
233 AM PDT TUE SEP 19 2017


...................................

...THE ELKO AIRPORT NV CLIMATE SUMMARY FOR SEPTEMBER 18 2017...

CLIMATE NORMAL PERIOD 1981 TO 2010
CLIMATE RECORD PERIOD 1888 TO 2017


WEATHER ITEM   OBSERVED TIME   RECORD YEAR NORMAL DEPARTURE LAST
                VALUE   (LST)  VALUE       VALUE  FROM      YEAR
                                                  NORMAL
..................................................................
TEMPERATURE (F)
 YESTERDAY
  MAXIMUM         80   1158 AM  94    1979  78      2       86
  MINIMUM         36    533 AM  12    1965  38     -2       38
  AVERAGE         58                        58      0       62

PRECIPITATION (IN)
  YESTERDAY        0.00          0.37 1948   0.03  -0.03     0.00
  MONTH TO DATE    0.47                      0.31   0.16     0.31
  SINCE OCT 1     14.10                      9.65   4.45    12.49
  SINCE JAN 1      8.47                      6.59   1.88     7.95

SNOWFALL (IN)
  YESTERDAY        0.0           T    1978   0.0    0.0      0.0
                                      1947
  MONTH TO DATE    0.0                       0.0    0.0      0.0
  SINCE SEP 1      0.0                       0.0    0.0      0.0
  SINCE JUL 1      0.0                       0.0    0.0      0.0
  SNOW DEPTH       0

DEGREE DAYS
 HEATING
  YESTERDAY        7                         7      0        3
  MONTH TO DATE   44                        88    -44      106
  SINCE SEP 1     44                        88    -44      106
  SINCE JUL 1     48                       139    -91      119

 COOLING
  YESTERDAY        0                         0      0        0
  MONTH TO DATE   89                        20     69        8
  SINCE SEP 1     89                        20     69        8
  SINCE JAN 1    785                       382    403      552
..................................................................


WIND (MPH)
  HIGHEST WIND SPEED    35   HIGHEST WIND DIRECTION     W (260)
  HIGHEST GUST SPEED    42   HIGHEST GUST DIRECTION     W (260)
  AVERAGE WIND SPEED    13.6



WEATHER CONDITIONS
 THE FOLLOWING WEATHER WAS RECORDED YESTERDAY.
  NO SIGNIFICANT WEATHER WAS OBSERVED.


RELATIVE HUMIDITY (PERCENT)
 HIGHEST    59           500 AM
 LOWEST     12           100 PM
 AVERAGE    36

..........................................................


THE ELKO AIRPORT NV CLIMATE NORMALS FOR TODAY
                         NORMAL    RECORD    YEAR
 MAXIMUM TEMPERATURE (F)   77        92      1939
 MINIMUM TEMPERATURE (F)   38        15      1965


SUNRISE AND SUNSET
SEPTEMBER 19 2017.....SUNRISE   628 AM PDT   SUNSET   645 PM PDT
SEPTEMBER 20 2017.....SUNRISE   629 AM PDT   SUNSET   643 PM PDT


-  INDICATES NEGATIVE NUMBERS.
R  INDICATES RECORD WAS SET OR TIED.
MM INDICATES DATA IS MISSING.
T  INDICATES TRACE AMOUNT.




$$
