000
CDUS45 KLKN 230929
CLIEKO


CLIMATE REPORT
NATIONAL WEATHER SERVICE ELKO NV
228 AM PDT TUE AUG 23 2016


...................................

...THE ELKO AIRPORT NV CLIMATE SUMMARY FOR AUGUST 22 2016...

CLIMATE NORMAL PERIOD 1981 TO 2010
CLIMATE RECORD PERIOD 1888 TO 2016


WEATHER ITEM   OBSERVED TIME   RECORD YEAR NORMAL DEPARTURE LAST
                VALUE   (LST)  VALUE       VALUE  FROM      YEAR
                                                  NORMAL
..................................................................
TEMPERATURE (F)
 YESTERDAY
  MAXIMUM         91    231 PM 101    1919  87      4       90
  MINIMUM         48    353 AM  30    1899  47      1       49
                                      1898
  AVERAGE         70                        67      3       70

PRECIPITATION (IN)
  YESTERDAY        0.00          0.42 1976   0.01  -0.01     0.00
  MONTH TO DATE    T                         0.26  -0.26     0.61
  SINCE OCT 1     12.18                      9.23   2.95     8.98
  SINCE JAN 1      7.64                      6.17   1.47     6.74

SNOWFALL (IN)
  YESTERDAY        0.0           0.0  1888   0.0    0.0      0.0
  MONTH TO DATE    0.0                       0.0    0.0      0.0
  SINCE JUN 1      T                         0.0    0.0      0.0
  SINCE JUL 1      0.0                       0.0    0.0      0.0
  SNOW DEPTH       0

DEGREE DAYS
 HEATING
  YESTERDAY        0                         1     -1        0
  MONTH TO DATE    0                        14    -14        1
  SINCE JUN 1     39                       164   -125       34
  SINCE JUL 1      9                        33    -24       10

 COOLING
  YESTERDAY        5                         3      2        5
  MONTH TO DATE  149                       108     41      152
  SINCE JUN 1    514                       335    179      518
  SINCE JAN 1    514                       339    175      525
..................................................................


WIND (MPH)
  HIGHEST WIND SPEED    23   HIGHEST WIND DIRECTION     W (270)
  HIGHEST GUST SPEED    31   HIGHEST GUST DIRECTION     W (260)
  AVERAGE WIND SPEED     6.9



WEATHER CONDITIONS
 THE FOLLOWING WEATHER WAS RECORDED YESTERDAY.
  NO SIGNIFICANT WEATHER WAS OBSERVED.


RELATIVE HUMIDITY (PERCENT)
 HIGHEST    35           500 AM
 LOWEST      8          1100 AM
 AVERAGE    22

..........................................................


THE ELKO AIRPORT NV CLIMATE NORMALS FOR TODAY
                         NORMAL    RECORD    YEAR
 MAXIMUM TEMPERATURE (F)   87       100      1967
                                             1919
 MINIMUM TEMPERATURE (F)   47        25      1960


SUNRISE AND SUNSET
AUGUST 23 2016........SUNRISE   602 AM PDT   SUNSET   729 PM PDT
AUGUST 24 2016........SUNRISE   603 AM PDT   SUNSET   727 PM PDT


-  INDICATES NEGATIVE NUMBERS.
R  INDICATES RECORD WAS SET OR TIED.
MM INDICATES DATA IS MISSING.
T  INDICATES TRACE AMOUNT.




$$
