823
CDUS45 KLKN 220030
CLIEKO


CLIMATE REPORT
NATIONAL WEATHER SERVICE ELKO NV
429 PM PST WED FEB 21 2018


...................................

...THE ELKO AIRPORT NV CLIMATE SUMMARY FOR FEBRUARY 21 2018...
VALID TODAY AS OF 0400 PM LOCAL TIME.

CLIMATE NORMAL PERIOD 1981 TO 2010
CLIMATE RECORD PERIOD 1888 TO 2018


WEATHER ITEM   OBSERVED TIME   RECORD YEAR NORMAL DEPARTURE LAST
                VALUE   (LST)  VALUE       VALUE  FROM      YEAR
                                                  NORMAL
..................................................................
TEMPERATURE (F)
 TODAY
  MAXIMUM         31    305 PM  64    1995  44    -13       54
                                      1896
  MINIMUM          6    417 AM -10    1932  20    -14       32
  AVERAGE         19                        32    -13       43

PRECIPITATION (IN)
  TODAY            0.00          0.75 1904   0.03  -0.03     0.11
  MONTH TO DATE    0.31                      0.62  -0.31     1.48
  SINCE OCT 1      2.48                      4.80  -2.32     9.59
  SINCE JAN 1      0.78                      1.74  -0.96     3.96

SNOWFALL (IN)
  TODAY            0.0           5.7  1979   0.2   -0.2      0.7
  MONTH TO DATE    4.3                       5.1   -0.8      0.7
  SINCE DEC 1     10.6                      25.5  -14.9     43.5
  SINCE JUL 1     11.3                      31.2  -19.9     49.0
  SNOW DEPTH       T

DEGREE DAYS
 HEATING
  TODAY           46                        33     13       22
  MONTH TO DATE  687                       761    -74      539
  SINCE DEC 1   2758                      3208   -450     3133
  SINCE JUL 1   4346                      4946   -600     4478

 COOLING
  TODAY            0                         0      0        0
  MONTH TO DATE    0                         0      0        0
  SINCE DEC 1      0                         0      0        0
  SINCE JAN 1      0                         0      0        0
..................................................................


WIND (MPH)
  HIGHEST WIND SPEED    14   HIGHEST WIND DIRECTION     W (270)
  HIGHEST GUST SPEED    18   HIGHEST GUST DIRECTION     W (250)



WEATHER CONDITIONS
 THE FOLLOWING WEATHER WAS RECORDED TODAY.
  NO SIGNIFICANT WEATHER WAS OBSERVED.


RELATIVE HUMIDITY (PERCENT)
 HIGHEST    88           300 AM
 LOWEST     42          1100 AM
 AVERAGE    65

..........................................................


THE ELKO AIRPORT NV CLIMATE NORMALS FOR TOMORROW
                         NORMAL    RECORD    YEAR
 MAXIMUM TEMPERATURE (F)   44        63      1958
 MINIMUM TEMPERATURE (F)   20       -27      1894


SUNRISE AND SUNSET
FEBRUARY 21 2018......SUNRISE   629 AM PST   SUNSET   525 PM PST
FEBRUARY 22 2018......SUNRISE   627 AM PST   SUNSET   526 PM PST


-  INDICATES NEGATIVE NUMBERS.
R  INDICATES RECORD WAS SET OR TIED.
MM INDICATES DATA IS MISSING.
T  INDICATES TRACE AMOUNT.




$$
