657
CDUS45 KLKN 130028
CLIEKO


CLIMATE REPORT
NATIONAL WEATHER SERVICE ELKO NV
428 PM PST TUE DEC 12 2017


...................................

...THE ELKO AIRPORT NV CLIMATE SUMMARY FOR DECEMBER 12 2017...
VALID TODAY AS OF 0400 PM LOCAL TIME.

CLIMATE NORMAL PERIOD 1981 TO 2010
CLIMATE RECORD PERIOD 1888 TO 2017


WEATHER ITEM   OBSERVED TIME   RECORD YEAR NORMAL DEPARTURE LAST
                VALUE   (LST)  VALUE       VALUE  FROM      YEAR
                                                  NORMAL
..................................................................
TEMPERATURE (F)
 TODAY
  MAXIMUM         40    259 PM  60    1929  37      3       41
                                      1921
                                      1894
  MINIMUM          7    734 AM -38    1932  15     -8       21
  AVERAGE         24                        26     -2       31

PRECIPITATION (IN)
  TODAY            0.00          0.54 2009   0.03  -0.03     0.00
  MONTH TO DATE    0.13                      0.44  -0.31     1.34
  SINCE OCT 1      1.52                      2.30  -0.78     4.14
  SINCE JAN 1     11.45                      9.15   2.30    12.86

SNOWFALL (IN)
  TODAY            0.0           4.9  2009   0.3   -0.3      0.0
  MONTH TO DATE    2.0                       3.5   -1.5      3.9
  SINCE DEC 1      2.0                       3.5   -1.5      3.9
  SINCE JUL 1      2.7                       9.2   -6.5      9.4
  SNOW DEPTH       T

DEGREE DAYS
 HEATING
  TODAY           41                        39      2       34
  MONTH TO DATE  477                       453     24      435
  SINCE DEC 1    477                       453     24      435
  SINCE JUL 1   2065                      2191   -126     1780

 COOLING
  TODAY            0                         0      0        0
  MONTH TO DATE    0                         0      0        0
  SINCE DEC 1      0                         0      0        0
  SINCE JAN 1    785                       383    402      560
..................................................................


WIND (MPH)
  HIGHEST WIND SPEED     6   HIGHEST WIND DIRECTION    NE (50)
  HIGHEST GUST SPEED    12   HIGHEST GUST DIRECTION     E (90)



WEATHER CONDITIONS
 THE FOLLOWING WEATHER WAS RECORDED TODAY.
  NO SIGNIFICANT WEATHER WAS OBSERVED.


RELATIVE HUMIDITY (PERCENT)
 HIGHEST    91           600 AM
 LOWEST     44           200 PM
 AVERAGE    68

..........................................................


THE ELKO AIRPORT NV CLIMATE NORMALS FOR TOMORROW
                         NORMAL    RECORD    YEAR
 MAXIMUM TEMPERATURE (F)   37        61      1929
 MINIMUM TEMPERATURE (F)   15       -35      1932


SUNRISE AND SUNSET
DECEMBER 12 2017......SUNRISE   658 AM PST   SUNSET   416 PM PST
DECEMBER 13 2017......SUNRISE   659 AM PST   SUNSET   416 PM PST


-  INDICATES NEGATIVE NUMBERS.
R  INDICATES RECORD WAS SET OR TIED.
MM INDICATES DATA IS MISSING.
T  INDICATES TRACE AMOUNT.




$$
