000
CDUS45 KLKN 010927
CLIEKO


CLIMATE REPORT
NATIONAL WEATHER SERVICE ELKO NV
227 AM PDT SUN MAY 1 2016


...................................

...THE ELKO AIRPORT NV CLIMATE SUMMARY FOR APRIL 30 2016...

CLIMATE NORMAL PERIOD 1981 TO 2010
CLIMATE RECORD PERIOD 1888 TO 2016


WEATHER ITEM   OBSERVED TIME   RECORD YEAR NORMAL DEPARTURE LAST
                VALUE   (LST)  VALUE       VALUE  FROM      YEAR
                                                  NORMAL
..................................................................
TEMPERATURE (F)
 YESTERDAY
  MAXIMUM         58    445 PM  86    1981  64     -6       75
  MINIMUM         38    436 AM  14    1972  34      4       44
                                      1913
  AVERAGE         48                        49     -1       60

PRECIPITATION (IN)
  YESTERDAY        0.01          0.61 1939   0.03  -0.02     0.00
  MONTH TO DATE    1.99                      0.97   1.02     0.73
  SINCE OCT 1      9.82                      6.99   2.83     3.62
  SINCE JAN 1      5.28                      3.93   1.35     1.38

SNOWFALL (IN)
  YESTERDAY       MM             0.5  1948   0.0   MM        0.0
  MONTH TO DATE    1.0                       3.2   -2.2      2.2
  SINCE MAR 1      7.5                       8.3   -0.8      2.9
  SINCE JUL 1     63.8                      40.8   23.0     12.3
  SNOW DEPTH       0

DEGREE DAYS
 HEATING
  YESTERDAY       17                        16      1        5
  MONTH TO DATE  470                       594   -124      576
  SINCE MAR 1   1146                      1403   -257     1208
  SINCE JUL 1   6171                      6571   -400     5216

 COOLING
  YESTERDAY        0                         0      0        0
  MONTH TO DATE    0                         0      0        0
  SINCE MAR 1      0                         0      0        0
  SINCE JAN 1      0                         0      0        0
..................................................................


WIND (MPH)
  HIGHEST WIND SPEED    20   HIGHEST WIND DIRECTION    NE (30)
  HIGHEST GUST SPEED    25   HIGHEST GUST DIRECTION    NE (30)
  AVERAGE WIND SPEED     8.1



WEATHER CONDITIONS
 THE FOLLOWING WEATHER WAS RECORDED YESTERDAY.
  LIGHT RAIN


RELATIVE HUMIDITY (PERCENT)
 HIGHEST    85           300 AM
 LOWEST     39           500 PM
 AVERAGE    62

..........................................................


THE ELKO AIRPORT NV CLIMATE NORMALS FOR TODAY
                         NORMAL    RECORD    YEAR
 MAXIMUM TEMPERATURE (F)   64        88      1981
 MINIMUM TEMPERATURE (F)   34        13      1913


SUNRISE AND SUNSET
MAY  1 2016...........SUNRISE   541 AM PDT   SUNSET   740 PM PDT
MAY  2 2016...........SUNRISE   540 AM PDT   SUNSET   741 PM PDT


-  INDICATES NEGATIVE NUMBERS.
R  INDICATES RECORD WAS SET OR TIED.
MM INDICATES DATA IS MISSING.
T  INDICATES TRACE AMOUNT.




$$
