885
CDUS44 KSHV 300803
CLIELD


CLIMATE REPORT
NATIONAL WEATHER SERVICE SHREVEPORT, LA
257 AM CDT SUN APR 30 2017


...................................

...THE EL DORADO CLIMATE SUMMARY FOR APRIL 29 2017...

CLIMATE NORMAL PERIOD 1981 TO 2010
CLIMATE RECORD PERIOD 1907 TO 2017


WEATHER ITEM   OBSERVED TIME   RECORD YEAR NORMAL DEPARTURE LAST
                VALUE   (LST)  VALUE       VALUE  FROM      YEAR
                                                  NORMAL
..................................................................
TEMPERATURE (F)
 YESTERDAY
  MAXIMUM         81   1255 PM  93    1955  79      2       80
  MINIMUM         69    809 PM  39    1965  55     14       63
  AVERAGE         75                        67      8       72

PRECIPITATION (IN)
  YESTERDAY        0.32          2.08 1953   0.14   0.18     0.28
  MONTH TO DATE    7.76                      3.95   3.81     6.91
  SINCE DEC 1     24.17                     22.97   1.20    34.29
  SINCE JAN 1     17.88                     17.79   0.09    26.23

SNOWFALL (IN)
  YESTERDAY        0.0
  MONTH TO DATE    0.0
  SINCE MAR 1      0.0
  SINCE JUL 1      T
  SNOW DEPTH       0

DEGREE DAYS
 HEATING
  YESTERDAY        0                         2     -2        0
  MONTH TO DATE   42                       116    -74       70
  SINCE MAR 1    254                       424   -170      271
  SINCE JUL 1   1706                      2652   -946     2010

 COOLING
  YESTERDAY       10                         4      6        7
  MONTH TO DATE   93                        67     26       59
  SINCE MAR 1    146                        89     57       86
  SINCE JAN 1    173                        95     78       92
..................................................................


WIND (MPH)
  HIGHEST WIND SPEED    28   HIGHEST WIND DIRECTION    SE (150)
  HIGHEST GUST SPEED    39   HIGHEST GUST DIRECTION    SE (140)
  AVERAGE WIND SPEED    13.7


SKY COVER
  POSSIBLE SUNSHINE  MM
  AVERAGE SKY COVER 0.8


WEATHER CONDITIONS
 THE FOLLOWING WEATHER WAS RECORDED YESTERDAY.
  LIGHT RAIN
  FOG
  HAZE


RELATIVE HUMIDITY (PERCENT)
 HIGHEST    90           700 PM
 LOWEST     69           200 PM
 AVERAGE    80

..........................................................


THE EL DORADO CLIMATE NORMALS FOR TODAY
                         NORMAL    RECORD    YEAR
 MAXIMUM TEMPERATURE (F)   79        93      1943
 MINIMUM TEMPERATURE (F)   55        38      1908


SUNRISE AND SUNSET
APRIL 30 2017.........SUNRISE   624 AM CDT   SUNSET   753 PM CDT
MAY  1 2017...........SUNRISE   623 AM CDT   SUNSET   754 PM CDT


-  INDICATES NEGATIVE NUMBERS.
R  INDICATES RECORD WAS SET OR TIED.
MM INDICATES DATA IS MISSING.
T  INDICATES TRACE AMOUNT.




$$
