000
CDUS44 KSHV 170744
CLIELD


CLIMATE REPORT
NATIONAL WEATHER SERVICE SHREVEPORT, LA
244 AM CDT THU AUG 17 2017


...................................

...THE EL DORADO CLIMATE SUMMARY FOR AUGUST 16 2017...

CLIMATE NORMAL PERIOD 1981 TO 2010
CLIMATE RECORD PERIOD 1907 TO 2017


WEATHER ITEM   OBSERVED TIME   RECORD YEAR NORMAL DEPARTURE LAST
                VALUE   (LST)  VALUE       VALUE  FROM      YEAR
                                                  NORMAL
..................................................................
TEMPERATURE (F)
 YESTERDAY
  MAXIMUM         94    244 PM 106    2000  93      1       82
  MINIMUM         76    530 AM  54    1963  70      6       72
  AVERAGE         85                        82      3       77

PRECIPITATION (IN)
  YESTERDAY        T             2.35 2002   0.10  -0.10     1.11
  MONTH TO DATE    3.19                      1.66   1.53     6.39
  SINCE DEC 1     41.32                     38.28   3.04    50.38
  SINCE JAN 1     35.03                     33.10   1.93    42.32

SNOWFALL (IN)
  YESTERDAY        0.0
  MONTH TO DATE    0.0
  SINCE JUN 1      0.0
  SINCE JUL 1      0.0
  SNOW DEPTH       0

DEGREE DAYS
 HEATING
  YESTERDAY        0                         0      0        0
  MONTH TO DATE    0                         0      0        0
  SINCE JUN 1      0                         0      0        0
  SINCE JUL 1      0                         0      0        0

 COOLING
  YESTERDAY       20                        17      3       12
  MONTH TO DATE  245                       272    -27      291
  SINCE JUN 1   1171                      1184    -13     1335
  SINCE JAN 1   1517                      1495     22     1616
..................................................................


WIND (MPH)
  HIGHEST WIND SPEED    16   HIGHEST WIND DIRECTION     S (180)
  HIGHEST GUST SPEED    21   HIGHEST GUST DIRECTION     S (180)
  AVERAGE WIND SPEED     7.3


SKY COVER
  POSSIBLE SUNSHINE  MM
  AVERAGE SKY COVER 0.4


WEATHER CONDITIONS
 THE FOLLOWING WEATHER WAS RECORDED YESTERDAY.
  LIGHT RAIN
  FOG


RELATIVE HUMIDITY (PERCENT)
 HIGHEST   100           100 AM
 LOWEST     56           200 PM
 AVERAGE    78

..........................................................


THE EL DORADO CLIMATE NORMALS FOR TODAY
                         NORMAL    RECORD    YEAR
 MAXIMUM TEMPERATURE (F)   93       106      2000
 MINIMUM TEMPERATURE (F)   70        53      1992


SUNRISE AND SUNSET
AUGUST 17 2017........SUNRISE   636 AM CDT   SUNSET   754 PM CDT
AUGUST 18 2017........SUNRISE   636 AM CDT   SUNSET   753 PM CDT


-  INDICATES NEGATIVE NUMBERS.
R  INDICATES RECORD WAS SET OR TIED.
MM INDICATES DATA IS MISSING.
T  INDICATES TRACE AMOUNT.




$$
