145
CDUS44 KEPZ 050937
CLIELP


CLIMATE REPORT
NATIONAL WEATHER SERVICE EL PASO, TX
234 AM MST MON DEC 5 2016


...................................

...THE EL PASO CLIMATE SUMMARY FOR DECEMBER 4 2016...

CLIMATE NORMAL PERIOD 1981 TO 2010
CLIMATE RECORD PERIOD 1879 TO 2016


WEATHER ITEM   OBSERVED TIME   RECORD YEAR NORMAL DEPARTURE LAST
                VALUE   (LST)  VALUE       VALUE  FROM      YEAR
                                                  NORMAL
..................................................................
TEMPERATURE (F)
 YESTERDAY
  MAXIMUM         57    408 PM  76    1958  59     -2       63
                                      1889
  MINIMUM         37    443 AM  17    1898  34      3       33
  AVERAGE         47                        47      0       48

PRECIPITATION (IN)
  YESTERDAY        0.00          0.68 1992   0.02  -0.02     0.00
  MONTH TO DATE    0.24                      0.09   0.15     0.00
  SINCE DEC 1      0.24                      0.09   0.15     0.00
  SINCE JAN 1      8.72                      9.02  -0.30    11.00

SNOWFALL (IN)
  YESTERDAY        0.0                                       0.0
  MONTH TO DATE    0.0                                       0.0
  SINCE DEC 1      0.0                                       0.0
  SINCE JUL 1      T                                          T
  SNOW DEPTH       0

DEGREE DAYS
 HEATING
  YESTERDAY       18                        18      0       17
  MONTH TO DATE   75                        72      3       77
  SINCE DEC 1     75                        72      3       77
  SINCE JUL 1    317                       514   -197      412

 COOLING
  YESTERDAY        0                         0      0        0
  MONTH TO DATE    0                         0      0        0
  SINCE DEC 1      0                         0      0        0
  SINCE JAN 1   2811                      2331    480     2839
..................................................................


WIND (MPH)
  HIGHEST WIND SPEED    16   HIGHEST WIND DIRECTION     N (350)
  HIGHEST GUST SPEED    18   HIGHEST GUST DIRECTION     N (360)
  AVERAGE WIND SPEED     6.6


SKY COVER
  POSSIBLE SUNSHINE  MM
  AVERAGE SKY COVER 0.2


WEATHER CONDITIONS
 THE FOLLOWING WEATHER WAS RECORDED YESTERDAY.
  NO SIGNIFICANT WEATHER WAS OBSERVED.


RELATIVE HUMIDITY (PERCENT)
 HIGHEST    86           300 AM
 LOWEST     30           300 PM
 AVERAGE    58

..........................................................


THE EL PASO CLIMATE NORMALS FOR TODAY
                         NORMAL    RECORD    YEAR
 MAXIMUM TEMPERATURE (F)   59        75      1958
                                             1889
 MINIMUM TEMPERATURE (F)   34        16      1909


SUNRISE AND SUNSET
DECEMBER  5 2016......SUNRISE   651 AM MST   SUNSET   501 PM MST
DECEMBER  6 2016......SUNRISE   652 AM MST   SUNSET   502 PM MST


-  INDICATES NEGATIVE NUMBERS.
R  INDICATES RECORD WAS SET OR TIED.
MM INDICATES DATA IS MISSING.
T  INDICATES TRACE AMOUNT.




$$
