000
CDUS44 KEPZ 290928
CLIELP


CLIMATE REPORT
NATIONAL WEATHER SERVICE EL PASO, TX
327 AM MDT SUN MAY 29 2016


...................................

...THE EL PASO CLIMATE SUMMARY FOR MAY 28 2016...

CLIMATE NORMAL PERIOD 1981 TO 2010
CLIMATE RECORD PERIOD 1879 TO 2016


WEATHER ITEM   OBSERVED TIME   RECORD YEAR NORMAL DEPARTURE LAST
                VALUE   (LST)  VALUE       VALUE  FROM      YEAR
                                                  NORMAL
..................................................................
TEMPERATURE (F)
 YESTERDAY
  MAXIMUM         92    334 PM 104    1951  92      0       94
  MINIMUM         58    231 AM  50    1978  63     -5       68
  AVERAGE         75                        78     -3       81

PRECIPITATION (IN)
  YESTERDAY        0.00          0.29 1930   0.02  -0.02     0.00
  MONTH TO DATE    T                         0.42  -0.42     0.81
  SINCE MAR 1      0.05                      0.91  -0.86     1.66
  SINCE JAN 1      0.58                      1.77  -1.19     2.54

SNOWFALL (IN)
  YESTERDAY        0.0                                       0.0
  MONTH TO DATE    0.0                                       0.0
  SINCE MAR 1      0.0                                       0.0
  SINCE JUL 1      8.1                                        T
  SNOW DEPTH       0

DEGREE DAYS
 HEATING
  YESTERDAY        0                         0      0        0
  MONTH TO DATE   14                         6      8        0
  SINCE MAR 1    184                       368   -184      241
  SINCE JUL 1   2018                      2471   -453     2064

 COOLING
  YESTERDAY       10                        13     -3       16
  MONTH TO DATE  242                       246     -4      201
  SINCE MAR 1    353                       338     15      327
  SINCE JAN 1    356                       338     18      328
..................................................................


WIND (MPH)
  HIGHEST WIND SPEED    20   HIGHEST WIND DIRECTION     S (190)
  HIGHEST GUST SPEED    25   HIGHEST GUST DIRECTION     S (190)
  AVERAGE WIND SPEED     7.8


SKY COVER
  POSSIBLE SUNSHINE  MM
  AVERAGE SKY COVER 0.1


WEATHER CONDITIONS
 THE FOLLOWING WEATHER WAS RECORDED YESTERDAY.
  NO SIGNIFICANT WEATHER WAS OBSERVED.


RELATIVE HUMIDITY (PERCENT)
 HIGHEST    19           100 AM
 LOWEST      3           300 PM
 AVERAGE    11

..........................................................


THE EL PASO CLIMATE NORMALS FOR TODAY
                         NORMAL    RECORD    YEAR
 MAXIMUM TEMPERATURE (F)   92       102      1896
 MINIMUM TEMPERATURE (F)   64        45      1987


SUNRISE AND SUNSET
MAY 29 2016...........SUNRISE   601 AM MDT   SUNSET   805 PM MDT
MAY 30 2016...........SUNRISE   601 AM MDT   SUNSET   806 PM MDT


-  INDICATES NEGATIVE NUMBERS.
R  INDICATES RECORD WAS SET OR TIED.
MM INDICATES DATA IS MISSING.
T  INDICATES TRACE AMOUNT.




$$
