000
CDUS44 KEPZ 250929
CLIELP
TTAA00 KLBB 250927


CLIMATE REPORT
NATIONAL WEATHER SERVICE EL PASO, TX
327 AM MDT MON JUL 25 2016


...................................

...THE EL PASO CLIMATE SUMMARY FOR JULY 24 2016...

CLIMATE NORMAL PERIOD 1981 TO 2010
CLIMATE RECORD PERIOD 1879 TO 2016


WEATHER ITEM   OBSERVED TIME   RECORD YEAR NORMAL DEPARTURE LAST
                VALUE   (LST)  VALUE       VALUE  FROM      YEAR
                                                  NORMAL
..................................................................
TEMPERATURE (F)
 YESTERDAY
  MAXIMUM        106R   358 PM 106    1979  94     12      100
  MINIMUM         78    618 AM  57    1880  71      7       77
  AVERAGE         92                        82     10       89

PRECIPITATION (IN)
  YESTERDAY        T             1.20 1927   0.06  -0.06      T
  MONTH TO DATE    0.13                      1.11  -0.98     1.69
  SINCE JUN 1      0.46                      2.05  -1.59     1.87
  SINCE JAN 1      1.10                      3.87  -2.77     4.41

SNOWFALL (IN)
  YESTERDAY        0.0                                       0.0
  MONTH TO DATE    0.0                                       0.0
  SINCE JUN 1      0.0                                       0.0
  SINCE JUL 1      0.0                                       0.0
  SNOW DEPTH       0

DEGREE DAYS
 HEATING
  YESTERDAY        0                         0      0        0
  MONTH TO DATE    0                         0      0        0
  SINCE JUN 1      0                         0      0        0
  SINCE JUL 1      0                         0      0        0

 COOLING
  YESTERDAY       27                        17     10       24
  MONTH TO DATE  590                       431    159      472
  SINCE JUN 1   1182                       933    249     1064
  SINCE JAN 1   1578                      1310    268     1435
..................................................................


WIND (MPH)
  HIGHEST WIND SPEED    29   HIGHEST WIND DIRECTION     W (280)
  HIGHEST GUST SPEED    33   HIGHEST GUST DIRECTION     W (280)
  AVERAGE WIND SPEED     6.5


SKY COVER
  POSSIBLE SUNSHINE  MM
  AVERAGE SKY COVER 0.2


WEATHER CONDITIONS
 THE FOLLOWING WEATHER WAS RECORDED YESTERDAY.
  THUNDERSTORM
  LIGHT RAIN
  HAZE


RELATIVE HUMIDITY (PERCENT)
 HIGHEST    30           700 AM
 LOWEST     12           300 PM
 AVERAGE    21

..........................................................


THE EL PASO CLIMATE NORMALS FOR TODAY
                         NORMAL    RECORD    YEAR
 MAXIMUM TEMPERATURE (F)   94       105      1995
                                             1994
 MINIMUM TEMPERATURE (F)   71        57      1880


SUNRISE AND SUNSET
JULY 25 2016..........SUNRISE   617 AM MDT   SUNSET   807 PM MDT
JULY 26 2016..........SUNRISE   618 AM MDT   SUNSET   806 PM MDT


-  INDICATES NEGATIVE NUMBERS.
R  INDICATES RECORD WAS SET OR TIED.
MM INDICATES DATA IS MISSING.
T  INDICATES TRACE AMOUNT.




$$
