000
CDUS44 KEPZ 300928
CLIELP


CLIMATE REPORT
NATIONAL WEATHER SERVICE EL PASO, TX
327 AM MDT SAT APR 30 2016


...................................

...THE EL PASO CLIMATE SUMMARY FOR APRIL 29 2016...

CLIMATE NORMAL PERIOD 1981 TO 2010
CLIMATE RECORD PERIOD 1879 TO 2016


WEATHER ITEM   OBSERVED TIME   RECORD YEAR NORMAL DEPARTURE LAST
                VALUE   (LST)  VALUE       VALUE  FROM      YEAR
                                                  NORMAL
..................................................................
TEMPERATURE (F)
 YESTERDAY
  MAXIMUM         74    406 PM  95    1992  83     -9       76
                                      1943
  MINIMUM         58    653 AM  33    1991  55      3       45
  AVERAGE         66                        69     -3       61

PRECIPITATION (IN)
  YESTERDAY        0.00          0.12 1993   0.01  -0.01     0.00
  MONTH TO DATE    0.04                      0.22  -0.18     0.24
  SINCE MAR 1      0.05                      0.48  -0.43     0.85
  SINCE JAN 1      0.58                      1.34  -0.76     1.73

SNOWFALL (IN)
  YESTERDAY        0.0                                       0.0
  MONTH TO DATE    0.0                                       0.0
  SINCE MAR 1      0.0                                       0.0
  SINCE JUL 1      8.1                                        T
  SNOW DEPTH       0

DEGREE DAYS
 HEATING
  YESTERDAY        0                         1     -1        4
  MONTH TO DATE   61                        91    -30       53
  SINCE MAR 1    170                       361   -191      241
  SINCE JUL 1   2004                      2464   -460     2064

 COOLING
  YESTERDAY        1                         5     -4        0
  MONTH TO DATE   90                        77     13       92
  SINCE MAR 1    110                        87     23      125
  SINCE JAN 1    113                        87     26      126
..................................................................


WIND (MPH)
  HIGHEST WIND SPEED    36   HIGHEST WIND DIRECTION     W (250)
  HIGHEST GUST SPEED    44   HIGHEST GUST DIRECTION     W (260)
  AVERAGE WIND SPEED    16.5


SKY COVER
  POSSIBLE SUNSHINE  MM
  AVERAGE SKY COVER 0.1


WEATHER CONDITIONS
 THE FOLLOWING WEATHER WAS RECORDED YESTERDAY.
  NO SIGNIFICANT WEATHER WAS OBSERVED.


RELATIVE HUMIDITY (PERCENT)
 HIGHEST    27           200 AM
 LOWEST     12           300 PM
 AVERAGE    20

..........................................................


THE EL PASO CLIMATE NORMALS FOR TODAY
                         NORMAL    RECORD    YEAR
 MAXIMUM TEMPERATURE (F)   83        97      1992
 MINIMUM TEMPERATURE (F)   55        33      1984


SUNRISE AND SUNSET
APRIL 30 2016.........SUNRISE   620 AM MDT   SUNSET   745 PM MDT
MAY  1 2016...........SUNRISE   619 AM MDT   SUNSET   746 PM MDT


-  INDICATES NEGATIVE NUMBERS.
R  INDICATES RECORD WAS SET OR TIED.
MM INDICATES DATA IS MISSING.
T  INDICATES TRACE AMOUNT.




$$
