487
CDUS44 KEPZ 130931
CLIELP
TTAA00 KLBB 130931


CLIMATE REPORT
NATIONAL WEATHER SERVICE EL PASO, TX
231 AM MST SAT FEB 13 2016


...................................

...THE EL PASO CLIMATE SUMMARY FOR FEBRUARY 12 2016...

CLIMATE NORMAL PERIOD 1981 TO 2010
CLIMATE RECORD PERIOD 1879 TO 2016


WEATHER ITEM   OBSERVED TIME   RECORD YEAR NORMAL DEPARTURE LAST
                VALUE   (LST)  VALUE       VALUE  FROM      YEAR
                                                  NORMAL
..................................................................
TEMPERATURE (F)
 YESTERDAY
  MAXIMUM         76    433 PM  79    1962  63     13       56
  MINIMUM         33    556 AM   5    1899  37     -4       42
  AVERAGE         55                        50      5       49

PRECIPITATION (IN)
  YESTERDAY        0.00          0.39 1968   0.01  -0.01     0.00
  MONTH TO DATE    0.07                      0.21  -0.14     0.00
  SINCE DEC 1      1.61                      1.39   0.22     0.97
  SINCE JAN 1      0.53                      0.61  -0.08     0.85

SNOWFALL (IN)
  YESTERDAY        0.0                                       0.0
  MONTH TO DATE    T                                         0.0
  SINCE DEC 1      8.1                                        T
  SINCE JUL 1      8.1                                        T
  SNOW DEPTH       0

DEGREE DAYS
 HEATING
  YESTERDAY       10                        15     -5       16
  MONTH TO DATE  237                       200     37      115
  SINCE DEC 1   1393                      1443    -50     1245
  SINCE JUL 1   1728                      1885   -157     1608

 COOLING
  YESTERDAY        0                         0      0        0
  MONTH TO DATE    0                         0      0        0
  SINCE DEC 1      0                         0      0        0
  SINCE JAN 1      0                         0      0        0
..................................................................


WIND (MPH)
  HIGHEST WIND SPEED    10   HIGHEST WIND DIRECTION     E (80)
  HIGHEST GUST SPEED    11   HIGHEST GUST DIRECTION     E (80)
  AVERAGE WIND SPEED     3.1


SKY COVER
  POSSIBLE SUNSHINE  MM
  AVERAGE SKY COVER 0.0


WEATHER CONDITIONS
 THE FOLLOWING WEATHER WAS RECORDED YESTERDAY.
  NO SIGNIFICANT WEATHER WAS OBSERVED.


RELATIVE HUMIDITY (PERCENT)
 HIGHEST    47           600 AM
 LOWEST      9           200 PM
 AVERAGE    28

..........................................................


THE EL PASO CLIMATE NORMALS FOR TODAY
                         NORMAL    RECORD    YEAR
 MAXIMUM TEMPERATURE (F)   63        79      1957
 MINIMUM TEMPERATURE (F)   37        11      1963


SUNRISE AND SUNSET
FEBRUARY 13 2016......SUNRISE   650 AM MST   SUNSET   550 PM MST
FEBRUARY 14 2016......SUNRISE   649 AM MST   SUNSET   551 PM MST


-  INDICATES NEGATIVE NUMBERS.
R  INDICATES RECORD WAS SET OR TIED.
MM INDICATES DATA IS MISSING.
T  INDICATES TRACE AMOUNT.




$$
