000
CDUS44 KEPZ 260927
CLIELP


CLIMATE REPORT
NATIONAL WEATHER SERVICE EL PASO, TX
326 AM MDT WED APR 26 2017


...................................

...THE EL PASO CLIMATE SUMMARY FOR APRIL 25 2017...

CLIMATE NORMAL PERIOD 1981 TO 2010
CLIMATE RECORD PERIOD 1879 TO 2017


WEATHER ITEM   OBSERVED TIME   RECORD YEAR NORMAL DEPARTURE LAST
                VALUE   (LST)  VALUE       VALUE  FROM      YEAR
                                                  NORMAL
..................................................................
TEMPERATURE (F)
 YESTERDAY
  MAXIMUM         85    345 PM  95    2012  81      4       87
  MINIMUM         68   1159 PM  36    1913  54     14       64
  AVERAGE         77                        68      9       76

PRECIPITATION (IN)
  YESTERDAY        0.00          0.47 1941   0.01  -0.01     0.00
  MONTH TO DATE    0.00                      0.19  -0.19     0.04
  SINCE MAR 1      T                         0.45  -0.45     0.05
  SINCE JAN 1      1.21                      1.31  -0.10     0.58

SNOWFALL (IN)
  YESTERDAY        0.0                                       0.0
  MONTH TO DATE    0.0                                       0.0
  SINCE MAR 1      0.0                                       0.0
  SINCE JUL 1      T                                         8.1
  SNOW DEPTH       0

DEGREE DAYS
 HEATING
  YESTERDAY        0                         2     -2        0
  MONTH TO DATE   25                        86    -61       61
  SINCE MAR 1     88                       356   -268      170
  SINCE JUL 1   1557                      2459   -902     2004

 COOLING
  YESTERDAY       12                         4      8       11
  MONTH TO DATE  147                        58     89       79
  SINCE MAR 1    216                        68    148       99
  SINCE JAN 1    219                        68    151      102
..................................................................


WIND (MPH)
  HIGHEST WIND SPEED    46   HIGHEST WIND DIRECTION     W (250)
  HIGHEST GUST SPEED    57   HIGHEST GUST DIRECTION     W (250)
  AVERAGE WIND SPEED    25.3


SKY COVER
  POSSIBLE SUNSHINE  MM
  AVERAGE SKY COVER 0.6


WEATHER CONDITIONS
 THE FOLLOWING WEATHER WAS RECORDED YESTERDAY.
  HAZE
  SANDSTORM


RELATIVE HUMIDITY (PERCENT)
 HIGHEST    25          1000 PM
 LOWEST     10          1200 AM
 AVERAGE    18

..........................................................


THE EL PASO CLIMATE NORMALS FOR TODAY
                         NORMAL    RECORD    YEAR
 MAXIMUM TEMPERATURE (F)   82        95      2012
 MINIMUM TEMPERATURE (F)   54        38      1997
                                             1921


SUNRISE AND SUNSET
APRIL 26 2017.........SUNRISE   625 AM MDT   SUNSET   743 PM MDT
APRIL 27 2017.........SUNRISE   624 AM MDT   SUNSET   743 PM MDT


-  INDICATES NEGATIVE NUMBERS.
R  INDICATES RECORD WAS SET OR TIED.
MM INDICATES DATA IS MISSING.
T  INDICATES TRACE AMOUNT.




$$
