000
CDUS44 KEPZ 230926
CLIELP


CLIMATE REPORT
NATIONAL WEATHER SERVICE EL PASO, TX
325 AM MDT THU OCT 23 2014


...................................

...THE EL PASO CLIMATE SUMMARY FOR OCTOBER 22 2014...

CLIMATE NORMAL PERIOD 1981 TO 2010
CLIMATE RECORD PERIOD 1879 TO 2014


WEATHER ITEM   OBSERVED TIME   RECORD YEAR NORMAL DEPARTURE LAST
                VALUE   (LST)  VALUE       VALUE  FROM      YEAR
                                                  NORMAL
..................................................................
TEMPERATURE (F)
 YESTERDAY
  MAXIMUM         77    408 PM  89    1899  76      1       75
  MINIMUM         60   1159 PM  26    1996  50     10       46
  AVERAGE         69                        63      6       61

PRECIPITATION (IN)
  YESTERDAY        0.00          1.29 1949   0.01  -0.01     0.00
  MONTH TO DATE    0.98                      0.44   0.54     0.00
  SINCE SEP 1      5.21                      1.95   3.26     3.85
  SINCE JAN 1      8.34                      8.27   0.07     9.15

SNOWFALL (IN)
  YESTERDAY        0.0                                       0.0
  MONTH TO DATE    0.0                                       0.0
  SINCE SEP 1      0.0                                       0.0
  SINCE JUL 1      0.0                                        T
  SNOW DEPTH       0

DEGREE DAYS
 HEATING
  YESTERDAY        0                         3     -3        4
  MONTH TO DATE    5                        37    -32       43
  SINCE SEP 1      5                        41    -36       43
  SINCE JUL 1      5                        41    -36       43

 COOLING
  YESTERDAY        4                         1      3        0
  MONTH TO DATE  100                        75     25       67
  SINCE SEP 1    416                       392     24      404
  SINCE JAN 1   2635                      2321    314     2682
..................................................................


WIND (MPH)
  HIGHEST WIND SPEED     9   HIGHEST WIND DIRECTION     N (10)
  HIGHEST GUST SPEED    11   HIGHEST GUST DIRECTION     N (20)
  AVERAGE WIND SPEED     2.9


SKY COVER
  POSSIBLE SUNSHINE  MM
  AVERAGE SKY COVER 0.4


WEATHER CONDITIONS
 THE FOLLOWING WEATHER WAS RECORDED YESTERDAY.
  NO SIGNIFICANT WEATHER WAS OBSERVED.


RELATIVE HUMIDITY (PERCENT)
 HIGHEST    84          1200 AM
 LOWEST     43           300 PM
 AVERAGE    64

..........................................................


THE EL PASO CLIMATE NORMALS FOR TODAY
                         NORMAL    RECORD    YEAR
 MAXIMUM TEMPERATURE (F)   76        89      1889
 MINIMUM TEMPERATURE (F)   49        28      1996


SUNRISE AND SUNSET
OCTOBER 23 2014.......SUNRISE   715 AM MDT   SUNSET   625 PM MDT
OCTOBER 24 2014.......SUNRISE   716 AM MDT   SUNSET   623 PM MDT


-  INDICATES NEGATIVE NUMBERS.
R  INDICATES RECORD WAS SET OR TIED.
MM INDICATES DATA IS MISSING.
T  INDICATES TRACE AMOUNT.




$$
