000
CDUS44 KEPZ 290927
CLIELP


CLIMATE REPORT
NATIONAL WEATHER SERVICE EL PASO, TX
326 AM MDT THU SEP 29 2016


...................................

...THE EL PASO CLIMATE SUMMARY FOR SEPTEMBER 28 2016...

CLIMATE NORMAL PERIOD 1981 TO 2010
CLIMATE RECORD PERIOD 1879 TO 2016


WEATHER ITEM   OBSERVED TIME   RECORD YEAR NORMAL DEPARTURE LAST
                VALUE   (LST)  VALUE       VALUE  FROM      YEAR
                                                  NORMAL
..................................................................
TEMPERATURE (F)
 YESTERDAY
  MAXIMUM         85    418 PM  97    2015  84      1       97
                                      1994
                                      1977
  MINIMUM         56    544 AM  42    1973  59     -3       62
                                      1880
  AVERAGE         71                        72     -1       80

PRECIPITATION (IN)
  YESTERDAY        0.00          1.21 1932   0.04  -0.04     0.00
  MONTH TO DATE    1.24                      1.44  -0.20     0.33
  SINCE SEP 1      1.24                      1.44  -0.20     0.33
  SINCE JAN 1      7.21                      7.76  -0.55     7.48

SNOWFALL (IN)
  YESTERDAY        0.0                                       0.0
  MONTH TO DATE    0.0                                       0.0
  SINCE SEP 1      0.0                                       0.0
  SINCE JUL 1      T                                         0.0
  SNOW DEPTH       0

DEGREE DAYS
 HEATING
  YESTERDAY        0                         0      0        0
  MONTH TO DATE    5                         0      5        0
  SINCE SEP 1      5                         0      5        0
  SINCE JUL 1      5                         0      5        0

 COOLING
  YESTERDAY        6                         7     -1       15
  MONTH TO DATE  348                       304     44      449
  SINCE SEP 1    348                       304     44      449
  SINCE JAN 1   2572                      2233    339     2666
..................................................................


WIND (MPH)
  HIGHEST WIND SPEED    15   HIGHEST WIND DIRECTION     E (110)
  HIGHEST GUST SPEED    20   HIGHEST GUST DIRECTION     E (100)
  AVERAGE WIND SPEED     4.3


SKY COVER
  POSSIBLE SUNSHINE  MM
  AVERAGE SKY COVER 0.5


WEATHER CONDITIONS
 THE FOLLOWING WEATHER WAS RECORDED YESTERDAY.
  NO SIGNIFICANT WEATHER WAS OBSERVED.


RELATIVE HUMIDITY (PERCENT)
 HIGHEST    77           600 AM
 LOWEST     32           300 PM
 AVERAGE    55

..........................................................


THE EL PASO CLIMATE NORMALS FOR TODAY
                         NORMAL    RECORD    YEAR
 MAXIMUM TEMPERATURE (F)   84        98      1977
 MINIMUM TEMPERATURE (F)   59        44      1945
                                             1889
                                             1880


SUNRISE AND SUNSET
SEPTEMBER 29 2016.....SUNRISE   659 AM MDT   SUNSET   652 PM MDT
SEPTEMBER 30 2016.....SUNRISE   659 AM MDT   SUNSET   651 PM MDT


-  INDICATES NEGATIVE NUMBERS.
R  INDICATES RECORD WAS SET OR TIED.
MM INDICATES DATA IS MISSING.
T  INDICATES TRACE AMOUNT.




$$
