000
CDUS44 KEPZ 260926
CLIELP


CLIMATE REPORT
NATIONAL WEATHER SERVICE EL PASO, TX
225 AM MST SUN FEB 26 2017


...................................

...THE EL PASO CLIMATE SUMMARY FOR FEBRUARY 25 2017...

CLIMATE NORMAL PERIOD 1981 TO 2010
CLIMATE RECORD PERIOD 1879 TO 2017


WEATHER ITEM   OBSERVED TIME   RECORD YEAR NORMAL DEPARTURE LAST
                VALUE   (LST)  VALUE       VALUE  FROM      YEAR
                                                  NORMAL
..................................................................
TEMPERATURE (F)
 YESTERDAY
  MAXIMUM         66    406 PM  83    2009  66      0       67
  MINIMUM         40    631 AM  18    1974  39      1       36
                                      1960
                                      1894
  AVERAGE         53                        52      1       52

PRECIPITATION (IN)
  YESTERDAY        0.00          0.48 1982   0.01  -0.01     0.00
  MONTH TO DATE    0.16                      0.42  -0.26     0.07
  SINCE DEC 1      2.07                      1.60   0.47     1.61
  SINCE JAN 1      1.21                      0.82   0.39     0.53

SNOWFALL (IN)
  YESTERDAY        0.0                                       0.0
  MONTH TO DATE    T                                          T
  SINCE DEC 1      T                                         8.1
  SINCE JUL 1      T                                         8.1
  SNOW DEPTH       0

DEGREE DAYS
 HEATING
  YESTERDAY       12                        13     -1       13
  MONTH TO DATE  229                       382   -153      321
  SINCE DEC 1   1205                      1625   -420     1477
  SINCE JUL 1   1447                      2067   -620     1812

 COOLING
  YESTERDAY        0                         0      0        0
  MONTH TO DATE    3                         0      3        3
  SINCE DEC 1      3                         0      3        3
  SINCE JAN 1      3                         0      3        3
..................................................................


WIND (MPH)
  HIGHEST WIND SPEED    22   HIGHEST WIND DIRECTION     W (250)
  HIGHEST GUST SPEED    27   HIGHEST GUST DIRECTION    SW (230)
  AVERAGE WIND SPEED     8.7


SKY COVER
  POSSIBLE SUNSHINE  MM
  AVERAGE SKY COVER 0.1


WEATHER CONDITIONS
 THE FOLLOWING WEATHER WAS RECORDED YESTERDAY.
  NO SIGNIFICANT WEATHER WAS OBSERVED.


RELATIVE HUMIDITY (PERCENT)
 HIGHEST    22           600 AM
 LOWEST      7           300 PM
 AVERAGE    15

..........................................................


THE EL PASO CLIMATE NORMALS FOR TODAY
                         NORMAL    RECORD    YEAR
 MAXIMUM TEMPERATURE (F)   66        83      2009
                                             1986
                                             1904
 MINIMUM TEMPERATURE (F)   39        20      1952
                                             1935


SUNRISE AND SUNSET
FEBRUARY 26 2017......SUNRISE   636 AM MST   SUNSET   601 PM MST
FEBRUARY 27 2017......SUNRISE   635 AM MST   SUNSET   602 PM MST


-  INDICATES NEGATIVE NUMBERS.
R  INDICATES RECORD WAS SET OR TIED.
MM INDICATES DATA IS MISSING.
T  INDICATES TRACE AMOUNT.




$$
