000
CDUS44 KEPZ 190930
CLIELP


CLIMATE REPORT
NATIONAL WEATHER SERVICE EL PASO, TX
329 AM MDT FRI SEP 19 2014


...................................

...THE EL PASO CLIMATE SUMMARY FOR SEPTEMBER 18 2014...

CLIMATE NORMAL PERIOD 1981 TO 2010
CLIMATE RECORD PERIOD 1879 TO 2014


WEATHER ITEM   OBSERVED TIME   RECORD YEAR NORMAL DEPARTURE LAST
                VALUE   (LST)  VALUE       VALUE  FROM      YEAR
                                                  NORMAL
..................................................................
TEMPERATURE (F)
 YESTERDAY
  MAXIMUM         71    313 PM  98    1973  87    -16       87
  MINIMUM         65    606 AM  45    1968  63      2       68
  AVERAGE         68                        75     -7       78

PRECIPITATION (IN)
  YESTERDAY        0.50          1.03 1995   0.06   0.44     0.00
  MONTH TO DATE    3.71                      1.00   2.71     3.31
  SINCE SEP 1      3.71                      1.00   2.71     3.31
  SINCE JAN 1      6.84                      7.32  -0.48     8.61

SNOWFALL (IN)
  YESTERDAY        0.0                                       0.0
  MONTH TO DATE    0.0                                       0.0
  SINCE SEP 1      0.0                                       0.0
  SINCE JUL 1      0.0                                        T
  SNOW DEPTH       0

DEGREE DAYS
 HEATING
  YESTERDAY        0                         0      0        0
  MONTH TO DATE    0                         0      0        0
  SINCE SEP 1      0                         0      0        0
  SINCE JUL 1      0                         0      0        0

 COOLING
  YESTERDAY        3                        10     -7       13
  MONTH TO DATE  197                       222    -25      238
  SINCE SEP 1    197                       222    -25      238
  SINCE JAN 1   2416                      2151    265     2516
..................................................................


WIND (MPH)
  HIGHEST WIND SPEED    17   HIGHEST WIND DIRECTION     N (10)
  HIGHEST GUST SPEED    21   HIGHEST GUST DIRECTION     N (10)
  AVERAGE WIND SPEED     9.6


SKY COVER
  POSSIBLE SUNSHINE  MM
  AVERAGE SKY COVER 0.9


WEATHER CONDITIONS
 THE FOLLOWING WEATHER WAS RECORDED YESTERDAY.
  LIGHT RAIN
  FOG


RELATIVE HUMIDITY (PERCENT)
 HIGHEST    93           100 AM
 LOWEST     84           100 PM
 AVERAGE    89

..........................................................


THE EL PASO CLIMATE NORMALS FOR TODAY
                         NORMAL    RECORD    YEAR
 MAXIMUM TEMPERATURE (F)   87        97      1997
                                             1980
                                             1930
 MINIMUM TEMPERATURE (F)   62        47      1991


SUNRISE AND SUNSET
SEPTEMBER 19 2014.....SUNRISE   652 AM MDT   SUNSET   706 PM MDT
SEPTEMBER 20 2014.....SUNRISE   653 AM MDT   SUNSET   705 PM MDT


-  INDICATES NEGATIVE NUMBERS.
R  INDICATES RECORD WAS SET OR TIED.
MM INDICATES DATA IS MISSING.
T  INDICATES TRACE AMOUNT.




$$
