374
CDUS45 KLKN 130927
CLIELY


CLIMATE REPORT
NATIONAL WEATHER SERVICE ELKO NV
126 AM PST SAT FEB 13 2016


...................................

...THE ELY AIRPORT NV CLIMATE SUMMARY FOR FEBRUARY 12 2016...

CLIMATE NORMAL PERIOD 1981 TO 2010
CLIMATE RECORD PERIOD 1893 TO 2016


WEATHER ITEM   OBSERVED TIME   RECORD YEAR NORMAL DEPARTURE LAST
                VALUE   (LST)  VALUE       VALUE  FROM      YEAR
                                                  NORMAL
..................................................................
TEMPERATURE (F)
 YESTERDAY
  MAXIMUM         44    219 PM  65    2015  42      2       65
  MINIMUM         15    622 AM -18    1948  15      0       22
  AVERAGE         30                        28      2       44

PRECIPITATION (IN)
  YESTERDAY        0.00          0.80 1895   0.02  -0.02     0.00
  MONTH TO DATE    0.05                      0.29  -0.24      T
  SINCE OCT 1      6.52                      3.28   3.24     1.48
  SINCE JAN 1      2.16                      0.99   1.17     0.31

SNOWFALL (IN)
  YESTERDAY        0.0           8.0  1895   0.2   -0.2      0.0
  MONTH TO DATE    0.3                       3.4   -3.1      0.0
  SINCE DEC 1     57.8                      20.9   36.9      6.7
  SINCE JUL 1     75.5                      30.4   45.1      7.4
  SNOW DEPTH      12

DEGREE DAYS
 HEATING
  YESTERDAY       35                        37     -2       21
  MONTH TO DATE  573                       454    119      274
  SINCE DEC 1   3245                      2915    330     2321
  SINCE JUL 1   4874                      4783     91     3768

 COOLING
  YESTERDAY        0                         0      0        0
  MONTH TO DATE    0                         0      0        0
  SINCE DEC 1      0                         0      0        0
  SINCE JAN 1      0                         0      0        0
..................................................................


WIND (MPH)
  HIGHEST WIND SPEED    22   HIGHEST WIND DIRECTION     S (170)
  HIGHEST GUST SPEED    23   HIGHEST GUST DIRECTION     S (170)
  AVERAGE WIND SPEED    11.8



WEATHER CONDITIONS
 THE FOLLOWING WEATHER WAS RECORDED YESTERDAY.
  NO SIGNIFICANT WEATHER WAS OBSERVED.


RELATIVE HUMIDITY (PERCENT)
 HIGHEST    78           600 PM
 LOWEST     45           100 PM
 AVERAGE    62

..........................................................


THE ELY AIRPORT NV CLIMATE NORMALS FOR TODAY
                         NORMAL    RECORD    YEAR
 MAXIMUM TEMPERATURE (F)   42        66      2015
 MINIMUM TEMPERATURE (F)   15       -25      1949


SUNRISE AND SUNSET
FEBRUARY 13 2016......SUNRISE   634 AM PST   SUNSET   514 PM PST
FEBRUARY 14 2016......SUNRISE   633 AM PST   SUNSET   515 PM PST


-  INDICATES NEGATIVE NUMBERS.
R  INDICATES RECORD WAS SET OR TIED.
MM INDICATES DATA IS MISSING.
T  INDICATES TRACE AMOUNT.




$$
