000
CDUS45 KLKN 020930
CLIELY


CLIMATE REPORT
NATIONAL WEATHER SERVICE ELKO NV
230 AM PDT MON MAY 2 2016


...................................

...THE ELY AIRPORT NV CLIMATE SUMMARY FOR MAY 1 2016...

CLIMATE NORMAL PERIOD 1981 TO 2010
CLIMATE RECORD PERIOD 1893 TO 2016


WEATHER ITEM   OBSERVED TIME   RECORD YEAR NORMAL DEPARTURE LAST
                VALUE   (LST)  VALUE       VALUE  FROM      YEAR
                                                  NORMAL
..................................................................
TEMPERATURE (F)
 YESTERDAY
  MAXIMUM         52   1224 PM  82    1985  63    -11       76
  MINIMUM         31   1157 PM  16    2011  30      1       38
                                      1948
                                      1946
  AVERAGE         42                        47     -5       57

PRECIPITATION (IN)
  YESTERDAY        T             1.10 1899   0.04  -0.04      T
  MONTH TO DATE    T                         0.04  -0.04      T
  SINCE OCT 1     10.75                      5.66   5.09     2.72
  SINCE JAN 1      6.39                      3.37   3.02     1.55

SNOWFALL (IN)
  YESTERDAY        0.0           9.0  1899   0.1   -0.1      0.0
  MONTH TO DATE    0.0                       0.1   -0.1      0.0
  SINCE MAR 1     21.1                      13.6    7.5      8.7
  SINCE JUL 1    100.4                      48.5   51.9     19.7
  SNOW DEPTH       0

DEGREE DAYS
 HEATING
  YESTERDAY       23                        18      5        8
  MONTH TO DATE   23                        18      5        8
  SINCE MAR 1   1439                      1584   -145     1363
  SINCE JUL 1   6813                      6921   -108     5607

 COOLING
  YESTERDAY        0                         0      0        0
  MONTH TO DATE    0                         0      0        0
  SINCE MAR 1      0                         0      0        0
  SINCE JAN 1      0                         0      0        0
..................................................................


WIND (MPH)
  HIGHEST WIND SPEED    22   HIGHEST WIND DIRECTION     N (360)
  HIGHEST GUST SPEED    27   HIGHEST GUST DIRECTION     N (350)
  AVERAGE WIND SPEED    12.3



WEATHER CONDITIONS
 THE FOLLOWING WEATHER WAS RECORDED YESTERDAY.
  LIGHT RAIN


RELATIVE HUMIDITY (PERCENT)
 HIGHEST    92          1100 PM
 LOWEST     44           500 PM
 AVERAGE    68

..........................................................


THE ELY AIRPORT NV CLIMATE NORMALS FOR TODAY
                         NORMAL    RECORD    YEAR
 MAXIMUM TEMPERATURE (F)   63        83      1947
 MINIMUM TEMPERATURE (F)   31        11      1953


SUNRISE AND SUNSET
MAY  2 2016...........SUNRISE   539 AM PDT   SUNSET   734 PM PDT
MAY  3 2016...........SUNRISE   538 AM PDT   SUNSET   735 PM PDT


-  INDICATES NEGATIVE NUMBERS.
R  INDICATES RECORD WAS SET OR TIED.
MM INDICATES DATA IS MISSING.
T  INDICATES TRACE AMOUNT.




$$
