000
CDUS45 KLKN 020028
CLIELY


CLIMATE REPORT
NATIONAL WEATHER SERVICE ELKO NV
427 PM PST SUN FEB 1 2015


...................................

...THE ELY AIRPORT NV CLIMATE SUMMARY FOR FEBRUARY 1 2015...
VALID TODAY AS OF 0400 PM LOCAL TIME.

CLIMATE NORMAL PERIOD 1981 TO 2010
CLIMATE RECORD PERIOD 1893 TO 2015


WEATHER ITEM   OBSERVED TIME   RECORD YEAR NORMAL DEPARTURE LAST
                VALUE   (LST)  VALUE       VALUE  FROM      YEAR
                                                  NORMAL
..................................................................
TEMPERATURE (F)
 TODAY
  MAXIMUM         55    131 PM  60    1976  40     15       27
  MINIMUM         18    650 AM -18    1956  12      6       -6
  AVERAGE         37                        26     11       11

PRECIPITATION (IN)
  TODAY            0.00          0.48 1910   0.02  -0.02     0.00
  MONTH TO DATE    0.00                      0.02  -0.02     0.00
  SINCE OCT 1      1.48                      3.01  -1.53     3.47
  SINCE JAN 1      0.31                      0.72  -0.41     0.79

SNOWFALL (IN)
  TODAY            0.0           6.4  1955   0.3   -0.3      0.0
  MONTH TO DATE    0.0                       0.3   -0.3      0.0
  SINCE DEC 1      6.7                      17.8  -11.1     22.8
  SINCE JUL 1      7.4                      27.3  -19.9     35.7
  SNOW DEPTH       0

DEGREE DAYS
 HEATING
  TODAY           28                        39    -11       54
  MONTH TO DATE   28                        39    -11       54
  SINCE DEC 1   2075                      2500   -425     2410
  SINCE JUL 1   3522                      4368   -846     4175

 COOLING
  TODAY            0                         0      0        0
  MONTH TO DATE    0                         0      0        0
  SINCE DEC 1      0                         0      0        0
  SINCE JAN 1      0                         0      0        0
..................................................................


WIND (MPH)
  HIGHEST WIND SPEED    14   HIGHEST WIND DIRECTION     S (170)
  HIGHEST GUST SPEED    25   HIGHEST GUST DIRECTION     S (160)



WEATHER CONDITIONS
 THE FOLLOWING WEATHER WAS RECORDED TODAY.
  NO SIGNIFICANT WEATHER WAS OBSERVED.


RELATIVE HUMIDITY (PERCENT)
 HIGHEST    91          1200 AM
 LOWEST     11           200 PM
 AVERAGE    51

..........................................................


THE ELY AIRPORT NV CLIMATE NORMALS FOR TOMORROW
                         NORMAL    RECORD    YEAR
 MAXIMUM TEMPERATURE (F)   40        59      2000
 MINIMUM TEMPERATURE (F)   13       -20      1939


SUNRISE AND SUNSET
FEBRUARY  1 2015......SUNRISE   647 AM PST   SUNSET   500 PM PST
FEBRUARY  2 2015......SUNRISE   646 AM PST   SUNSET   501 PM PST


-  INDICATES NEGATIVE NUMBERS.
R  INDICATES RECORD WAS SET OR TIED.
MM INDICATES DATA IS MISSING.
T  INDICATES TRACE AMOUNT.




$$
