000
CDUS45 KLKN 261227
CLIELY


CLIMATE REPORT
NATIONAL WEATHER SERVICE ELKO NV
527 AM PDT TUE SEP 6  2017


...................................

...THE ELY AIRPORT NV CLIMATE SUMMARY FOR SEPTEMBER 25 2017...

CLIMATE NORMAL PERIOD 1981 TO 2010
CLIMATE RECORD PERIOD 1893 TO 2017


WEATHER ITEM   OBSERVED TIME   RECORD YEAR NORMAL DEPARTURE LAST
                VALUE   (LST)  VALUE       VALUE  FROM      YEAR
                                                  NORMAL
..................................................................
TEMPERATURE (F)
 YESTERDAY
  MAXIMUM         57        MM  86    2010  72    -15       70
  MINIMUM         24        MM  17    1972  34    -10       28
                                      1970
  AVERAGE         41                        53    -12       49

PRECIPITATION (IN)
  YESTERDAY        0.00          0.55 1900   0.03  -0.03     0.00
  MONTH TO DATE    1.72                      0.68   1.04     0.69
  SINCE OCT 1     10.88                      9.61   1.27    14.07
  SINCE JAN 1      9.10                      7.32   1.78     9.71

SNOWFALL (IN)
  YESTERDAY        0.0           1.0  1986   0.0    0.0      0.0
  MONTH TO DATE    0.0                       0.2   -0.2      0.0
  SINCE SEP 1      0.0                       0.2   -0.2      0.0
  SINCE JUL 1      0.0                       0.2   -0.2      0.0
  SNOW DEPTH       0

DEGREE DAYS
 HEATING
  YESTERDAY       24                        12     12       16
  MONTH TO DATE  206                       184     22      199
  SINCE SEP 1    206                       184     22      199
  SINCE JUL 1    212                       248    -36      236

 COOLING
  YESTERDAY        0                         0      0        0
  MONTH TO DATE   24                         4     20       12
  SINCE SEP 1     24                         4     20       12
  SINCE JAN 1    433                       216    217      267
..................................................................


WIND (MPH)
  HIGHEST WIND SPEED    12   HIGHEST WIND DIRECTION     N (10)
  HIGHEST GUST SPEED    18   HIGHEST GUST DIRECTION     N (20)
  AVERAGE WIND SPEED     7.8



WEATHER CONDITIONS
 THE FOLLOWING WEATHER WAS RECORDED YESTERDAY.
  NO SIGNIFICANT WEATHER WAS OBSERVED.


RELATIVE HUMIDITY (PERCENT)
 HIGHEST    92          1200 AM
 LOWEST     32           200 PM
 AVERAGE    62

..........................................................


THE ELY AIRPORT NV CLIMATE NORMALS FOR TODAY
                         NORMAL    RECORD    YEAR
 MAXIMUM TEMPERATURE (F)   71        88      2010
 MINIMUM TEMPERATURE (F)   34        16      1948


SUNRISE AND SUNSET
SEPTEMBER 26 2017.....SUNRISE   631 AM PDT   SUNSET   629 PM PDT
SEPTEMBER 27 2017.....SUNRISE   632 AM PDT   SUNSET   628 PM PDT


-  INDICATES NEGATIVE NUMBERS.
R  INDICATES RECORD WAS SET OR TIED.
MM INDICATES DATA IS MISSING.
T  INDICATES TRACE AMOUNT.




$$
