000
CDUS45 KLKN 300929
CLIELY


CLIMATE REPORT
NATIONAL WEATHER SERVICE ELKO NV
228 AM PDT THU OCT 30 2014


...................................

...THE ELY AIRPORT NV CLIMATE SUMMARY FOR OCTOBER 29 2014...

CLIMATE NORMAL PERIOD 1981 TO 2010
CLIMATE RECORD PERIOD 1893 TO 2014


WEATHER ITEM   OBSERVED TIME   RECORD YEAR NORMAL DEPARTURE LAST
                VALUE   (LST)  VALUE       VALUE  FROM      YEAR
                                                  NORMAL
..................................................................
TEMPERATURE (F)
 YESTERDAY
  MAXIMUM         70    310 PM  74    2003  57     13       43
  MINIMUM         25    402 AM   1    1971  25      0       28
  AVERAGE         48                        41      7       36

PRECIPITATION (IN)
  YESTERDAY        0.00          0.65 1998   0.03  -0.03     0.04
  MONTH TO DATE    T                         0.93  -0.93     0.82
  SINCE OCT 1      T                         0.93  -0.93     0.82
  SINCE JAN 1      8.09                      8.40  -0.31     6.68

SNOWFALL (IN)
  YESTERDAY        0.0           3.3  1991   0.1   -0.1      0.5
  MONTH TO DATE    0.0                       2.7   -2.7      3.0
  SINCE SEP 1      0.0                       3.1   -3.1      3.0
  SINCE JUL 1      0.0                       3.1   -3.1      3.0
  SNOW DEPTH       0

DEGREE DAYS
 HEATING
  YESTERDAY       17                        24     -7       29
  MONTH TO DATE  403                       561   -158      608
  SINCE SEP 1    523                       813   -290      831
  SINCE JUL 1    571                       877   -306      839

 COOLING
  YESTERDAY        0                         0      0        0
  MONTH TO DATE    0                         0      0        0
  SINCE SEP 1     18                         6     12       17
  SINCE JAN 1    286                       218     68      387
..................................................................


WIND (MPH)
  HIGHEST WIND SPEED    16   HIGHEST WIND DIRECTION     S (180)
  HIGHEST GUST SPEED    20   HIGHEST GUST DIRECTION     S (170)
  AVERAGE WIND SPEED     8.8



WEATHER CONDITIONS
 THE FOLLOWING WEATHER WAS RECORDED YESTERDAY.
  NO SIGNIFICANT WEATHER WAS OBSERVED.


RELATIVE HUMIDITY (PERCENT)
 HIGHEST    55           400 AM
 LOWEST     13           300 PM
 AVERAGE    34

..........................................................


THE ELY AIRPORT NV CLIMATE NORMALS FOR TODAY
                         NORMAL    RECORD    YEAR
 MAXIMUM TEMPERATURE (F)   56        72      1965
 MINIMUM TEMPERATURE (F)   25        -3      1971


SUNRISE AND SUNSET
OCTOBER 30 2014.......SUNRISE   705 AM PDT   SUNSET   540 PM PDT
OCTOBER 31 2014.......SUNRISE   706 AM PDT   SUNSET   539 PM PDT


-  INDICATES NEGATIVE NUMBERS.
R  INDICATES RECORD WAS SET OR TIED.
MM INDICATES DATA IS MISSING.
T  INDICATES TRACE AMOUNT.




$$
