000
CDUS45 KLKN 240941
CLIELY


CLIMATE REPORT
NATIONAL WEATHER SERVICE ELKO NV
236 AM PDT MON APR 24 2017


...................................

...THE ELY AIRPORT NV CLIMATE SUMMARY FOR APRIL 23 2017...

CLIMATE NORMAL PERIOD 1981 TO 2010
CLIMATE RECORD PERIOD 1893 TO 2017


WEATHER ITEM   OBSERVED TIME   RECORD YEAR NORMAL DEPARTURE LAST
                VALUE   (LST)  VALUE       VALUE  FROM      YEAR
                                                  NORMAL
..................................................................
TEMPERATURE (F)
 YESTERDAY
  MAXIMUM         64   1233 PM  83    2012  60      4       47
  MINIMUM         33   1149 PM   7    1963  29      4       30
  AVERAGE         49                        44      5       39

PRECIPITATION (IN)
  YESTERDAY        T             0.50 1893   0.03  -0.03     0.25
  MONTH TO DATE    0.89                      0.71   0.18     0.67
  SINCE OCT 1      7.53                      5.38   2.15     9.77
  SINCE JAN 1      5.75                      3.09   2.66     5.41

SNOWFALL (IN)
  YESTERDAY       MM             6.2  1964   0.1   MM        1.4
  MONTH TO DATE    1.4                       4.2   -2.8      3.1
  SINCE MAR 1     17.2                      12.5    4.7     19.3
  SINCE JUL 1     66.8                      47.4   19.4     98.6
  SNOW DEPTH       0

DEGREE DAYS
 HEATING
  YESTERDAY       16                        21     -5       26
  MONTH TO DATE  503                       540    -37      441
  SINCE MAR 1   1243                      1430   -187     1242
  SINCE JUL 1   6204                      6767   -563     6616

 COOLING
  YESTERDAY        0                         0      0        0
  MONTH TO DATE    0                         0      0        0
  SINCE MAR 1      0                         0      0        0
  SINCE JAN 1      0                         0      0        0
..................................................................


WIND (MPH)
  HIGHEST WIND SPEED    26   HIGHEST WIND DIRECTION     W (290)
  HIGHEST GUST SPEED    37   HIGHEST GUST DIRECTION     W (270)
  AVERAGE WIND SPEED    10.4



WEATHER CONDITIONS
 THE FOLLOWING WEATHER WAS RECORDED YESTERDAY.
  LIGHT RAIN


RELATIVE HUMIDITY (PERCENT)
 HIGHEST    82          1100 PM
 LOWEST     25           900 AM
 AVERAGE    54

..........................................................


THE ELY AIRPORT NV CLIMATE NORMALS FOR TODAY
                         NORMAL    RECORD    YEAR
 MAXIMUM TEMPERATURE (F)   60        77      1977
 MINIMUM TEMPERATURE (F)   29         4      1964


SUNRISE AND SUNSET
APRIL 24 2017.........SUNRISE   549 AM PDT   SUNSET   726 PM PDT
APRIL 25 2017.........SUNRISE   548 AM PDT   SUNSET   727 PM PDT


-  INDICATES NEGATIVE NUMBERS.
R  INDICATES RECORD WAS SET OR TIED.
MM INDICATES DATA IS MISSING.
T  INDICATES TRACE AMOUNT.




$$
