000
CDUS45 KLKN 210927
CLIELY


CLIMATE REPORT
NATIONAL WEATHER SERVICE ELKO NV
226 AM PDT THU AUG 21 2014


...................................

...THE ELY AIRPORT NV CLIMATE SUMMARY FOR AUGUST 20 2014...

CLIMATE NORMAL PERIOD 1981 TO 2010
CLIMATE RECORD PERIOD 1893 TO 2014


WEATHER ITEM   OBSERVED TIME   RECORD YEAR NORMAL DEPARTURE LAST
                VALUE   (LST)  VALUE       VALUE  FROM      YEAR
                                                  NORMAL
..................................................................
TEMPERATURE (F)
 YESTERDAY
  MAXIMUM         78    244 PM  93    1992  85     -7       81
                                      1911
  MINIMUM         52    521 AM  29    1964  47      5       54
  AVERAGE         65                        66     -1       68

PRECIPITATION (IN)
  YESTERDAY        0.00          1.78 1906   0.03  -0.03     0.03
  MONTH TO DATE    1.81                      0.61   1.20     0.30
  SINCE OCT 1      9.27                      8.64   0.63     6.76
  SINCE JAN 1      6.59                      6.35   0.24     3.66

SNOWFALL (IN)
  YESTERDAY        0.0           0.0  1893   0.0    0.0      0.0
  MONTH TO DATE    0.0                       0.0    0.0      0.0
  SINCE JUN 1      T                         0.1   -0.1      0.0
  SINCE JUL 1      0.0                       0.0    0.0      0.0
  SNOW DEPTH       0

DEGREE DAYS
 HEATING
  YESTERDAY        0                         2     -2        0
  MONTH TO DATE   11                        15     -4        3
  SINCE JUN 1    151                       213    -62      103
  SINCE JUL 1     11                        38    -27        8

 COOLING
  YESTERDAY        0                         2     -2        3
  MONTH TO DATE   33                        61    -28       67
  SINCE JUN 1    258                       195     63      335
  SINCE JAN 1    260                       196     64      335
..................................................................


WIND (MPH)
  HIGHEST WIND SPEED    25   HIGHEST WIND DIRECTION     S (200)
  HIGHEST GUST SPEED    33   HIGHEST GUST DIRECTION     S (200)
  AVERAGE WIND SPEED    10.0



WEATHER CONDITIONS
 THE FOLLOWING WEATHER WAS RECORDED YESTERDAY.
  NO SIGNIFICANT WEATHER WAS OBSERVED.


RELATIVE HUMIDITY (PERCENT)
 HIGHEST   100          1200 AM
 LOWEST     26           300 PM
 AVERAGE    63

..........................................................


THE ELY AIRPORT NV CLIMATE NORMALS FOR TODAY
                         NORMAL    RECORD    YEAR
 MAXIMUM TEMPERATURE (F)   84        93      2009
                                             2007
 MINIMUM TEMPERATURE (F)   46        29      1974


SUNRISE AND SUNSET
AUGUST 21 2014........SUNRISE   558 AM PDT   SUNSET   726 PM PDT
AUGUST 22 2014........SUNRISE   559 AM PDT   SUNSET   725 PM PDT


-  INDICATES NEGATIVE NUMBERS.
R  INDICATES RECORD WAS SET OR TIED.
MM INDICATES DATA IS MISSING.
T  INDICATES TRACE AMOUNT.




$$
