000
CDUS43 KTOP 190631
CLIEMP


CLIMATE REPORT
NATIONAL WEATHER SERVICE TOPEKA KS
131 AM CDT FRI SEP 19 2014


...................................

...THE EMPORIA KS CLIMATE SUMMARY FOR SEPTEMBER 18 2014...

CLIMATE NORMAL PERIOD 1981 TO 2010
CLIMATE RECORD PERIOD 9999 TO 9999


WEATHER ITEM   OBSERVED NORMAL DEPARTURE LAST
                VALUE   VALUE  FROM      YEAR
                               NORMAL
...............................................
TEMPERATURE (F)
 YESTERDAY
  MAXIMUM         78     80     -2       90
  MINIMUM         63     56      7       66
  AVERAGE         71     68      3       78

PRECIPITATION (IN)
  YESTERDAY        1.91   0.07   1.84     0.00
  MONTH TO DATE    3.64   2.22   1.42     0.53
  SINCE SEP 1      3.64   2.22   1.42     0.53
  SINCE JAN 1     22.40  28.83  -6.43    24.62

DEGREE DAYS
 HEATING
  YESTERDAY        0      2     -2        0
  MONTH TO DATE   42     10     32        2
  SINCE SEP 1     42     10     32        2
  SINCE JUL 1     44     11     33        4

 COOLING
  YESTERDAY        6      5      1       13
  MONTH TO DATE   98    125    -27      183
  SINCE SEP 1     98    125    -27      183
  SINCE JAN 1   1301   1333    -32     1312
...............................................


WIND (MPH)
  HIGHEST WIND SPEED    25   HIGHEST WIND DIRECTION     E (70)
  HIGHEST GUST SPEED    30   HIGHEST GUST DIRECTION     E (90)
  AVERAGE WIND SPEED     8.3


SKY COVER
  AVERAGE SKY COVER 0.6


WEATHER CONDITIONS
 THE FOLLOWING WEATHER WAS RECORDED YESTERDAY.
  THUNDERSTORM
  HEAVY RAIN
  RAIN
  LIGHT RAIN
  FOG


RELATIVE HUMIDITY (PERCENT)
 HIGHEST   100
 LOWEST     69
 AVERAGE    85

..........................................................


THE EMPORIA KS CLIMATE NORMALS FOR TODAY
                         NORMAL
 MAXIMUM TEMPERATURE (F)   80
 MINIMUM TEMPERATURE (F)   55


SUNRISE AND SUNSET
SEPTEMBER 19 2014.....SUNRISE   710 AM CDT   SUNSET   726 PM CDT
SEPTEMBER 20 2014.....SUNRISE   711 AM CDT   SUNSET   725 PM CDT


-  INDICATES NEGATIVE NUMBERS.
R  INDICATES RECORD WAS SET OR TIED.
MM INDICATES DATA IS MISSING.
T  INDICATES TRACE AMOUNT.




$$
