000
CDUS43 KTOP 240633
CLIEMP


CLIMATE REPORT
NATIONAL WEATHER SERVICE TOPEKA KS
132 AM CDT SAT JUN 24 2017


...................................

...THE EMPORIA KS CLIMATE SUMMARY FOR JUNE 23 2017...

CLIMATE NORMAL PERIOD 1981 TO 2010
CLIMATE RECORD PERIOD 9999 TO 9999


WEATHER ITEM   OBSERVED NORMAL DEPARTURE LAST
                VALUE   VALUE  FROM      YEAR
                               NORMAL
...............................................
TEMPERATURE (F)
 YESTERDAY
  MAXIMUM         82     86     -4       92
  MINIMUM         62     65     -3       68
  AVERAGE         72     75     -3       80

PRECIPITATION (IN)
  YESTERDAY        0.00   0.19  -0.19     0.15
  MONTH TO DATE    2.26   4.73  -2.47     1.18
  SINCE JUN 1      2.26   4.73  -2.47     1.18
  SINCE JAN 1     17.75  17.41   0.34    16.91

DEGREE DAYS
 HEATING
  YESTERDAY        0      0      0        0
  MONTH TO DATE    0      5     -5        0
  SINCE JUN 1      0      5     -5        0
  SINCE JUL 1   3916   4816   -900     3902

 COOLING
  YESTERDAY        7     11     -4       15
  MONTH TO DATE  227    184     43      299
  SINCE JUN 1    227    184     43      299
  SINCE JAN 1    359    303     56      375
...............................................


WIND (MPH)
  HIGHEST WIND SPEED    23   HIGHEST WIND DIRECTION    NE (40)
  HIGHEST GUST SPEED    31   HIGHEST GUST DIRECTION     N (10)
  AVERAGE WIND SPEED    10.0


SKY COVER
  AVERAGE SKY COVER 0.2


WEATHER CONDITIONS
 THE FOLLOWING WEATHER WAS RECORDED YESTERDAY.
  NO SIGNIFICANT WEATHER WAS OBSERVED.


RELATIVE HUMIDITY (PERCENT)
 HIGHEST   100
 LOWEST     35
 AVERAGE    68

..........................................................


THE EMPORIA KS CLIMATE NORMALS FOR TODAY
                         NORMAL
 MAXIMUM TEMPERATURE (F)   86
 MINIMUM TEMPERATURE (F)   65


SUNRISE AND SUNSET
JUNE 24 2017..........SUNRISE   602 AM CDT   SUNSET   852 PM CDT
JUNE 25 2017..........SUNRISE   603 AM CDT   SUNSET   852 PM CDT


-  INDICATES NEGATIVE NUMBERS.
R  INDICATES RECORD WAS SET OR TIED.
MM INDICATES DATA IS MISSING.
T  INDICATES TRACE AMOUNT.




$$
