000
CDUS43 KTOP 192146
CLIEMP


CLIMATE REPORT
NATIONAL WEATHER SERVICE TOPEKA KS
445 PM CDT SAT AUG 19 2017


...................................

...THE EMPORIA KS CLIMATE SUMMARY FOR AUGUST 19 2017...
VALID TODAY AS OF 430 PM LOCAL TIME.

CLIMATE NORMAL PERIOD 1981 TO 2010
CLIMATE RECORD PERIOD 9999 TO 9999


WEATHER ITEM   OBSERVED NORMAL DEPARTURE LAST
                VALUE   VALUE  FROM      YEAR
                               NORMAL
...............................................
TEMPERATURE (F)
 TODAY
  MAXIMUM         91     90      1       90
  MINIMUM         67     65      2       67
  AVERAGE         79     77      2       79

PRECIPITATION (IN)
  TODAY            0.00   0.16  -0.16     1.69
  MONTH TO DATE    4.52   1.93   2.59     3.11
  SINCE JUN 1     10.48  12.04  -1.56     9.15
  SINCE JAN 1     25.97  24.72   1.25    24.88

DEGREE DAYS
 HEATING
  TODAY            0      0      0        0
  MONTH TO DATE    0      0      0        0
  SINCE JUN 1      0      8     -8        0
  SINCE JUL 1      0      0      0        0

 COOLING
  TODAY           14     12      2       14
  MONTH TO DATE  168    257    -89      272
  SINCE JUN 1    878    954    -76     1140
  SINCE JAN 1   1010   1073    -63     1216
...............................................


WIND (MPH)
  HIGHEST WIND SPEED    15   HIGHEST WIND DIRECTION    SE (130)
  HIGHEST GUST SPEED    22   HIGHEST GUST DIRECTION    SE (140)
  AVERAGE WIND SPEED     7.0



WEATHER CONDITIONS
 THE FOLLOWING WEATHER WAS RECORDED TODAY.
  NO SIGNIFICANT WEATHER WAS OBSERVED.


RELATIVE HUMIDITY (PERCENT)
 HIGHEST    90
 LOWEST     59
 AVERAGE    75

..........................................................


THE EMPORIA KS CLIMATE NORMALS FOR TOMORROW
                         NORMAL
 MAXIMUM TEMPERATURE (F)   89
 MINIMUM TEMPERATURE (F)   65


SUNRISE AND SUNSET
AUGUST 19 2017........SUNRISE   643 AM CDT   SUNSET   813 PM CDT
AUGUST 20 2017........SUNRISE   644 AM CDT   SUNSET   811 PM CDT


-  INDICATES NEGATIVE NUMBERS.
R  INDICATES RECORD WAS SET OR TIED.
MM INDICATES DATA IS MISSING.
T  INDICATES TRACE AMOUNT.




$$
