000
CDUS43 KTOP 290637
CLIEMP


CLIMATE REPORT
NATIONAL WEATHER SERVICE TOPEKA KS
137 AM CDT SUN MAR 29 2015


...................................

...THE EMPORIA KS CLIMATE SUMMARY FOR MARCH 28 2015...

CLIMATE NORMAL PERIOD 1981 TO 2010
CLIMATE RECORD PERIOD 9999 TO 9999


WEATHER ITEM   OBSERVED NORMAL DEPARTURE LAST
                VALUE   VALUE  FROM      YEAR
                               NORMAL
...............................................
TEMPERATURE (F)
 YESTERDAY
  MAXIMUM         62     62      0       49
  MINIMUM         37     37      0       30
  AVERAGE         50     50      0       40

PRECIPITATION (IN)
  YESTERDAY        0.00   0.08  -0.08      T
  MONTH TO DATE    0.58   2.29  -1.71     0.41
  SINCE MAR 1      0.58   2.29  -1.71     0.41
  SINCE JAN 1      1.98   4.15  -2.17     0.90

DEGREE DAYS
 HEATING
  YESTERDAY       15     15      0       25
  MONTH TO DATE  506    564    -58      702
  SINCE MAR 1    506    564    -58      702
  SINCE JUL 1   4507   4386    121     5027

 COOLING
  YESTERDAY        0      0      0        0
  MONTH TO DATE    1      0      1        0
  SINCE MAR 1      1      0      1        0
  SINCE JAN 1      1      0      1        0
...............................................


WIND (MPH)
  HIGHEST WIND SPEED    18   HIGHEST WIND DIRECTION    SE (130)
  HIGHEST GUST SPEED    28   HIGHEST GUST DIRECTION     E (90)
  AVERAGE WIND SPEED    11.9


SKY COVER
  AVERAGE SKY COVER 0.2


WEATHER CONDITIONS
 THE FOLLOWING WEATHER WAS RECORDED YESTERDAY.
  HAZE


RELATIVE HUMIDITY (PERCENT)
 HIGHEST    76
 LOWEST     39
 AVERAGE    58

..........................................................


THE EMPORIA KS CLIMATE NORMALS FOR TODAY
                         NORMAL
 MAXIMUM TEMPERATURE (F)   63
 MINIMUM TEMPERATURE (F)   38


SUNRISE AND SUNSET
MARCH 29 2015.........SUNRISE   715 AM CDT   SUNSET   745 PM CDT
MARCH 30 2015.........SUNRISE   713 AM CDT   SUNSET   746 PM CDT


-  INDICATES NEGATIVE NUMBERS.
R  INDICATES RECORD WAS SET OR TIED.
MM INDICATES DATA IS MISSING.
T  INDICATES TRACE AMOUNT.




$$
