000
CDUS43 KTOP 280634
CLIEMP


CLIMATE REPORT
NATIONAL WEATHER SERVICE TOPEKA KS
132 AM CDT THU MAY 28 2015


...................................

...THE EMPORIA KS CLIMATE SUMMARY FOR MAY 27 2015...

CLIMATE NORMAL PERIOD 1981 TO 2010
CLIMATE RECORD PERIOD 9999 TO 9999


WEATHER ITEM   OBSERVED NORMAL DEPARTURE LAST
                VALUE   VALUE  FROM      YEAR
                               NORMAL
...............................................
TEMPERATURE (F)
 YESTERDAY
  MAXIMUM         81     79      2       82
  MINIMUM         56     58     -2       58
  AVERAGE         69     68      1       70

PRECIPITATION (IN)
  YESTERDAY        0.00   0.17  -0.17     0.00
  MONTH TO DATE    7.08   4.18   2.90     3.06
  SINCE MAR 1     11.97  10.09   1.88     5.12
  SINCE JAN 1     13.37  11.95   1.42     5.61

DEGREE DAYS
 HEATING
  YESTERDAY        0      1     -1        0
  MONTH TO DATE  101     78     23      113
  SINCE MAR 1    861    985   -124     1169
  SINCE JUL 1   4862   4807     55     5494

 COOLING
  YESTERDAY        4      5     -1        5
  MONTH TO DATE   54     75    -21      123
  SINCE MAR 1     60     98    -38      141
  SINCE JAN 1     60     98    -38      141
...............................................


WIND (MPH)
  HIGHEST WIND SPEED    14   HIGHEST WIND DIRECTION     S (160)
  HIGHEST GUST SPEED    19   HIGHEST GUST DIRECTION     S (160)
  AVERAGE WIND SPEED     6.2


SKY COVER
  AVERAGE SKY COVER 0.0


WEATHER CONDITIONS
 THE FOLLOWING WEATHER WAS RECORDED YESTERDAY.
  NO SIGNIFICANT WEATHER WAS OBSERVED.


RELATIVE HUMIDITY (PERCENT)
 HIGHEST    97
 LOWEST     48
 AVERAGE    73

..........................................................


THE EMPORIA KS CLIMATE NORMALS FOR TODAY
                         NORMAL
 MAXIMUM TEMPERATURE (F)   79
 MINIMUM TEMPERATURE (F)   58


SUNRISE AND SUNSET
MAY 28 2015...........SUNRISE   605 AM CDT   SUNSET   840 PM CDT
MAY 29 2015...........SUNRISE   604 AM CDT   SUNSET   840 PM CDT


-  INDICATES NEGATIVE NUMBERS.
R  INDICATES RECORD WAS SET OR TIED.
MM INDICATES DATA IS MISSING.
T  INDICATES TRACE AMOUNT.




$$
