000
CDUS43 KTOP 040633
CLIEMP


CLIMATE REPORT
NATIONAL WEATHER SERVICE TOPEKA KS
132 AM CDT SAT JUL 4 2015


...................................

...THE EMPORIA KS CLIMATE SUMMARY FOR JULY 3 2015...

CLIMATE NORMAL PERIOD 1981 TO 2010
CLIMATE RECORD PERIOD 9999 TO 9999


WEATHER ITEM   OBSERVED NORMAL DEPARTURE LAST
                VALUE   VALUE  FROM      YEAR
                               NORMAL
...............................................
TEMPERATURE (F)
 YESTERDAY
  MAXIMUM         80     88     -8       79
  MINIMUM         64     67     -3       49
  AVERAGE         72     78     -6       64

PRECIPITATION (IN)
  YESTERDAY        T      0.15  -0.15     0.00
  MONTH TO DATE    T      0.48  -0.48     0.23
  SINCE JUN 1      2.52   6.32  -3.80     7.12
  SINCE JAN 1     17.56  19.00  -1.44    12.73

DEGREE DAYS
 HEATING
  YESTERDAY        0      0      0        1
  MONTH TO DATE    0      0      0        1
  SINCE JUN 1      3      8     -5        5
  SINCE JUL 1      0      0      0        1

 COOLING
  YESTERDAY        7     13     -6        0
  MONTH TO DATE   36     37     -1        9
  SINCE JUN 1    392    300     92      281
  SINCE JAN 1    460    419     41      457
...............................................


WIND (MPH)
  HIGHEST WIND SPEED    15   HIGHEST WIND DIRECTION    NE (40)
  HIGHEST GUST SPEED    18   HIGHEST GUST DIRECTION     N (20)
  AVERAGE WIND SPEED     6.3


SKY COVER
  AVERAGE SKY COVER 0.6


WEATHER CONDITIONS
 THE FOLLOWING WEATHER WAS RECORDED YESTERDAY.
  LIGHT RAIN
  FOG


RELATIVE HUMIDITY (PERCENT)
 HIGHEST   100
 LOWEST     58
 AVERAGE    79

..........................................................


THE EMPORIA KS CLIMATE NORMALS FOR TODAY
                         NORMAL
 MAXIMUM TEMPERATURE (F)   88
 MINIMUM TEMPERATURE (F)   67


SUNRISE AND SUNSET
JULY  4 2015..........SUNRISE   606 AM CDT   SUNSET   852 PM CDT
JULY  5 2015..........SUNRISE   607 AM CDT   SUNSET   852 PM CDT


-  INDICATES NEGATIVE NUMBERS.
R  INDICATES RECORD WAS SET OR TIED.
MM INDICATES DATA IS MISSING.
T  INDICATES TRACE AMOUNT.




$$
