000
CDUS43 KTOP 240647
CLIEMP


CLIMATE REPORT
NATIONAL WEATHER SERVICE TOPEKA KS
133 AM CDT FRI MAR 24 2017


...................................

...THE EMPORIA KS CLIMATE SUMMARY FOR MARCH 23 2017...

CLIMATE NORMAL PERIOD 1981 TO 2010
CLIMATE RECORD PERIOD 9999 TO 9999


WEATHER ITEM   OBSERVED NORMAL DEPARTURE LAST
                VALUE   VALUE  FROM      YEAR
                               NORMAL
...............................................
TEMPERATURE (F)
 YESTERDAY
  MAXIMUM         77     60     17       79
  MINIMUM         53     36     17       44
  AVERAGE         65     48     17       62

PRECIPITATION (IN)
  YESTERDAY        T      0.07  -0.07     0.00
  MONTH TO DATE    0.25   1.92  -1.67     0.63
  SINCE MAR 1      0.25   1.92  -1.67     0.63
  SINCE JAN 1      1.99   3.78  -1.79     1.80

DEGREE DAYS
 HEATING
  YESTERDAY        0     17    -17        3
  MONTH TO DATE  368    484   -116      317
  SINCE MAR 1    368    484   -116      317
  SINCE JUL 1   3459   4306   -847     3430

 COOLING
  YESTERDAY        0      0      0        0
  MONTH TO DATE   12      0     12        1
  SINCE MAR 1     12      0     12        1
  SINCE JAN 1     12      0     12        1
...............................................


WIND (MPH)
  HIGHEST WIND SPEED    33   HIGHEST WIND DIRECTION     S (180)
  HIGHEST GUST SPEED    42   HIGHEST GUST DIRECTION     S (160)
  AVERAGE WIND SPEED    20.7


SKY COVER
  AVERAGE SKY COVER 0.3


WEATHER CONDITIONS
 THE FOLLOWING WEATHER WAS RECORDED YESTERDAY.
  NO SIGNIFICANT WEATHER WAS OBSERVED.


RELATIVE HUMIDITY (PERCENT)
 HIGHEST    77
 LOWEST     40
 AVERAGE    59

..........................................................


THE EMPORIA KS CLIMATE NORMALS FOR TODAY
                         NORMAL
 MAXIMUM TEMPERATURE (F)   61
 MINIMUM TEMPERATURE (F)   36


SUNRISE AND SUNSET
MARCH 24 2017.........SUNRISE   722 AM CDT   SUNSET   741 PM CDT
MARCH 25 2017.........SUNRISE   720 AM CDT   SUNSET   742 PM CDT


-  INDICATES NEGATIVE NUMBERS.
R  INDICATES RECORD WAS SET OR TIED.
MM INDICATES DATA IS MISSING.
T  INDICATES TRACE AMOUNT.




$$
