182
CDUS46 KOTX 270830
CLIEPH


CLIMATE REPORT
NATIONAL WEATHER SERVICE SPOKANE, WA
1229 AM PST MON FEB 27 2017


...................................

...THE EPHRATA WA AIRPORT CLIMATE SUMMARY FOR FEBRUARY 26 2017...

CLIMATE NORMAL PERIOD 1981 TO 2010
CLIMATE RECORD PERIOD 9999 TO 9999


WEATHER ITEM   OBSERVED TIME   RECORD YEAR NORMAL DEPARTURE LAST
                VALUE   (LST)  VALUE       VALUE  FROM      YEAR
                                                  NORMAL
..................................................................
TEMPERATURE (F)
 YESTERDAY
  MAXIMUM         36    430 PM  61    1988  47    -11       55
  MINIMUM         29    953 PM  -2    1993  28      1       33
  AVERAGE         33                        37     -4       44

PRECIPITATION (IN)
  YESTERDAY        0.06          0.39 1980   0.02   0.04      T
  MONTH TO DATE    1.31                      0.68   0.63     0.38
  SINCE OCT 1      5.87                      4.42   1.45     4.74
  SINCE JAN 1      2.27                      1.59   0.68     2.02

SNOWFALL (IN)
  YESTERDAY       MM

DEGREE DAYS
 HEATING
  YESTERDAY       32                        28      4       21
  MONTH TO DATE  956                       809    147      668
  SINCE DEC 1   3587                      3098    489     2738
  SINCE JUL 1   4710                      4517    193     3894

 COOLING
  YESTERDAY        0                         0      0        0
  MONTH TO DATE    0                         0      0        0
  SINCE DEC 1      0                         0      0        0
  SINCE JAN 1      0                         0      0        0
..................................................................


WIND (MPH)
  HIGHEST WIND SPEED    15   HIGHEST WIND DIRECTION    NW (330)
  HIGHEST GUST SPEED    17   HIGHEST GUST DIRECTION    NW (330)
  AVERAGE WIND SPEED     4.8


SKY COVER
  POSSIBLE SUNSHINE  MM
  AVERAGE SKY COVER 0.9


WEATHER CONDITIONS
 THE FOLLOWING WEATHER WAS RECORDED YESTERDAY.
  LIGHT SNOW
  FOG


RELATIVE HUMIDITY (PERCENT)
 HIGHEST    85           800 AM
 LOWEST     63          1100 PM
 AVERAGE    74

..........................................................


THE EPHRATA WA AIRPORT CLIMATE NORMALS FOR TODAY
                         NORMAL    RECORD    YEAR
 MAXIMUM TEMPERATURE (F)   47        64      1972
 MINIMUM TEMPERATURE (F)   28         4      1993


SUNRISE AND SUNSET
FEBRUARY 27 2017......SUNRISE   641 AM PST   SUNSET   541 PM PST
FEBRUARY 28 2017......SUNRISE   639 AM PST   SUNSET   542 PM PST


-  INDICATES NEGATIVE NUMBERS.
R  INDICATES RECORD WAS SET OR TIED.
MM INDICATES DATA IS MISSING.
T  INDICATES TRACE AMOUNT.




$$
