000
CDUS46 KOTX 160824
CLIEPH


CLIMATE REPORT
NATIONAL WEATHER SERVICE SPOKANE, WA
124 AM PDT WED AUG 16 2017


...................................

...THE EPHRATA WA AIRPORT CLIMATE SUMMARY FOR AUGUST 15 2017...

CLIMATE NORMAL PERIOD 1981 TO 2010
CLIMATE RECORD PERIOD 9999 TO 9999


WEATHER ITEM   OBSERVED TIME   RECORD YEAR NORMAL DEPARTURE LAST
                VALUE   (LST)  VALUE       VALUE  FROM      YEAR
                                                  NORMAL
..................................................................
TEMPERATURE (F)
 YESTERDAY
  MAXIMUM         84    500 PM 103    2001  88     -4       95
  MINIMUM         52    511 AM  49    1993  59     -7       67
  AVERAGE         68                        73     -5       81

PRECIPITATION (IN)
  YESTERDAY        0.00          0.68 2014   0.00   0.00     0.00
  MONTH TO DATE    0.06                      0.11  -0.05      T
  SINCE OCT 1      9.41                      7.41   2.00     9.01
  SINCE JAN 1      5.81                      4.58   1.23     6.29

SNOWFALL (IN)
  YESTERDAY       MM

DEGREE DAYS
 HEATING
  YESTERDAY        0                         0      0        0
  MONTH TO DATE    0                         0      0        2
  SINCE JUN 1     43                        68    -25       72
  SINCE JUL 1      0                         8     -8        2

 COOLING
  YESTERDAY        3                         9     -6       16
  MONTH TO DATE  235                       149     86      116
  SINCE JUN 1    761                       552    209      543
  SINCE JAN 1    819                       589    230      575
..................................................................


WIND (MPH)
  HIGHEST WIND SPEED    12   HIGHEST WIND DIRECTION     S (190)
  HIGHEST GUST SPEED    15   HIGHEST GUST DIRECTION     S (200)
  AVERAGE WIND SPEED     6.1


SKY COVER
  POSSIBLE SUNSHINE  MM
  AVERAGE SKY COVER 0.0


WEATHER CONDITIONS
 THE FOLLOWING WEATHER WAS RECORDED YESTERDAY.
  NO SIGNIFICANT WEATHER WAS OBSERVED.


RELATIVE HUMIDITY (PERCENT)
 HIGHEST    61           200 AM
 LOWEST     22           100 PM
 AVERAGE    42

..........................................................


THE EPHRATA WA AIRPORT CLIMATE NORMALS FOR TODAY
                         NORMAL    RECORD    YEAR
 MAXIMUM TEMPERATURE (F)   87       104      1967
 MINIMUM TEMPERATURE (F)   59        45      1976


SUNRISE AND SUNSET
AUGUST 16 2017........SUNRISE   556 AM PDT   SUNSET   807 PM PDT
AUGUST 17 2017........SUNRISE   558 AM PDT   SUNSET   805 PM PDT


-  INDICATES NEGATIVE NUMBERS.
R  INDICATES RECORD WAS SET OR TIED.
MM INDICATES DATA IS MISSING.
T  INDICATES TRACE AMOUNT.




$$
