000
CDUS46 KOTX 290825
CLIEPH


CLIMATE REPORT
NATIONAL WEATHER SERVICE SPOKANE, WA
125 AM PDT THU SEP 29 2016


...................................

...THE EPHRATA WA AIRPORT CLIMATE SUMMARY FOR SEPTEMBER 28 2016...

CLIMATE NORMAL PERIOD 1981 TO 2010
CLIMATE RECORD PERIOD 9999 TO 9999


WEATHER ITEM   OBSERVED TIME   RECORD YEAR NORMAL DEPARTURE LAST
                VALUE   (LST)  VALUE       VALUE  FROM      YEAR
                                                  NORMAL
..................................................................
TEMPERATURE (F)
 YESTERDAY
  MAXIMUM         81    334 PM  94    1963  73      8       75
  MINIMUM         58    554 AM  35    1985  45     13       49
  AVERAGE         70                        59     11       62

PRECIPITATION (IN)
  YESTERDAY        0.00          0.43 1982   0.01  -0.01     0.00
  MONTH TO DATE    0.07                      0.33  -0.26     0.16
  SINCE OCT 1      9.08                      7.82   1.26     7.15
  SINCE JAN 1      6.36                      4.99   1.37     4.36

SNOWFALL (IN)
  YESTERDAY       MM

DEGREE DAYS
 HEATING
  YESTERDAY        0                         7     -7        3
  MONTH TO DATE   85                        94     -9       97
  SINCE SEP 1     85                        94     -9       97
  SINCE JUL 1     87                       111    -24       97

 COOLING
  YESTERDAY        5                         1      4        0
  MONTH TO DATE   16                        73    -57       40
  SINCE SEP 1     16                        73    -57       40
  SINCE JAN 1    748                       767    -19     1274
..................................................................


WIND (MPH)
  HIGHEST WIND SPEED    21   HIGHEST WIND DIRECTION     N (340)
  HIGHEST GUST SPEED    27   HIGHEST GUST DIRECTION    NW (320)
  AVERAGE WIND SPEED    11.2


SKY COVER
  POSSIBLE SUNSHINE  MM
  AVERAGE SKY COVER 0.0


WEATHER CONDITIONS
 THE FOLLOWING WEATHER WAS RECORDED YESTERDAY.
  NO SIGNIFICANT WEATHER WAS OBSERVED.


RELATIVE HUMIDITY (PERCENT)
 HIGHEST    36           600 AM
 LOWEST     20           100 PM
 AVERAGE    28

..........................................................


THE EPHRATA WA AIRPORT CLIMATE NORMALS FOR TODAY
                         NORMAL    RECORD    YEAR
 MAXIMUM TEMPERATURE (F)   72        88      1989
 MINIMUM TEMPERATURE (F)   45        30      1972


SUNRISE AND SUNSET
SEPTEMBER 29 2016.....SUNRISE   655 AM PDT   SUNSET   640 PM PDT
SEPTEMBER 30 2016.....SUNRISE   656 AM PDT   SUNSET   638 PM PDT


-  INDICATES NEGATIVE NUMBERS.
R  INDICATES RECORD WAS SET OR TIED.
MM INDICATES DATA IS MISSING.
T  INDICATES TRACE AMOUNT.




$$
