000
CDUS46 KOTX 290824
CLIEPH


CLIMATE REPORT
NATIONAL WEATHER SERVICE SPOKANE, WA
123 AM PDT FRI AUG 29 2014


...................................

...THE EPHRATA WA AIRPORT CLIMATE SUMMARY FOR AUGUST 28 2014...

CLIMATE NORMAL PERIOD 1981 TO 2010
CLIMATE RECORD PERIOD 9999 TO 9999


WEATHER ITEM   OBSERVED TIME   RECORD YEAR NORMAL DEPARTURE LAST
                VALUE   (LST)  VALUE       VALUE  FROM      YEAR
                                                  NORMAL
..................................................................
TEMPERATURE (F)
 YESTERDAY
  MAXIMUM         91    116 PM 103    1972  84      7       88
  MINIMUM         65    537 AM  44    1966  56      9       66
  AVERAGE         78                        70      8       77

PRECIPITATION (IN)
  YESTERDAY        0.00          0.38 1951   0.01  -0.01     0.00
  MONTH TO DATE    0.83                      0.18   0.65     0.63
  SINCE OCT 1      4.64                      7.48  -2.84     8.04
  SINCE JAN 1      3.89                      4.65  -0.76     4.24

SNOWFALL (IN)
  YESTERDAY       MM            MM      MM   0.0   MM       MM
  MONTH TO DATE   MM                         0.0   MM       MM
  SINCE JUN 1     MM                         0.0   MM       MM
  SINCE JUL 1     MM                         0.0   MM       MM
  SNOW DEPTH      MM

DEGREE DAYS
 HEATING
  YESTERDAY        0                         1     -1        0
  MONTH TO DATE    0                         2     -2        0
  SINCE JUN 1     24                        70    -46       58
  SINCE JUL 1      1                        10     -9        0

 COOLING
  YESTERDAY       13                         6      7       12
  MONTH TO DATE  359                       239    120      282
  SINCE JUN 1    978                       642    336      842
  SINCE JAN 1   1022                       679    343      899
..................................................................


WIND (MPH)
  HIGHEST WIND SPEED    23   HIGHEST WIND DIRECTION    NW (310)
  HIGHEST GUST SPEED    29   HIGHEST GUST DIRECTION    NW (310)
  AVERAGE WIND SPEED    11.8


SKY COVER
  POSSIBLE SUNSHINE  MM
  AVERAGE SKY COVER 0.0


WEATHER CONDITIONS
 THE FOLLOWING WEATHER WAS RECORDED YESTERDAY.
  NO SIGNIFICANT WEATHER WAS OBSERVED.


RELATIVE HUMIDITY (PERCENT)
 HIGHEST    47           500 AM
 LOWEST     18          1200 PM
 AVERAGE    33

..........................................................


THE EPHRATA WA AIRPORT CLIMATE NORMALS FOR TODAY
                         NORMAL    RECORD    YEAR
 MAXIMUM TEMPERATURE (F)   84       100      1972
 MINIMUM TEMPERATURE (F)   55        41      1980


SUNRISE AND SUNSET
AUGUST 29 2014........SUNRISE   613 AM PDT   SUNSET   744 PM PDT
AUGUST 30 2014........SUNRISE   614 AM PDT   SUNSET   742 PM PDT


-  INDICATES NEGATIVE NUMBERS.
R  INDICATES RECORD WAS SET OR TIED.
MM INDICATES DATA IS MISSING.
T  INDICATES TRACE AMOUNT.




$$
