000
CDUS46 KOTX 240824
CLIEPH


CLIMATE REPORT
NATIONAL WEATHER SERVICE SPOKANE, WA
124 AM PDT FRI OCT 24 2014


...................................

...THE EPHRATA WA AIRPORT CLIMATE SUMMARY FOR OCTOBER 23 2014...

CLIMATE NORMAL PERIOD 1981 TO 2010
CLIMATE RECORD PERIOD 9999 TO 9999


WEATHER ITEM   OBSERVED TIME   RECORD YEAR NORMAL DEPARTURE LAST
                VALUE   (LST)  VALUE       VALUE  FROM      YEAR
                                                  NORMAL
..................................................................
TEMPERATURE (F)
 YESTERDAY
  MAXIMUM         60   1246 PM  70    2013  58      2       70
                                      2007
  MINIMUM         41   1059 PM  26    1984  36      5       42
  AVERAGE         51                        47      4       56

PRECIPITATION (IN)
  YESTERDAY        0.03          0.27 1989   0.02   0.01     0.00
  MONTH TO DATE    0.69                      0.34   0.35      T
  SINCE OCT 1      0.69                      0.34   0.35      T
  SINCE JAN 1      4.87                      5.36  -0.49     4.97

SNOWFALL (IN)
  YESTERDAY       MM

DEGREE DAYS
 HEATING
  YESTERDAY       14                        18     -4        9
  MONTH TO DATE  157                       294   -137      309
  SINCE SEP 1    194                       404   -210      417
  SINCE JUL 1    195                       421   -226      417

 COOLING
  YESTERDAY        0                         0      0        0
  MONTH TO DATE    8                         0      8        0
  SINCE SEP 1    104                        75     29      160
  SINCE JAN 1   1137                       769    368     1084
..................................................................


WIND (MPH)
  HIGHEST WIND SPEED    21   HIGHEST WIND DIRECTION    SW (230)
  HIGHEST GUST SPEED    26   HIGHEST GUST DIRECTION    SW (230)
  AVERAGE WIND SPEED     6.5


SKY COVER
  POSSIBLE SUNSHINE  MM
  AVERAGE SKY COVER 0.4


WEATHER CONDITIONS
 THE FOLLOWING WEATHER WAS RECORDED YESTERDAY.
  LIGHT RAIN


RELATIVE HUMIDITY (PERCENT)
 HIGHEST   100           500 AM
 LOWEST     57           200 PM
 AVERAGE    79

..........................................................


THE EPHRATA WA AIRPORT CLIMATE NORMALS FOR TODAY
                         NORMAL    RECORD    YEAR
 MAXIMUM TEMPERATURE (F)   58        69      1988
 MINIMUM TEMPERATURE (F)   36        22      2002


SUNRISE AND SUNSET
OCTOBER 24 2014.......SUNRISE   730 AM PDT   SUNSET   554 PM PDT
OCTOBER 25 2014.......SUNRISE   731 AM PDT   SUNSET   552 PM PDT


-  INDICATES NEGATIVE NUMBERS.
R  INDICATES RECORD WAS SET OR TIED.
MM INDICATES DATA IS MISSING.
T  INDICATES TRACE AMOUNT.




$$
