821
CDUS46 KOTX 080826
CLIEPH


CLIMATE REPORT
NATIONAL WEATHER SERVICE SPOKANE, WA
1226 AM PST THU DEC 8 2016


...................................

...THE EPHRATA WA AIRPORT CLIMATE SUMMARY FOR DECEMBER 7 2016...

CLIMATE NORMAL PERIOD 1981 TO 2010
CLIMATE RECORD PERIOD 9999 TO 9999


WEATHER ITEM   OBSERVED TIME   RECORD YEAR NORMAL DEPARTURE LAST
                VALUE   (LST)  VALUE       VALUE  FROM      YEAR
                                                  NORMAL
..................................................................
TEMPERATURE (F)
 YESTERDAY
  MAXIMUM         24    215 PM  51    1973  35    -11       45
  MINIMUM         15    755 PM  -1    2013  22     -7       34
  AVERAGE         20                        29     -9       40

PRECIPITATION (IN)
  YESTERDAY        0.00          0.52 2015   0.04  -0.04     0.52
  MONTH TO DATE    0.16                      0.29  -0.13     1.18
  SINCE OCT 1      3.44                      1.88   1.56     1.65
  SINCE JAN 1      9.80                      6.90   2.90     6.01

SNOWFALL (IN)
  YESTERDAY       MM

DEGREE DAYS
 HEATING
  YESTERDAY       45                        36      9       25
  MONTH TO DATE  239                       247     -8      210
  SINCE DEC 1    239                       247     -8      210
  SINCE JUL 1   1362                      1666   -304     1366

 COOLING
  YESTERDAY        0                         0      0        0
  MONTH TO DATE    0                         0      0        0
  SINCE DEC 1      0                         0      0        0
  SINCE JAN 1    751                       772    -21     1277
..................................................................


WIND (MPH)
  HIGHEST WIND SPEED    17   HIGHEST WIND DIRECTION    NW (330)
  HIGHEST GUST SPEED    20   HIGHEST GUST DIRECTION    NW (330)
  AVERAGE WIND SPEED    10.4


SKY COVER
  POSSIBLE SUNSHINE  MM
  AVERAGE SKY COVER 0.8


WEATHER CONDITIONS
 THE FOLLOWING WEATHER WAS RECORDED YESTERDAY.
  NO SIGNIFICANT WEATHER WAS OBSERVED.


RELATIVE HUMIDITY (PERCENT)
 HIGHEST    61           600 PM
 LOWEST     50           100 AM
 AVERAGE    56

..........................................................


THE EPHRATA WA AIRPORT CLIMATE NORMALS FOR TODAY
                         NORMAL    RECORD    YEAR
 MAXIMUM TEMPERATURE (F)   35        54      2015
 MINIMUM TEMPERATURE (F)   22        -2      2013


SUNRISE AND SUNSET
DECEMBER  8 2016......SUNRISE   733 AM PST   SUNSET   408 PM PST
DECEMBER  9 2016......SUNRISE   734 AM PST   SUNSET   408 PM PST


-  INDICATES NEGATIVE NUMBERS.
R  INDICATES RECORD WAS SET OR TIED.
MM INDICATES DATA IS MISSING.
T  INDICATES TRACE AMOUNT.




$$
