000
CDUS46 KOTX 240823
CLIEPH


CLIMATE REPORT
NATIONAL WEATHER SERVICE SPOKANE, WA
123 AM PDT MON APR 24 2017


...................................

...THE EPHRATA WA AIRPORT CLIMATE SUMMARY FOR APRIL 23 2017...

CLIMATE NORMAL PERIOD 1981 TO 2010
CLIMATE RECORD PERIOD 9999 TO 9999


WEATHER ITEM   OBSERVED TIME   RECORD YEAR NORMAL DEPARTURE LAST
                VALUE   (LST)  VALUE       VALUE  FROM      YEAR
                                                  NORMAL
..................................................................
TEMPERATURE (F)
 YESTERDAY
  MAXIMUM         63    228 PM  87    2012  65     -2       73
                                      1977
  MINIMUM         42    523 AM  30    2013  39      3       45
                                      2011
                                      2000
  AVERAGE         53                        52      1       59

PRECIPITATION (IN)
  YESTERDAY        T             0.61 1960   0.02  -0.02     0.00
  MONTH TO DATE    1.35                      0.39   0.96     0.25
  SINCE OCT 1      8.34                      5.55   2.79     6.59
  SINCE JAN 1      4.74                      2.72   2.02     3.87

SNOWFALL (IN)
  YESTERDAY       MM

DEGREE DAYS
 HEATING
  YESTERDAY       12                        13     -1        6
  MONTH TO DATE  362                       356      6      161
  SINCE MAR 1   1044                      1040      4      762
  SINCE JUL 1   5822                      5613    209     4715

 COOLING
  YESTERDAY        0                         0      0        0
  MONTH TO DATE    0                         0      0        5
  SINCE MAR 1      0                         0      0        5
  SINCE JAN 1      0                         0      0        5
..................................................................


WIND (MPH)
  HIGHEST WIND SPEED    22   HIGHEST WIND DIRECTION    SW (210)
  HIGHEST GUST SPEED    26   HIGHEST GUST DIRECTION    SW (210)
  AVERAGE WIND SPEED     8.1


SKY COVER
  POSSIBLE SUNSHINE  MM
  AVERAGE SKY COVER 0.3


WEATHER CONDITIONS
 THE FOLLOWING WEATHER WAS RECORDED YESTERDAY.
  NO SIGNIFICANT WEATHER WAS OBSERVED.


RELATIVE HUMIDITY (PERCENT)
 HIGHEST    71           800 PM
 LOWEST     32           100 PM
 AVERAGE    52

..........................................................


THE EPHRATA WA AIRPORT CLIMATE NORMALS FOR TODAY
                         NORMAL    RECORD    YEAR
 MAXIMUM TEMPERATURE (F)   65        94      1977
 MINIMUM TEMPERATURE (F)   40        27      2008


SUNRISE AND SUNSET
APRIL 24 2017.........SUNRISE   553 AM PDT   SUNSET   800 PM PDT
APRIL 25 2017.........SUNRISE   551 AM PDT   SUNSET   802 PM PDT


-  INDICATES NEGATIVE NUMBERS.
R  INDICATES RECORD WAS SET OR TIED.
MM INDICATES DATA IS MISSING.
T  INDICATES TRACE AMOUNT.




$$
