000
CDUS46 KOTX 010825
CLIEPH


CLIMATE REPORT
NATIONAL WEATHER SERVICE SPOKANE, WA
1224 AM PST SUN FEB 1 2015


...................................

...THE EPHRATA WA AIRPORT CLIMATE SUMMARY FOR JANUARY 31 2015...

CLIMATE NORMAL PERIOD 1981 TO 2010
CLIMATE RECORD PERIOD 9999 TO 9999


WEATHER ITEM   OBSERVED TIME   RECORD YEAR NORMAL DEPARTURE LAST
                VALUE   (LST)  VALUE       VALUE  FROM      YEAR
                                                  NORMAL
..................................................................
TEMPERATURE (F)
 YESTERDAY
  MAXIMUM         37    312 PM  61    1971  38     -1       35
  MINIMUM         34    748 AM -20    1950  24     10       21
  AVERAGE         36                        31      5       28

PRECIPITATION (IN)
  YESTERDAY        0.00          0.46 1963   0.02  -0.02      T
  MONTH TO DATE    0.71                      0.91  -0.20     0.31
  SINCE OCT 1      3.50                      3.74  -0.24     1.06
  SINCE JAN 1      0.71                      0.91  -0.20     0.31

SNOWFALL (IN)
  YESTERDAY       MM

DEGREE DAYS
 HEATING
  YESTERDAY       29                        34     -5       37
  MONTH TO DATE  992                      1122   -130     1027
  SINCE DEC 1   1920                      2289   -369     2243
  SINCE JUL 1   3067                      3708   -641     3612

 COOLING
  YESTERDAY        0                         0      0        0
  MONTH TO DATE    0                         0      0        0
  SINCE DEC 1      0                         0      0        0
  SINCE JAN 1      0                         0      0        0
..................................................................


WIND (MPH)
  HIGHEST WIND SPEED     8   HIGHEST WIND DIRECTION    SE (140)
  HIGHEST GUST SPEED     9   HIGHEST GUST DIRECTION    SE (140)
  AVERAGE WIND SPEED     1.8


SKY COVER
  POSSIBLE SUNSHINE  MM
  AVERAGE SKY COVER 1.0


WEATHER CONDITIONS
 THE FOLLOWING WEATHER WAS RECORDED YESTERDAY.
  FOG


RELATIVE HUMIDITY (PERCENT)
 HIGHEST   100           300 AM
 LOWEST     82           800 AM
 AVERAGE    91

..........................................................


THE EPHRATA WA AIRPORT CLIMATE NORMALS FOR TODAY
                         NORMAL    RECORD    YEAR
 MAXIMUM TEMPERATURE (F)   39        52      2003
                                             1971
 MINIMUM TEMPERATURE (F)   24       -24      1950


SUNRISE AND SUNSET
FEBRUARY  1 2015......SUNRISE   724 AM PST   SUNSET   500 PM PST
FEBRUARY  2 2015......SUNRISE   723 AM PST   SUNSET   501 PM PST


-  INDICATES NEGATIVE NUMBERS.
R  INDICATES RECORD WAS SET OR TIED.
MM INDICATES DATA IS MISSING.
T  INDICATES TRACE AMOUNT.




$$
