547
CDUS41 KCLE 090539
CLIERI


CLIMATE REPORT
NATIONAL WEATHER SERVICE CLEVELAND OH
1238 AM EST FRI DEC 9 2016


...................................

...THE ERIE PA CLIMATE SUMMARY FOR DECEMBER 8 2016...

CLIMATE NORMAL PERIOD 1981 TO 2010
CLIMATE RECORD PERIOD 1873 TO 2016


WEATHER ITEM   OBSERVED TIME   RECORD YEAR NORMAL DEPARTURE LAST
                VALUE   (LST)  VALUE       VALUE  FROM      YEAR
                                                  NORMAL
..................................................................
TEMPERATURE (F)
 YESTERDAY
  MAXIMUM         35    249 AM  68    1966  40     -5       48
  MINIMUM         25    537 PM   3    1885  29     -4       32
                                      1882
  AVERAGE         30                        35     -5       40

PRECIPITATION (IN)
  YESTERDAY        0.34                      0.12   0.22     0.00
  MONTH TO DATE    1.64                      0.99   0.65     0.65
  SINCE DEC 1      1.64                      0.99   0.65     0.65
  SINCE JAN 1     43.42                     39.41   4.01    34.13

SNOWFALL (IN)
  YESTERDAY        4.8                       0.7    4.1      0.0
  MONTH TO DATE    4.8                       5.3   -0.5      0.4
  SINCE DEC 1      4.8                       5.3   -0.5      0.4
  SINCE JUL 1      7.2                      14.0   -6.8      0.9
  SNOW DEPTH       0

DEGREE DAYS
 HEATING
  YESTERDAY       35                        30      5       25
  MONTH TO DATE  215                       232    -17      200
  SINCE DEC 1    215                       232    -17      200
  SINCE JUL 1    995                      1388   -393     1091

 COOLING
  YESTERDAY        0                         0      0        0
  MONTH TO DATE    0                         0      0        0
  SINCE DEC 1      0                         0      0        0
  SINCE JAN 1   1017                       638    379      773
..................................................................


WIND (MPH)
  HIGHEST WIND SPEED    24   HIGHEST WIND DIRECTION     W (270)
  HIGHEST GUST SPEED    34   HIGHEST GUST DIRECTION     W (290)
  AVERAGE WIND SPEED    16.0


SKY COVER
  POSSIBLE SUNSHINE  MM
  AVERAGE SKY COVER 1.0


WEATHER CONDITIONS
 THE FOLLOWING WEATHER WAS RECORDED YESTERDAY.
  SNOW
  LIGHT SNOW
  FOG
  FOG W/VISIBILITY <= 1/4 MILE
  HAZE


RELATIVE HUMIDITY (PERCENT)
 HIGHEST    88           500 PM
 LOWEST     59          1200 AM
 AVERAGE    74

..........................................................


THE ERIE PA CLIMATE NORMALS FOR TODAY
                         NORMAL    RECORD    YEAR
 MAXIMUM TEMPERATURE (F)   40        65      1885
 MINIMUM TEMPERATURE (F)   29        -2      1917


SUNRISE AND SUNSET
DECEMBER  9 2016......SUNRISE   738 AM EST   SUNSET   449 PM EST
DECEMBER 10 2016......SUNRISE   738 AM EST   SUNSET   449 PM EST


-  INDICATES NEGATIVE NUMBERS.
R  INDICATES RECORD WAS SET OR TIED.
MM INDICATES DATA IS MISSING.
T  INDICATES TRACE AMOUNT.




$$
