000
CDUS41 KCLE 302121
CLIERI


CLIMATE REPORT
NATIONAL WEATHER SERVICE CLEVELAND OH
520 PM EDT SUN APR 30 2017


...................................

...THE ERIE PA CLIMATE SUMMARY FOR APRIL 30 2017...
VALID TODAY AS OF 0500 PM LOCAL TIME.

CLIMATE NORMAL PERIOD 1981 TO 2010
CLIMATE RECORD PERIOD 1873 TO 2017


WEATHER ITEM   OBSERVED TIME   RECORD YEAR NORMAL DEPARTURE LAST
                VALUE   (LST)  VALUE       VALUE  FROM      YEAR
                                                  NORMAL
..................................................................
TEMPERATURE (F)
 TODAY
  MAXIMUM         57    254 PM  84    1942  62     -5       58
                                      1899
  MINIMUM         44    609 AM  29    1876  43      1       34
  AVERAGE         51                        52     -1       46

PRECIPITATION (IN)
  TODAY            T                         0.10  -0.10     0.15
  MONTH TO DATE    3.38                      3.33   0.05     1.83
  SINCE MAR 1      7.47                      6.28   1.19     4.99
  SINCE JAN 1     14.89                     11.62   3.27    11.20

SNOWFALL (IN)
  TODAY            0.0                       0.0    0.0      0.0
  MONTH TO DATE    0.5                       3.2   -2.7      2.9
  SINCE MAR 1     10.3                      16.9   -6.6      4.0
  SINCE JUL 1     78.6                     100.9  -22.3     71.2
  SNOW DEPTH       0

DEGREE DAYS
 HEATING
  TODAY           14                        13      1       19
  MONTH TO DATE  380                       542   -162      627
  SINCE MAR 1   1276                      1454   -178     1303
  SINCE JUL 1   4780                      5819  -1039     4901

 COOLING
  TODAY            0                         0      0        0
  MONTH TO DATE    9                         6      3        0
  SINCE MAR 1      9                         7      2        0
  SINCE JAN 1      9                         7      2        0
..................................................................


WIND (MPH)
  HIGHEST WIND SPEED    23   HIGHEST WIND DIRECTION    NE (50)
  HIGHEST GUST SPEED    31   HIGHEST GUST DIRECTION    NE (60)


SKY COVER
  POSSIBLE SUNSHINE  MM
  AVERAGE SKY COVER 0.3


WEATHER CONDITIONS
 THE FOLLOWING WEATHER WAS RECORDED TODAY.
  THUNDERSTORM
  LIGHT RAIN


RELATIVE HUMIDITY (PERCENT)
 HIGHEST    86           400 AM
 LOWEST     66           100 PM
 AVERAGE    76

..........................................................


THE ERIE PA CLIMATE NORMALS FOR TOMORROW
                         NORMAL    RECORD    YEAR
 MAXIMUM TEMPERATURE (F)   62        85      1970
                                             1942
 MINIMUM TEMPERATURE (F)   43        30      1969


SUNRISE AND SUNSET
APRIL 30 2017.........SUNRISE   618 AM EDT   SUNSET   819 PM EDT
MAY  1 2017...........SUNRISE   616 AM EDT   SUNSET   820 PM EDT


-  INDICATES NEGATIVE NUMBERS.
R  INDICATES RECORD WAS SET OR TIED.
MM INDICATES DATA IS MISSING.
T  INDICATES TRACE AMOUNT.




$$
