000
CDUS46 KPQR 011141
CLIEUG


CLIMATE REPORT
NATIONAL WEATHER SERVICE PORTLAND OREGON
440 AM PDT SUN MAY 1 2016


...................................

...THE EUGENE OR CLIMATE SUMMARY FOR APRIL 30 2016...

CLIMATE NORMAL PERIOD 1981 TO 2010
CLIMATE RECORD PERIOD 1892 TO 2016


WEATHER ITEM   OBSERVED TIME   RECORD YEAR NORMAL DEPARTURE LAST
                VALUE   (LST)  VALUE       VALUE  FROM      YEAR
                                                  NORMAL
..................................................................
TEMPERATURE (F)
 YESTERDAY
  MAXIMUM         64    510 PM  82    2014  64      0       68
  MINIMUM         40    256 AM  29    1972  41     -1       37
  AVERAGE         52                        52      0       53

PRECIPITATION (IN)
  YESTERDAY        0.00          1.78 1936   0.08  -0.08     0.00
  MONTH TO DATE    3.03                      3.33  -0.30     1.47
  SINCE OCT 1     37.47                     39.42  -1.95    28.24
  SINCE JAN 1     18.63                     20.62  -1.99    11.19

SNOWFALL (IN)
  YESTERDAY        0.0
  MONTH TO DATE    0.0
  SINCE MAR 1      0.0
  SINCE JUL 1      0.0

DEGREE DAYS
 HEATING
  YESTERDAY       13                        13      0       12
  MONTH TO DATE  290                       446   -156      451
  SINCE MAR 1    780                      1015   -235      883
  SINCE JUL 1   3585                      4342   -757     3445

 COOLING
  YESTERDAY        0                         0      0        0
  MONTH TO DATE    0                         0      0        0
  SINCE MAR 1      0                         0      0        0
  SINCE JAN 1      0                         0      0        0
..................................................................


WIND (MPH)
  HIGHEST WIND SPEED    18   HIGHEST WIND DIRECTION     N (20)
  HIGHEST GUST SPEED    23   HIGHEST GUST DIRECTION     N (20)
  AVERAGE WIND SPEED     7.4


SKY COVER
  POSSIBLE SUNSHINE  MM
  AVERAGE SKY COVER 0.4


WEATHER CONDITIONS
 THE FOLLOWING WEATHER WAS RECORDED YESTERDAY.
  NO SIGNIFICANT WEATHER WAS OBSERVED.


RELATIVE HUMIDITY (PERCENT)
 HIGHEST    92           200 AM
 LOWEST     52           300 PM
 AVERAGE    72

..........................................................


THE EUGENE OR CLIMATE NORMALS FOR TODAY
                         NORMAL    RECORD    YEAR
 MAXIMUM TEMPERATURE (F)   64        88      2014
                                             1947
 MINIMUM TEMPERATURE (F)   41        28      1954


SUNRISE AND SUNSET
MAY  1 2016...........SUNRISE   603 AM PDT   SUNSET   817 PM PDT
MAY  2 2016...........SUNRISE   602 AM PDT   SUNSET   818 PM PDT


-  INDICATES NEGATIVE NUMBERS.
R  INDICATES RECORD WAS SET OR TIED.
MM INDICATES DATA IS MISSING.
T  INDICATES TRACE AMOUNT.




$$
