000
CDUS46 KPQR 272323
CLIEUG


CLIMATE REPORT
NATIONAL WEATHER SERVICE PORTLAND OREGON
423 PM PDT WED MAY 27 2015


...................................

...THE EUGENE OR CLIMATE SUMMARY FOR MAY 27 2015...
VALID TODAY AS OF 0400 PM LOCAL TIME.

CLIMATE NORMAL PERIOD 1981 TO 2010
CLIMATE RECORD PERIOD 1892 TO 2015


WEATHER ITEM   OBSERVED TIME   RECORD YEAR NORMAL DEPARTURE LAST
                VALUE   (LST)  VALUE       VALUE  FROM      YEAR
                                                  NORMAL
..................................................................
TEMPERATURE (F)
 TODAY
  MAXIMUM         77    259 PM  87    1952  69      8       69
  MINIMUM         42    503 AM  34    1966  45     -3       48
                                      1955
                                      1921
  AVERAGE         60                        57      3       59

PRECIPITATION (IN)
  TODAY            0.00          0.53 1948   0.09  -0.09     0.02
  MONTH TO DATE    0.79                      2.39  -1.60     1.57
  SINCE OCT 1     29.03                     41.81 -12.78    25.27
  SINCE JAN 1     11.98                     23.01 -11.03    21.08

SNOWFALL (IN)
  TODAY            0.0
  MONTH TO DATE    0.0
  SINCE MAR 1      0.0
  SINCE JUL 1      0.0

DEGREE DAYS
 HEATING
  TODAY            5                         8     -3        6
  MONTH TO DATE  210                       274    -64      175
  SINCE MAR 1   1093                      1289   -196     1036
  SINCE JUL 1   3655                      4616   -961     4603

 COOLING
  TODAY            0                         0      0        0
  MONTH TO DATE    0                         0      0        3
  SINCE MAR 1      0                         0      0        3
  SINCE JAN 1      0                         0      0        3
..................................................................


WIND (MPH)
  HIGHEST WIND SPEED    13   HIGHEST WIND DIRECTION    NE (30)
  HIGHEST GUST SPEED    17   HIGHEST GUST DIRECTION     N (350)
  AVERAGE WIND SPEED     4.0


SKY COVER
  POSSIBLE SUNSHINE  MM
  AVERAGE SKY COVER 0.2


WEATHER CONDITIONS
 THE FOLLOWING WEATHER WAS RECORDED TODAY.
  FOG


RELATIVE HUMIDITY (PERCENT)
 HIGHEST    96           500 AM
 LOWEST     43           300 PM
 AVERAGE    70

..........................................................


THE EUGENE OR CLIMATE NORMALS FOR TOMORROW
                         NORMAL    RECORD    YEAR
 MAXIMUM TEMPERATURE (F)   69        92      1983
 MINIMUM TEMPERATURE (F)   45        32      2007


SUNRISE AND SUNSET
MAY 27 2015...........SUNRISE   536 AM PDT   SUNSET   845 PM PDT
MAY 28 2015...........SUNRISE   535 AM PDT   SUNSET   846 PM PDT


-  INDICATES NEGATIVE NUMBERS.
R  INDICATES RECORD WAS SET OR TIED.
MM INDICATES DATA IS MISSING.
T  INDICATES TRACE AMOUNT.




$$
