000
CDUS46 KPQR 241144
CLIEUG


CLIMATE REPORT
NATIONAL WEATHER SERVICE PORTLAND OREGON
443 AM PDT WED MAY 24 2017


...................................

...THE EUGENE OR CLIMATE SUMMARY FOR MAY 23 2017...

CLIMATE NORMAL PERIOD 1981 TO 2010
CLIMATE RECORD PERIOD 1892 TO 2017


WEATHER ITEM   OBSERVED TIME   RECORD YEAR NORMAL DEPARTURE LAST
                VALUE   (LST)  VALUE       VALUE  FROM      YEAR
                                                  NORMAL
..................................................................
TEMPERATURE (F)
 YESTERDAY
  MAXIMUM         86    227 PM  91    1947  68     18       64
  MINIMUM         52    353 AM  34    2002  45      7       45
                                      1978
                                      1935
  AVERAGE         69                        56     13       55

PRECIPITATION (IN)
  YESTERDAY        0.00          1.17 1989   0.09  -0.09     0.01
  MONTH TO DATE    1.22                      2.04  -0.82     1.30
  SINCE OCT 1     43.66                     41.46   2.20    38.77
  SINCE JAN 1     24.07                     22.66   1.41    19.93

SNOWFALL (IN)
  YESTERDAY        0.0
  MONTH TO DATE    0.0
  SINCE MAR 1      T
  SINCE JUL 1      5.1

DEGREE DAYS
 HEATING
  YESTERDAY        0                         9     -9       10
  MONTH TO DATE  225                       241    -16      145
  SINCE MAR 1   1191                      1256    -65      925
  SINCE JUL 1   4392                      4583   -191     3730

 COOLING
  YESTERDAY        4                         0      4        0
  MONTH TO DATE   11                         0     11        3
  SINCE MAR 1     11                         0     11        3
  SINCE JAN 1     11                         0     11        3
..................................................................


WIND (MPH)
  HIGHEST WIND SPEED    18   HIGHEST WIND DIRECTION     N (340)
  HIGHEST GUST SPEED    23   HIGHEST GUST DIRECTION    NW (330)
  AVERAGE WIND SPEED     6.4


SKY COVER
  POSSIBLE SUNSHINE  MM
  AVERAGE SKY COVER 0.2


WEATHER CONDITIONS
 THE FOLLOWING WEATHER WAS RECORDED YESTERDAY.
  FOG


RELATIVE HUMIDITY (PERCENT)
 HIGHEST   100           200 AM
 LOWEST     26           500 PM
 AVERAGE    63

..........................................................


THE EUGENE OR CLIMATE NORMALS FOR TODAY
                         NORMAL    RECORD    YEAR
 MAXIMUM TEMPERATURE (F)   69        88      1992
                                             1928
 MINIMUM TEMPERATURE (F)   45        33      1977


SUNRISE AND SUNSET
MAY 24 2017...........SUNRISE   538 AM PDT   SUNSET   842 PM PDT
MAY 25 2017...........SUNRISE   537 AM PDT   SUNSET   843 PM PDT


-  INDICATES NEGATIVE NUMBERS.
R  INDICATES RECORD WAS SET OR TIED.
MM INDICATES DATA IS MISSING.
T  INDICATES TRACE AMOUNT.




$$
