000
CDUS46 KPQR 201142
CLIEUG


CLIMATE REPORT
NATIONAL WEATHER SERVICE PORTLAND OREGON
341 AM PST SAT JAN 20 2018


...................................

...THE EUGENE OR CLIMATE SUMMARY FOR JANUARY 19 2018...

CLIMATE NORMAL PERIOD 1981 TO 2010
CLIMATE RECORD PERIOD 1892 TO 2018


WEATHER ITEM   OBSERVED TIME   RECORD YEAR NORMAL DEPARTURE LAST
                VALUE   (LST)  VALUE       VALUE  FROM      YEAR
                                                  NORMAL
..................................................................
TEMPERATURE (F)
 YESTERDAY
  MAXIMUM         47    213 PM  66    2005  48     -1       52
  MINIMUM         39    652 PM  14    1916  34      5       40
  AVERAGE         43                        41      2       46

PRECIPITATION (IN)
  YESTERDAY        0.13          3.77 1964   0.22  -0.09     0.04
  MONTH TO DATE    2.99                      4.45  -1.46     3.60
  SINCE OCT 1     17.00                     23.25  -6.25    23.19
  SINCE JAN 1      2.99                      4.45  -1.46     3.60

SNOWFALL (IN)
  YESTERDAY        0.0
  MONTH TO DATE    0.0
  SINCE DEC 1      T
  SINCE JUL 1      T

DEGREE DAYS
 HEATING
  YESTERDAY       22                        24     -2       19
  MONTH TO DATE  421                       469    -48      604
  SINCE DEC 1   1288                      1253     35     1475
  SINCE JUL 1   2417                      2426     -9     2308

 COOLING
  YESTERDAY        0                         0      0        0
  MONTH TO DATE    0                         0      0        0
  SINCE DEC 1      0                         0      0        0
  SINCE JAN 1      0                         0      0        0
..................................................................


WIND (MPH)
  HIGHEST WIND SPEED    20   HIGHEST WIND DIRECTION     S (200)
  HIGHEST GUST SPEED    25   HIGHEST GUST DIRECTION     S (190)
  AVERAGE WIND SPEED     9.6


SKY COVER
  POSSIBLE SUNSHINE  MM
  AVERAGE SKY COVER 0.9


WEATHER CONDITIONS
 THE FOLLOWING WEATHER WAS RECORDED YESTERDAY.
  LIGHT RAIN


RELATIVE HUMIDITY (PERCENT)
 HIGHEST   100           400 AM
 LOWEST     82           100 PM
 AVERAGE    91

..........................................................


THE EUGENE OR CLIMATE NORMALS FOR TODAY
                         NORMAL    RECORD    YEAR
 MAXIMUM TEMPERATURE (F)   48        64      2005
                                             1968
 MINIMUM TEMPERATURE (F)   34        12      1962
                                             1930


SUNRISE AND SUNSET
JANUARY 20 2018.......SUNRISE   741 AM PST   SUNSET   507 PM PST
JANUARY 21 2018.......SUNRISE   741 AM PST   SUNSET   508 PM PST


-  INDICATES NEGATIVE NUMBERS.
R  INDICATES RECORD WAS SET OR TIED.
MM INDICATES DATA IS MISSING.
T  INDICATES TRACE AMOUNT.




$$
