000
CDUS46 KPQR 280220
CLIEUG


CLIMATE REPORT
NATIONAL WEATHER SERVICE PORTLAND OREGON
720 PM PDT WED AUG 27 2014


...................................

...THE EUGENE OR CLIMATE SUMMARY FOR AUGUST 27 2014...
VALID TODAY AS OF 0700 PM LOCAL TIME.

CLIMATE NORMAL PERIOD 1981 TO 2010
CLIMATE RECORD PERIOD 1892 TO 2014


WEATHER ITEM   OBSERVED TIME   RECORD YEAR NORMAL DEPARTURE LAST
                VALUE   (LST)  VALUE       VALUE  FROM      YEAR
                                                  NORMAL
..................................................................
TEMPERATURE (F)
 TODAY
  MAXIMUM         95    358 PM  98    1972  81     14       87
  MINIMUM         55    515 AM  40    1960  50      5       55
                                      1955
  AVERAGE         75                        66      9       71

PRECIPITATION (IN)
  TODAY            0.00          0.73 1975   0.03  -0.03      T
  MONTH TO DATE    0.19                      0.49  -0.30     0.16
  SINCE OCT 1     27.19                     44.69 -17.50    29.17
  SINCE JAN 1     23.00                     25.89  -2.89     9.83

SNOWFALL (IN)
  TODAY            0.0
  MONTH TO DATE    0.0
  SINCE JUN 1      0.0
  SINCE JUL 1      0.0

DEGREE DAYS
 HEATING
  TODAY            0                         1     -1        0
  MONTH TO DATE    0                        27    -27       12
  SINCE JUN 1    113                       220   -107      110
  SINCE JUL 1      6                        63    -57       18

 COOLING
  TODAY           10                         2      8        6
  MONTH TO DATE  196                        84    112      120
  SINCE JUN 1    395                       196    199      314
  SINCE JAN 1    398                       201    197      319
..................................................................


WIND (MPH)
  HIGHEST WIND SPEED    16   HIGHEST WIND DIRECTION     N (360)
  HIGHEST GUST SPEED    18   HIGHEST GUST DIRECTION     N (360)
  AVERAGE WIND SPEED     3.6


SKY COVER
  POSSIBLE SUNSHINE  MM
  AVERAGE SKY COVER 0.1


WEATHER CONDITIONS
 THE FOLLOWING WEATHER WAS RECORDED TODAY.
  HAZE


RELATIVE HUMIDITY (PERCENT)
 HIGHEST    77           600 AM
 LOWEST     24           200 PM
 AVERAGE    51

..........................................................


THE EUGENE OR CLIMATE NORMALS FOR TOMORROW
                         NORMAL    RECORD    YEAR
 MAXIMUM TEMPERATURE (F)   81        97      1931
                                             1915
 MINIMUM TEMPERATURE (F)   50        41      1985
                                             1960


SUNRISE AND SUNSET
AUGUST 27 2014........SUNRISE   630 AM PDT   SUNSET   757 PM PDT
AUGUST 28 2014........SUNRISE   631 AM PDT   SUNSET   756 PM PDT


-  INDICATES NEGATIVE NUMBERS.
R  INDICATES RECORD WAS SET OR TIED.
MM INDICATES DATA IS MISSING.
T  INDICATES TRACE AMOUNT.




$$
