978
CDUS46 KPQR 171142
CLIEUG


CLIMATE REPORT
NATIONAL WEATHER SERVICE PORTLAND OREGON
441 AM PDT THU AUG 17 2017


...................................

...THE EUGENE OR CLIMATE SUMMARY FOR AUGUST 16 2017...

CLIMATE NORMAL PERIOD 1981 TO 2010
CLIMATE RECORD PERIOD 1892 TO 2017


WEATHER ITEM   OBSERVED TIME   RECORD YEAR NORMAL DEPARTURE LAST
                VALUE   (LST)  VALUE       VALUE  FROM      YEAR
                                                  NORMAL
..................................................................
TEMPERATURE (F)
 YESTERDAY
  MAXIMUM         87    454 PM 101    1977  83      4       90
  MINIMUM         48    506 AM  38    1935  51     -3       51
  AVERAGE         68                        67      1       71

PRECIPITATION (IN)
  YESTERDAY        0.00          1.41 1972   0.02  -0.02     0.00
  MONTH TO DATE    0.14                      0.22  -0.08      T
  SINCE OCT 1     45.20                     44.42   0.78    39.80
  SINCE JAN 1     25.61                     25.62  -0.01    20.96

SNOWFALL (IN)
  YESTERDAY        0.0
  MONTH TO DATE    0.0
  SINCE JUN 1      0.0
  SINCE JUL 1      0.0

DEGREE DAYS
 HEATING
  YESTERDAY        0                         1     -1        0
  MONTH TO DATE   10                        16     -6       11
  SINCE JUN 1    140                       209    -69      121
  SINCE JUL 1     15                        52    -37       21

 COOLING
  YESTERDAY        3                         3      0        6
  MONTH TO DATE  117                        57     60       71
  SINCE JUN 1    233                       169     64      221
  SINCE JAN 1    246                       174     72      224
..................................................................


WIND (MPH)
  HIGHEST WIND SPEED    16   HIGHEST WIND DIRECTION    NE (40)
  HIGHEST GUST SPEED    23   HIGHEST GUST DIRECTION    NE (40)
  AVERAGE WIND SPEED     5.9


SKY COVER
  POSSIBLE SUNSHINE  MM
  AVERAGE SKY COVER 0.1


WEATHER CONDITIONS
 THE FOLLOWING WEATHER WAS RECORDED YESTERDAY.
  HAZE


RELATIVE HUMIDITY (PERCENT)
 HIGHEST   100           400 AM
 LOWEST     20           200 PM
 AVERAGE    60

..........................................................


THE EUGENE OR CLIMATE NORMALS FOR TODAY
                         NORMAL    RECORD    YEAR
 MAXIMUM TEMPERATURE (F)   83        97      1940
 MINIMUM TEMPERATURE (F)   51        40      1935


SUNRISE AND SUNSET
AUGUST 17 2017........SUNRISE   619 AM PDT   SUNSET   814 PM PDT
AUGUST 18 2017........SUNRISE   620 AM PDT   SUNSET   812 PM PDT


-  INDICATES NEGATIVE NUMBERS.
R  INDICATES RECORD WAS SET OR TIED.
MM INDICATES DATA IS MISSING.
T  INDICATES TRACE AMOUNT.




$$
