000
CDUS46 KPQR 261141
CLIEUG


CLIMATE REPORT
NATIONAL WEATHER SERVICE PORTLAND OREGON
440 AM PDT FRI AUG 26 2016


...................................

...THE EUGENE OR CLIMATE SUMMARY FOR AUGUST 25 2016...

CLIMATE NORMAL PERIOD 1981 TO 2010
CLIMATE RECORD PERIOD 1892 TO 2016


WEATHER ITEM   OBSERVED TIME   RECORD YEAR NORMAL DEPARTURE LAST
                VALUE   (LST)  VALUE       VALUE  FROM      YEAR
                                                  NORMAL
..................................................................
TEMPERATURE (F)
 YESTERDAY
  MAXIMUM         97R   254 PM  97    2010  82     15       85
  MINIMUM         53    539 AM  41    1980  50      3       45
                                      1951
  AVERAGE         75                        66      9       65

PRECIPITATION (IN)
  YESTERDAY        0.00          0.58 1968   0.02  -0.02     0.00
                                      1953
                                      1939
  MONTH TO DATE    T                         0.43  -0.43      T
  SINCE OCT 1     39.80                     44.63  -4.83    29.46
  SINCE JAN 1     20.96                     25.83  -4.87    12.41

SNOWFALL (IN)
  YESTERDAY        0.0
  MONTH TO DATE    0.0
  SINCE JUN 1      0.0
  SINCE JUL 1      0.0

DEGREE DAYS
 HEATING
  YESTERDAY        0                         1     -1        0
  MONTH TO DATE   11                        25    -14        0
  SINCE JUN 1    121                       218    -97       46
  SINCE JUL 1     21                        61    -40        5

 COOLING
  YESTERDAY       10                         2      8        0
  MONTH TO DATE  137                        80     57      137
  SINCE JUN 1    287                       192     95      463
  SINCE JAN 1    290                       197     93      468
..................................................................


WIND (MPH)
  HIGHEST WIND SPEED    28   HIGHEST WIND DIRECTION     N (10)
  HIGHEST GUST SPEED    33   HIGHEST GUST DIRECTION     N (20)
  AVERAGE WIND SPEED    11.4


SKY COVER
  POSSIBLE SUNSHINE  MM
  AVERAGE SKY COVER 0.2


WEATHER CONDITIONS
 THE FOLLOWING WEATHER WAS RECORDED YESTERDAY.
  HAZE


RELATIVE HUMIDITY (PERCENT)
 HIGHEST    66           600 AM
 LOWEST     14           200 PM
 AVERAGE    40

..........................................................


THE EUGENE OR CLIMATE NORMALS FOR TODAY
                         NORMAL    RECORD    YEAR
 MAXIMUM TEMPERATURE (F)   82        96      2014
 MINIMUM TEMPERATURE (F)   50        40      1980
                                             1946


SUNRISE AND SUNSET
AUGUST 26 2016........SUNRISE   630 AM PDT   SUNSET   758 PM PDT
AUGUST 27 2016........SUNRISE   631 AM PDT   SUNSET   757 PM PDT


-  INDICATES NEGATIVE NUMBERS.
R  INDICATES RECORD WAS SET OR TIED.
MM INDICATES DATA IS MISSING.
T  INDICATES TRACE AMOUNT.




$$
