000
CDUS46 KPQR 061147
CLIEUG


CLIMATE REPORT
NATIONAL WEATHER SERVICE PORTLAND OREGON
346 AM PST TUE DEC 6 2016


...................................

...THE EUGENE OR CLIMATE SUMMARY FOR DECEMBER 5 2016...

CLIMATE NORMAL PERIOD 1981 TO 2010
CLIMATE RECORD PERIOD 1892 TO 2016


WEATHER ITEM   OBSERVED TIME   RECORD YEAR NORMAL DEPARTURE LAST
                VALUE   (LST)  VALUE       VALUE  FROM      YEAR
                                                  NORMAL
..................................................................
TEMPERATURE (F)
 YESTERDAY
  MAXIMUM         43   1225 PM  60    1944  47     -4       59
                                      1940
                                      1929
  MINIMUM         31    546 AM  14    2013  35     -4       41
  AVERAGE         37                        41     -4       50

PRECIPITATION (IN)
  YESTERDAY        0.21          4.89 1981   0.28  -0.07     0.02
  MONTH TO DATE    0.76                      1.48  -0.72     1.53
  SINCE OCT 1     15.25                     12.45   2.80     6.76
  SINCE JAN 1     36.99                     39.75  -2.76    20.16

SNOWFALL (IN)
  YESTERDAY       MM
  MONTH TO DATE    0.0
  SINCE DEC 1      0.0
  SINCE JUL 1      0.0

DEGREE DAYS
 HEATING
  YESTERDAY       28                        24      4       15
  MONTH TO DATE  120                       120      0       89
  SINCE DEC 1    120                       120      0       89
  SINCE JUL 1    953                      1293   -340     1070

 COOLING
  YESTERDAY        0                         0      0        0
  MONTH TO DATE    0                         0      0        0
  SINCE DEC 1      0                         0      0        0
  SINCE JAN 1    325                       239     86      529
..................................................................


WIND (MPH)
  HIGHEST WIND SPEED    17   HIGHEST WIND DIRECTION     S (190)
  HIGHEST GUST SPEED    21   HIGHEST GUST DIRECTION     S (180)
  AVERAGE WIND SPEED     8.0


SKY COVER
  POSSIBLE SUNSHINE  MM
  AVERAGE SKY COVER 0.9


WEATHER CONDITIONS
 THE FOLLOWING WEATHER WAS RECORDED YESTERDAY.
  LIGHT RAIN
  FOG
  FOG W/VISIBILITY <= 1/4 MILE


RELATIVE HUMIDITY (PERCENT)
 HIGHEST    96           100 AM
 LOWEST     76          1200 PM
 AVERAGE    86

..........................................................


THE EUGENE OR CLIMATE NORMALS FOR TODAY
                         NORMAL    RECORD    YEAR
 MAXIMUM TEMPERATURE (F)   47        61      1962
 MINIMUM TEMPERATURE (F)   35        15      1972


SUNRISE AND SUNSET
DECEMBER  6 2016......SUNRISE   734 AM PST   SUNSET   434 PM PST
DECEMBER  7 2016......SUNRISE   735 AM PST   SUNSET   434 PM PST


-  INDICATES NEGATIVE NUMBERS.
R  INDICATES RECORD WAS SET OR TIED.
MM INDICATES DATA IS MISSING.
T  INDICATES TRACE AMOUNT.




$$
