000
CDUS46 KPQR 281149
CLIEUG


CLIMATE REPORT
NATIONAL WEATHER SERVICE PORTLAND OREGON
448 AM PDT TUE MAR 28 2017


...................................

...THE EUGENE OR CLIMATE SUMMARY FOR MARCH 27 2017...

CLIMATE NORMAL PERIOD 1981 TO 2010
CLIMATE RECORD PERIOD 1892 TO 2017


WEATHER ITEM   OBSERVED TIME   RECORD YEAR NORMAL DEPARTURE LAST
                VALUE   (LST)  VALUE       VALUE  FROM      YEAR
                                                  NORMAL
..................................................................
TEMPERATURE (F)
 YESTERDAY
  MAXIMUM         54    239 PM  75    1969  58     -4       55
  MINIMUM         43    321 AM  26    1935  38      5       42
  AVERAGE         49                        48      1       49

PRECIPITATION (IN)
  YESTERDAY        0.30          1.55 1897   0.15   0.15     0.10
  MONTH TO DATE    5.48                      4.39   1.09     5.76
  SINCE OCT 1     38.45                     35.49   2.96    34.44
  SINCE JAN 1     18.86                     16.69   2.17    15.60

SNOWFALL (IN)
  YESTERDAY       MM
  MONTH TO DATE    T
  SINCE MAR 1      T
  SINCE JUL 1      5.1

DEGREE DAYS
 HEATING
  YESTERDAY       16                        17     -1       16
  MONTH TO DATE  460                       500    -40      433
  SINCE MAR 1    460                       500    -40      433
  SINCE JUL 1   3661                      3827   -166     3238

 COOLING
  YESTERDAY        0                         0      0        0
  MONTH TO DATE    0                         0      0        0
  SINCE MAR 1      0                         0      0        0
  SINCE JAN 1      0                         0      0        0
..................................................................


WIND (MPH)
  HIGHEST WIND SPEED    18   HIGHEST WIND DIRECTION     W (260)
  HIGHEST GUST SPEED    24   HIGHEST GUST DIRECTION     W (260)
  AVERAGE WIND SPEED     9.1


SKY COVER
  POSSIBLE SUNSHINE  MM
  AVERAGE SKY COVER 0.9


WEATHER CONDITIONS
 THE FOLLOWING WEATHER WAS RECORDED YESTERDAY.
  LIGHT RAIN
  FOG


RELATIVE HUMIDITY (PERCENT)
 HIGHEST    93          1200 AM
 LOWEST     63           400 PM
 AVERAGE    78

..........................................................


THE EUGENE OR CLIMATE NORMALS FOR TODAY
                         NORMAL    RECORD    YEAR
 MAXIMUM TEMPERATURE (F)   58        77      1930
 MINIMUM TEMPERATURE (F)   38        28      1975


SUNRISE AND SUNSET
MARCH 28 2017.........SUNRISE   701 AM PDT   SUNSET   736 PM PDT
MARCH 29 2017.........SUNRISE   659 AM PDT   SUNSET   737 PM PDT


-  INDICATES NEGATIVE NUMBERS.
R  INDICATES RECORD WAS SET OR TIED.
MM INDICATES DATA IS MISSING.
T  INDICATES TRACE AMOUNT.




$$
