000
CDUS46 KPQR 182329
CLIEUG


CLIMATE REPORT
NATIONAL WEATHER SERVICE PORTLAND OREGON
429 PM PDT THU SEP 18 2014


...................................

...THE EUGENE OR CLIMATE SUMMARY FOR SEPTEMBER 18 2014...
VALID TODAY AS OF 0400 PM LOCAL TIME.

CLIMATE NORMAL PERIOD 1981 TO 2010
CLIMATE RECORD PERIOD 1892 TO 2014


WEATHER ITEM   OBSERVED TIME   RECORD YEAR NORMAL DEPARTURE LAST
                VALUE   (LST)  VALUE       VALUE  FROM      YEAR
                                                  NORMAL
..................................................................
TEMPERATURE (F)
 TODAY
  MAXIMUM         77    151 PM  91    1991  77      0       74
  MINIMUM         53    622 AM  34    1988  47      6       51
  AVERAGE         65                        62      3       63

PRECIPITATION (IN)
  TODAY            0.01          0.81 1968   0.04  -0.03     0.04
  MONTH TO DATE    0.01                      0.67  -0.66     1.52
  SINCE OCT 1     27.20                     45.48 -18.28    30.78
  SINCE JAN 1     23.01                     26.68  -3.67    11.44

SNOWFALL (IN)
  TODAY            0.0
  MONTH TO DATE    0.0
  SINCE SEP 1      0.0
  SINCE JUL 1      0.0

DEGREE DAYS
 HEATING
  TODAY            0                         4     -4        2
  MONTH TO DATE    7                        51    -44        7
  SINCE SEP 1      7                        51    -44        7
  SINCE JUL 1     14                       118   -104       25

 COOLING
  TODAY            0                         1     -1        0
  MONTH TO DATE   43                        25     18       63
  SINCE SEP 1     43                        25     18       63
  SINCE JAN 1    451                       233    218      411
..................................................................


WIND (MPH)
  HIGHEST WIND SPEED     8   HIGHEST WIND DIRECTION    SW (210)
  HIGHEST GUST SPEED    12   HIGHEST GUST DIRECTION     S (200)
  AVERAGE WIND SPEED     2.6


SKY COVER
  POSSIBLE SUNSHINE  MM
  AVERAGE SKY COVER 0.7


WEATHER CONDITIONS
 THE FOLLOWING WEATHER WAS RECORDED TODAY.
  HAZE


RELATIVE HUMIDITY (PERCENT)
 HIGHEST    93           200 AM
 LOWEST     49           100 PM
 AVERAGE    71

..........................................................


THE EUGENE OR CLIMATE NORMALS FOR TOMORROW
                         NORMAL    RECORD    YEAR
 MAXIMUM TEMPERATURE (F)   76        93      1974
 MINIMUM TEMPERATURE (F)   46        35      1947


SUNRISE AND SUNSET
SEPTEMBER 18 2014.....SUNRISE   655 AM PDT   SUNSET   717 PM PDT
SEPTEMBER 19 2014.....SUNRISE   657 AM PDT   SUNSET   716 PM PDT


-  INDICATES NEGATIVE NUMBERS.
R  INDICATES RECORD WAS SET OR TIED.
MM INDICATES DATA IS MISSING.
T  INDICATES TRACE AMOUNT.




$$
