000
CDUS43 KPAH 210633
CLIEVV


CLIMATE REPORT
NATIONAL WEATHER SERVICE PADUCAH KY
129 AM CDT SUN SEP 21 2014


...................................

...THE EVANSVILLE IN CLIMATE SUMMARY FOR SEPTEMBER 20 2014...

CLIMATE NORMAL PERIOD 1981 TO 2010
CLIMATE RECORD PERIOD 1896 TO 2014


WEATHER ITEM   OBSERVED TIME   RECORD YEAR NORMAL DEPARTURE LAST
                VALUE   (LST)  VALUE       VALUE  FROM      YEAR
                                                  NORMAL
..................................................................
TEMPERATURE (F)
 YESTERDAY
  MAXIMUM         86    324 PM  95    1940  80      6       77
  MINIMUM         57    409 AM  38    1897  55      2       64
  AVERAGE         72                        67      5       71

PRECIPITATION (IN)
  YESTERDAY        0.00          4.39 1924   0.10  -0.10     0.71
  MONTH TO DATE    1.64                      2.02  -0.38     2.21
  SINCE SEP 1      1.64                      2.02  -0.38     2.21
  SINCE JAN 1     35.82                     32.94   2.88    37.54

SNOWFALL (IN)
  YESTERDAY        0.0           0.0    MM   0.0    0.0      0.0
  MONTH TO DATE    0.0                       0.0    0.0      0.0
  SINCE SEP 1      0.0                       0.0    0.0      0.0
  SINCE JUL 1      0.0                       0.0    0.0      0.0
  SNOW DEPTH       0

DEGREE DAYS
 HEATING
  YESTERDAY        0                         2     -2        0
  MONTH TO DATE   27                        13     14        4
  SINCE SEP 1     27                        13     14        4
  SINCE JUL 1     27                        14     13        4

 COOLING
  YESTERDAY        7                         4      3        6
  MONTH TO DATE  118                       136    -18      182
  SINCE SEP 1    118                       136    -18      182
  SINCE JAN 1   1398                      1335     63     1374
..................................................................


WIND (MPH)
  HIGHEST WIND SPEED    18   HIGHEST WIND DIRECTION    SW (230)
  HIGHEST GUST SPEED    22   HIGHEST GUST DIRECTION    SW (230)
  AVERAGE WIND SPEED     7.2


SKY COVER
  AVERAGE SKY COVER 0.2


WEATHER CONDITIONS
 THE FOLLOWING WEATHER WAS RECORDED YESTERDAY.
  FOG


RELATIVE HUMIDITY (PERCENT)
 HIGHEST    93
 LOWEST     51
 AVERAGE    72

..........................................................


THE EVANSVILLE IN CLIMATE NORMALS FOR TODAY
                         NORMAL    RECORD    YEAR
 MAXIMUM TEMPERATURE (F)   79        98      2010
 MINIMUM TEMPERATURE (F)   54        37      1991
                                             1897


SUNRISE AND SUNSET
SEPTEMBER 21 2014.....SUNRISE   637 AM CDT   SUNSET   649 PM CDT
SEPTEMBER 22 2014.....SUNRISE   638 AM CDT   SUNSET   647 PM CDT


-  INDICATES NEGATIVE NUMBERS.
R  INDICATES RECORD WAS SET OR TIED.
MM INDICATES DATA IS MISSING.
T  INDICATES TRACE AMOUNT.




$$
