000
CDUS43 KPAH 270633
CLIEVV


CLIMATE REPORT
NATIONAL WEATHER SERVICE PADUCAH KY
128 AM CDT FRI MAY 27 2016


...................................

...THE EVANSVILLE IN CLIMATE SUMMARY FOR MAY 26 2016...

CLIMATE NORMAL PERIOD 1981 TO 2010
CLIMATE RECORD PERIOD 1896 TO 2016


WEATHER ITEM   OBSERVED TIME   RECORD YEAR NORMAL DEPARTURE LAST
                VALUE   (LST)  VALUE       VALUE  FROM      YEAR
                                                  NORMAL
..................................................................
TEMPERATURE (F)
 YESTERDAY
  MAXIMUM         80    946 AM  96    1911  80      0       81
  MINIMUM         63   1010 PM  38    1979  58      5       66
  AVERAGE         72                        69      3       74

PRECIPITATION (IN)
  YESTERDAY        0.17          3.28 1981   0.18  -0.01      T
  MONTH TO DATE    3.99                      4.50  -0.51     2.96
  SINCE MAR 1     15.35                     13.11   2.24    16.43
  SINCE JAN 1     21.69                     19.38   2.31    21.96

SNOWFALL (IN)
  YESTERDAY        0.0                       0.0    0.0      0.0
  MONTH TO DATE    0.0                       0.0    0.0      0.0
  SINCE MAR 1      T                         1.1   -1.1      8.5
  SINCE JUL 1     14.2                      11.8    2.4     18.5
  SNOW DEPTH       0

DEGREE DAYS
 HEATING
  YESTERDAY        0                         1     -1        0
  MONTH TO DATE  114                        81     33       52
  SINCE MAR 1    760                       962   -202      867
  SINCE JUL 1   3578                      4536   -958     4703

 COOLING
  YESTERDAY        7                         5      2        9
  MONTH TO DATE   32                        79    -47      126
  SINCE MAR 1     54                       106    -52      154
  SINCE JAN 1     54                       106    -52      154
..................................................................


WIND (MPH)
  HIGHEST WIND SPEED    26   HIGHEST WIND DIRECTION    NW (330)
  HIGHEST GUST SPEED    33   HIGHEST GUST DIRECTION    NW (330)
  AVERAGE WIND SPEED     7.2


SKY COVER
  AVERAGE SKY COVER 0.5


WEATHER CONDITIONS
 THE FOLLOWING WEATHER WAS RECORDED YESTERDAY.
  THUNDERSTORM
  RAIN
  LIGHT RAIN
  FOG


RELATIVE HUMIDITY (PERCENT)
 HIGHEST    93
 LOWEST     69
 AVERAGE    81

..........................................................


THE EVANSVILLE IN CLIMATE NORMALS FOR TODAY
                         NORMAL    RECORD    YEAR
 MAXIMUM TEMPERATURE (F)   80        96      1911
 MINIMUM TEMPERATURE (F)   58        35      1961


SUNRISE AND SUNSET
MAY 27 2016...........SUNRISE   531 AM CDT   SUNSET   804 PM CDT
MAY 28 2016...........SUNRISE   531 AM CDT   SUNSET   805 PM CDT


-  INDICATES NEGATIVE NUMBERS.
R  INDICATES RECORD WAS SET OR TIED.
MM INDICATES DATA IS MISSING.
T  INDICATES TRACE AMOUNT.




$$
