000
CDUS45 KSLC 181227
CLIEVW


CLIMATE REPORT
NATIONAL WEATHER SERVICE SALT LAKE CITY UT
626 AM MDT WED OCT 18 2017


...................................

...THE EVANSTON WY CLIMATE SUMMARY FOR OCTOBER 17 2017...

CLIMATE NORMAL PERIOD 1981 TO 2010
CLIMATE RECORD PERIOD 9999 TO 9999


WEATHER ITEM   OBSERVED TIME   RECORD YEAR NORMAL DEPARTURE LAST
                VALUE   (LST)  VALUE       VALUE  FROM      YEAR
                                                  NORMAL
..................................................................
TEMPERATURE (F)
 YESTERDAY
  MAXIMUM         69    333 PM  MM      MM  55     14       43
  MINIMUM         37    555 AM  MM      MM  32      5       31
  AVERAGE         53                        44      9       37

PRECIPITATION (IN)
  YESTERDAY        0.00         MM      MM   0.04  -0.04     0.30
  MONTH TO DATE    T                         0.60  -0.60     1.02
  SINCE OCT 1      T                         0.60  -0.60     1.02
  SINCE JAN 1      5.36                      9.94  -4.58     6.74

DEGREE DAYS
 HEATING
  YESTERDAY       12                        21     -9       28
  MONTH TO DATE  376                       311     65      294
  SINCE SEP 1    702                       605     97      545
  SINCE JUL 1    726                       708     18      604

 COOLING
  YESTERDAY        0                         0      0        0
  MONTH TO DATE    0                         0      0        0
  SINCE SEP 1     37                         5     32        7
  SINCE JAN 1    333                       162    171      293
..................................................................


WIND (MPH)
  RESULTANT WIND SPEED   9   RESULTANT WIND DIRECTION  SW (230)
  HIGHEST WIND SPEED    25   HIGHEST WIND DIRECTION     W (260)
  HIGHEST GUST SPEED    33   HIGHEST GUST DIRECTION     W (260)
  AVERAGE WIND SPEED    10.2


SKY COVER
  POSSIBLE SUNSHINE  MM
  AVERAGE SKY COVER 0.0


WEATHER CONDITIONS
 THE FOLLOWING WEATHER WAS RECORDED YESTERDAY.
  NO SIGNIFICANT WEATHER WAS OBSERVED.


RELATIVE HUMIDITY (PERCENT)
 HIGHEST    25           500 AM
 LOWEST      7           200 PM
 AVERAGE    16

..........................................................


THE EVANSTON WY CLIMATE NORMALS FOR TODAY
                         NORMAL    RECORD    YEAR
 MAXIMUM TEMPERATURE (F)   55        MM        MM
 MINIMUM TEMPERATURE (F)   32        MM        MM


SUNRISE AND SUNSET
OCTOBER 18 2017.......SUNRISE   740 AM MDT   SUNSET   638 PM MDT
OCTOBER 19 2017.......SUNRISE   741 AM MDT   SUNSET   637 PM MDT


-  INDICATES NEGATIVE NUMBERS.
R  INDICATES RECORD WAS SET OR TIED.
MM INDICATES DATA IS MISSING.
T  INDICATES TRACE AMOUNT.




$$
