000
CDUS45 KSLC 201230
CLIEVW


CLIMATE REPORT
NATIONAL WEATHER SERVICE SALT LAKE CITY UT
630 AM MDT MON OCT 20 2014


...................................

...THE EVANSTON WY CLIMATE SUMMARY FOR OCTOBER 19 2014...

CLIMATE NORMAL PERIOD 1981 TO 2010
CLIMATE RECORD PERIOD 9999 TO 9999


WEATHER ITEM   OBSERVED TIME   RECORD YEAR NORMAL DEPARTURE LAST
                VALUE   (LST)  VALUE       VALUE  FROM      YEAR
                                                  NORMAL
..................................................................
TEMPERATURE (F)
 YESTERDAY
  MAXIMUM         67    412 PM  MM      MM  54     13       55
  MINIMUM         39    717 AM  MM      MM  31      8       25
  AVERAGE         53                        43     10       40

PRECIPITATION (IN)
  YESTERDAY        0.00         MM      MM   0.04  -0.04     0.00
  MONTH TO DATE    0.10                      0.68  -0.58     0.40
  SINCE OCT 1      0.10                      0.68  -0.58     0.40
  SINCE JAN 1      9.23                     10.02  -0.79     4.46

DEGREE DAYS
 HEATING
  YESTERDAY       12                        22    -10       25
  MONTH TO DATE  285                       355    -70      436
  SINCE SEP 1    473                       649   -176      701
  SINCE JUL 1    593                       752   -159      715

 COOLING
  YESTERDAY        0                         0      0        0
  MONTH TO DATE    0                         0      0        0
  SINCE SEP 1     13                         5      8       26
  SINCE JAN 1    219                       162     57      348
..................................................................


WIND (MPH)
  RESULTANT WIND SPEED   2   RESULTANT WIND DIRECTION  SE (120)
  HIGHEST WIND SPEED     9   HIGHEST WIND DIRECTION     E (70)
  HIGHEST GUST SPEED    12   HIGHEST GUST DIRECTION     W (270)
  AVERAGE WIND SPEED     5.0


SKY COVER
  POSSIBLE SUNSHINE  MM
  AVERAGE SKY COVER 0.0


WEATHER CONDITIONS
 THE FOLLOWING WEATHER WAS RECORDED YESTERDAY.
  NO SIGNIFICANT WEATHER WAS OBSERVED.


RELATIVE HUMIDITY (PERCENT)
 HIGHEST    60           400 AM
 LOWEST     24           200 PM
 AVERAGE    42

..........................................................


THE EVANSTON WY CLIMATE NORMALS FOR TODAY
                         NORMAL    RECORD    YEAR
 MAXIMUM TEMPERATURE (F)   54        MM        MM
 MINIMUM TEMPERATURE (F)   31        MM        MM


SUNRISE AND SUNSET
OCTOBER 20 2014.......SUNRISE   742 AM MDT   SUNSET   636 PM MDT
OCTOBER 21 2014.......SUNRISE   743 AM MDT   SUNSET   634 PM MDT


-  INDICATES NEGATIVE NUMBERS.
R  INDICATES RECORD WAS SET OR TIED.
MM INDICATES DATA IS MISSING.
T  INDICATES TRACE AMOUNT.




$$
