000
CDUS42 KMHX 220526
CLIEWN


CLIMATE REPORT
NATIONAL WEATHER SERVICE NEWPORT/MOREHEAD CITY NC
1225 AM EST WED NOV 22 2017


...................................

...THE NEW BERN NC CLIMATE SUMMARY FOR NOVEMBER 21 2017...

CLIMATE NORMAL PERIOD 1981 TO 2010
CLIMATE RECORD PERIOD 1948 TO 2017


WEATHER ITEM   OBSERVED TIME   RECORD YEAR NORMAL DEPARTURE LAST
                VALUE   (LST)  VALUE       VALUE  FROM      YEAR
                                                  NORMAL
..................................................................
TEMPERATURE (F)
 YESTERDAY
  MAXIMUM         65    219 PM  79    1975  65      0       55
  MINIMUM         31    513 AM  20    1951  42    -11       27
  AVERAGE         48                        54     -6       41

PRECIPITATION (IN)
  YESTERDAY        0.00          1.95 2005   0.12  -0.12     0.00
  MONTH TO DATE    0.18                      2.35  -2.17     0.61
  SINCE SEP 1      8.16                     11.50  -3.34    18.31
  SINCE JAN 1     46.80                     48.30  -1.50    61.68

SNOWFALL (IN)
  YESTERDAY        0.0
  MONTH TO DATE    0.0
  SINCE NOV 1      0.0
  SINCE JUL 1      0.0
  SNOW DEPTH       0

DEGREE DAYS
 HEATING
  YESTERDAY       17                        12      5       24
  MONTH TO DATE  227                       192     35      223
  SINCE SEP 1    305                       309     -4      281
  SINCE JUL 1    305                       309     -4      281

 COOLING
  YESTERDAY        0                         0      0        0
  MONTH TO DATE    6                        14     -8        6
  SINCE SEP 1    467                       370     97      500
  SINCE JAN 1   2150                      1899    251     2255
..................................................................


WIND (MPH)
  HIGHEST WIND SPEED     8   HIGHEST WIND DIRECTION     E (110)
  HIGHEST GUST SPEED    12   HIGHEST GUST DIRECTION     E (100)
  AVERAGE WIND SPEED     2.1


SKY COVER
  POSSIBLE SUNSHINE  MM
  AVERAGE SKY COVER 0.4


WEATHER CONDITIONS
 THE FOLLOWING WEATHER WAS RECORDED YESTERDAY.
  FOG


RELATIVE HUMIDITY (PERCENT)
 HIGHEST   100          1200 AM
 LOWEST     62          1200 PM
 AVERAGE    81

..........................................................


THE NEW BERN NC CLIMATE NORMALS FOR TODAY
                         NORMAL    RECORD    YEAR
 MAXIMUM TEMPERATURE (F)   65        78      1992
 MINIMUM TEMPERATURE (F)   42        22      1951


SUNRISE AND SUNSET
NOVEMBER 22 2017......SUNRISE   650 AM EST   SUNSET   459 PM EST
NOVEMBER 23 2017......SUNRISE   651 AM EST   SUNSET   458 PM EST


-  INDICATES NEGATIVE NUMBERS.
R  INDICATES RECORD WAS SET OR TIED.
MM INDICATES DATA IS MISSING.
T  INDICATES TRACE AMOUNT.




$$
