000
CDUS42 KMHX 260531
CLIEWN


CLIMATE REPORT
NATIONAL WEATHER SERVICE NEWPORT/MOREHEAD CITY NC
130 AM EDT FRI MAY 26 2017


...................................

...THE NEW BERN NC CLIMATE SUMMARY FOR MAY 25 2017...

CLIMATE NORMAL PERIOD 1981 TO 2010
CLIMATE RECORD PERIOD 1948 TO 2017


WEATHER ITEM   OBSERVED TIME   RECORD YEAR NORMAL DEPARTURE LAST
                VALUE   (LST)  VALUE       VALUE  FROM      YEAR
                                                  NORMAL
..................................................................
TEMPERATURE (F)
 YESTERDAY
  MAXIMUM         80   1258 PM  97    2011  82     -2       88
  MINIMUM         65   1149 PM  46    1967  62      3       59
  AVERAGE         73                        72      1       74

PRECIPITATION (IN)
  YESTERDAY        0.18          4.53 1969   0.14   0.04     0.00
  MONTH TO DATE    2.87                      3.26  -0.39     4.59
  SINCE MAR 1     11.27                     10.82   0.45     9.60
  SINCE JAN 1     17.49                     18.50  -1.01    20.62

SNOWFALL (IN)
  YESTERDAY        0.0
  MONTH TO DATE    0.0
  SINCE NOV 1      T
  SINCE JUL 1      T
  SNOW DEPTH       0

DEGREE DAYS
 HEATING
  YESTERDAY        0                         0      0        0
  MONTH TO DATE   28                        32     -4       34
  SINCE MAR 1    494                       553    -59      424
  SINCE JUL 1   2234                      2699   -465     2112

 COOLING
  YESTERDAY        8                         7      1        9
  MONTH TO DATE  150                       124     26      108
  SINCE MAR 1    292                       191    101      209
  SINCE JAN 1    298                       194    104      209
..................................................................


WIND (MPH)
  HIGHEST WIND SPEED    23   HIGHEST WIND DIRECTION    SW (220)
  HIGHEST GUST SPEED    33   HIGHEST GUST DIRECTION    SW (210)
  AVERAGE WIND SPEED    12.6


SKY COVER
  POSSIBLE SUNSHINE  MM
  AVERAGE SKY COVER 0.2


WEATHER CONDITIONS
 THE FOLLOWING WEATHER WAS RECORDED YESTERDAY.
  THUNDERSTORM
  HEAVY RAIN
  LIGHT RAIN
  FOG


RELATIVE HUMIDITY (PERCENT)
 HIGHEST   100           500 AM
 LOWEST     42           100 PM
 AVERAGE    71

..........................................................


THE NEW BERN NC CLIMATE NORMALS FOR TODAY
                         NORMAL    RECORD    YEAR
 MAXIMUM TEMPERATURE (F)   83       100      1953
 MINIMUM TEMPERATURE (F)   62        48      2013


SUNRISE AND SUNSET
MAY 26 2017...........SUNRISE   558 AM EDT   SUNSET   813 PM EDT
MAY 27 2017...........SUNRISE   557 AM EDT   SUNSET   814 PM EDT


-  INDICATES NEGATIVE NUMBERS.
R  INDICATES RECORD WAS SET OR TIED.
MM INDICATES DATA IS MISSING.
T  INDICATES TRACE AMOUNT.




$$
