284
CDUS42 KMHX 060631
CLIEWN


CLIMATE REPORT
NATIONAL WEATHER SERVICE NEWPORT/MOREHEAD CITY NC
131 AM EST TUE DEC 6 2016


...................................

...THE NEW BERN NC CLIMATE SUMMARY FOR DECEMBER 5 2016...

CLIMATE NORMAL PERIOD 1981 TO 2010
CLIMATE RECORD PERIOD 1948 TO 2016


WEATHER ITEM   OBSERVED TIME   RECORD YEAR NORMAL DEPARTURE LAST
                VALUE   (LST)  VALUE       VALUE  FROM      YEAR
                                                  NORMAL
..................................................................
TEMPERATURE (F)
 YESTERDAY
  MAXIMUM         59    338 PM  79    2013  60     -1       61
  MINIMUM         47   1231 AM  24    2000  39      8       39
                                      1966
  AVERAGE         53                        49      4       50

PRECIPITATION (IN)
  YESTERDAY        0.84          0.87 1954   0.11   0.73     0.00
  MONTH TO DATE    1.17                      0.57   0.60     0.56
  SINCE DEC 1      1.17                      0.57   0.60     0.56
  SINCE JAN 1     62.98                     49.92  13.06    60.45

SNOWFALL (IN)
  YESTERDAY        0.0
  MONTH TO DATE    0.0
  SINCE NOV 1      0.0
  SINCE JUL 1      0.0
  SNOW DEPTH       0

DEGREE DAYS
 HEATING
  YESTERDAY       12                        16     -4       15
  MONTH TO DATE   71                        76     -5       54
  SINCE DEC 1     71                        76     -5       54
  SINCE JUL 1    466                       503    -37      337

 COOLING
  YESTERDAY        0                         0      0        0
  MONTH TO DATE    0                         0      0        1
  SINCE DEC 1      0                         0      0        1
  SINCE JAN 1   2260                      1900    360     2167
..................................................................


WIND (MPH)
  HIGHEST WIND SPEED    17   HIGHEST WIND DIRECTION    NW (310)
  HIGHEST GUST SPEED    25   HIGHEST GUST DIRECTION    NW (310)
  AVERAGE WIND SPEED     6.4


SKY COVER
  POSSIBLE SUNSHINE  MM
  AVERAGE SKY COVER 0.6


WEATHER CONDITIONS
 THE FOLLOWING WEATHER WAS RECORDED YESTERDAY.
  HEAVY RAIN
  RAIN
  LIGHT RAIN
  FOG


RELATIVE HUMIDITY (PERCENT)
 HIGHEST   100           300 AM
 LOWEST     67           200 PM
 AVERAGE    84

..........................................................


THE NEW BERN NC CLIMATE NORMALS FOR TODAY
                         NORMAL    RECORD    YEAR
 MAXIMUM TEMPERATURE (F)   60        82      2013
 MINIMUM TEMPERATURE (F)   38        24      1969


SUNRISE AND SUNSET
DECEMBER  6 2016......SUNRISE   703 AM EST   SUNSET   456 PM EST
DECEMBER  7 2016......SUNRISE   703 AM EST   SUNSET   456 PM EST


-  INDICATES NEGATIVE NUMBERS.
R  INDICATES RECORD WAS SET OR TIED.
MM INDICATES DATA IS MISSING.
T  INDICATES TRACE AMOUNT.




$$
