000
CDUS42 KMHX 230529
CLIEWN


CLIMATE REPORT
NATIONAL WEATHER SERVICE NEWPORT/MOREHEAD CITY NC
129 AM EDT SAT SEP 23 2017


...................................

...THE NEW BERN NC CLIMATE SUMMARY FOR SEPTEMBER 22 2017...

CLIMATE NORMAL PERIOD 1981 TO 2010
CLIMATE RECORD PERIOD 1948 TO 2017


WEATHER ITEM   OBSERVED TIME   RECORD YEAR NORMAL DEPARTURE LAST
                VALUE   (LST)  VALUE       VALUE  FROM      YEAR
                                                  NORMAL
..................................................................
TEMPERATURE (F)
 YESTERDAY
  MAXIMUM         87    405 PM  92    1980  81      6       85
  MINIMUM         65    632 AM  48    1983  63      2       70
  AVERAGE         76                        72      4       78

PRECIPITATION (IN)
  YESTERDAY        0.00          4.34 1952   0.18  -0.18     1.85
  MONTH TO DATE    3.20                      4.42  -1.22     9.58
  SINCE SEP 1      3.20                      4.42  -1.22     9.58
  SINCE JAN 1     41.84                     41.22   0.62    52.95

SNOWFALL (IN)
  YESTERDAY        0.0
  MONTH TO DATE    0.0
  SINCE NOV 1      T
  SINCE JUL 1      0.0
  SNOW DEPTH       0

DEGREE DAYS
 HEATING
  YESTERDAY        0                         0      0        0
  MONTH TO DATE    0                         0      0        0
  SINCE SEP 1      0                         0      0        0
  SINCE JUL 1      0                         0      0        0

 COOLING
  YESTERDAY       11                         8      3       13
  MONTH TO DATE  218                       223     -5      284
  SINCE SEP 1    218                       223     -5      284
  SINCE JAN 1   1901                      1752    149     2039
..................................................................


WIND (MPH)
  HIGHEST WIND SPEED    10   HIGHEST WIND DIRECTION    NW (310)
  HIGHEST GUST SPEED    13   HIGHEST GUST DIRECTION    NW (320)
  AVERAGE WIND SPEED     1.8


SKY COVER
  POSSIBLE SUNSHINE  MM
  AVERAGE SKY COVER 0.1


WEATHER CONDITIONS
 THE FOLLOWING WEATHER WAS RECORDED YESTERDAY.
  FOG
  FOG W/VISIBILITY <= 1/4 MILE


RELATIVE HUMIDITY (PERCENT)
 HIGHEST   100          1200 AM
 LOWEST     51           200 PM
 AVERAGE    76

..........................................................


THE NEW BERN NC CLIMATE NORMALS FOR TODAY
                         NORMAL    RECORD    YEAR
 MAXIMUM TEMPERATURE (F)   81        94      1980
 MINIMUM TEMPERATURE (F)   63        47      1999


SUNRISE AND SUNSET
SEPTEMBER 23 2017.....SUNRISE   657 AM EDT   SUNSET   703 PM EDT
SEPTEMBER 24 2017.....SUNRISE   658 AM EDT   SUNSET   702 PM EDT


-  INDICATES NEGATIVE NUMBERS.
R  INDICATES RECORD WAS SET OR TIED.
MM INDICATES DATA IS MISSING.
T  INDICATES TRACE AMOUNT.




$$
