000
CDUS42 KMHX 290527
CLIEWN


CLIMATE REPORT
NATIONAL WEATHER SERVICE NEWPORT/MOREHEAD CITY NC
126 AM EDT WED MAR 29 2017


...................................

...THE NEW BERN NC CLIMATE SUMMARY FOR MARCH 28 2017...

CLIMATE NORMAL PERIOD 1981 TO 2010
CLIMATE RECORD PERIOD 1948 TO 2017


WEATHER ITEM   OBSERVED TIME   RECORD YEAR NORMAL DEPARTURE LAST
                VALUE   (LST)  VALUE       VALUE  FROM      YEAR
                                                  NORMAL
..................................................................
TEMPERATURE (F)
 YESTERDAY
  MAXIMUM         74    253 PM  84    2007  69      5       80
                                      1985
  MINIMUM         56   1144 PM  28    1966  45     11       55
  AVERAGE         65                        57      8       68

PRECIPITATION (IN)
  YESTERDAY        0.22          1.61 2005   0.13   0.09     0.06
  MONTH TO DATE    3.41                      3.98  -0.57     3.16
  SINCE MAR 1      3.41                      3.98  -0.57     3.16
  SINCE JAN 1      9.63                     11.66  -2.03    14.18

SNOWFALL (IN)
  YESTERDAY        0.0
  MONTH TO DATE    0.0
  SINCE NOV 1      T
  SINCE JUL 1      T
  SNOW DEPTH       0

DEGREE DAYS
 HEATING
  YESTERDAY        0                         9     -9        0
  MONTH TO DATE  399                       345     54      201
  SINCE MAR 1    399                       345     54      201
  SINCE JUL 1   2139                      2491   -352     1889

 COOLING
  YESTERDAY        0                         1     -1        3
  MONTH TO DATE    8                         2      6       48
  SINCE MAR 1      8                         2      6       48
  SINCE JAN 1     14                         5      9       48
..................................................................


WIND (MPH)
  HIGHEST WIND SPEED    22   HIGHEST WIND DIRECTION     W (250)
  HIGHEST GUST SPEED    27   HIGHEST GUST DIRECTION     W (260)
  AVERAGE WIND SPEED     5.6


SKY COVER
  POSSIBLE SUNSHINE  MM
  AVERAGE SKY COVER 0.7


WEATHER CONDITIONS
 THE FOLLOWING WEATHER WAS RECORDED YESTERDAY.
  THUNDERSTORM
  HEAVY RAIN
  RAIN
  LIGHT RAIN
  FOG
  FOG W/VISIBILITY <= 1/4 MILE


RELATIVE HUMIDITY (PERCENT)
 HIGHEST   100           200 PM
 LOWEST     68           900 AM
 AVERAGE    84

..........................................................


THE NEW BERN NC CLIMATE NORMALS FOR TODAY
                         NORMAL    RECORD    YEAR
 MAXIMUM TEMPERATURE (F)   69        88      1985
 MINIMUM TEMPERATURE (F)   46        28      2015
                                             1966


SUNRISE AND SUNSET
MARCH 29 2017.........SUNRISE   659 AM EDT   SUNSET   727 PM EDT
MARCH 30 2017.........SUNRISE   657 AM EDT   SUNSET   728 PM EDT


-  INDICATES NEGATIVE NUMBERS.
R  INDICATES RECORD WAS SET OR TIED.
MM INDICATES DATA IS MISSING.
T  INDICATES TRACE AMOUNT.




$$
