000
CDUS42 KMHX 050626
CLIEWN


CLIMATE REPORT
NATIONAL WEATHER SERVICE NEWPORT/MOREHEAD CITY NC
126 AM EST THU MAR 5 2015


...................................

...THE NEW BERN NC CLIMATE SUMMARY FOR MARCH 4 2015...

CLIMATE NORMAL PERIOD 1981 TO 2010
CLIMATE RECORD PERIOD 1948 TO 2015


WEATHER ITEM   OBSERVED TIME   RECORD YEAR NORMAL DEPARTURE LAST
                VALUE   (LST)  VALUE       VALUE  FROM      YEAR
                                                  NORMAL
..................................................................
TEMPERATURE (F)
 YESTERDAY
  MAXIMUM         82    300 PM  85    1976  62     20       33
  MINIMUM         51   1203 AM  16    2009  39     12       24
  AVERAGE         67                        50     17       29

PRECIPITATION (IN)
  YESTERDAY        0.00          1.05 1966   0.14  -0.14     0.01
                                      1966
                                      2012
  MONTH TO DATE    0.00                      0.56  -0.56     0.12
  SINCE MAR 1      0.00                      0.56  -0.56     0.12
  SINCE JAN 1      8.37                      8.24   0.13     6.65

SNOWFALL (IN)
  YESTERDAY        0.0
  MONTH TO DATE    0.0
  SINCE NOV 1      3.0
  SINCE JUL 1      3.0
  SNOW DEPTH       0

DEGREE DAYS
 HEATING
  YESTERDAY        0                        15    -15       36
  MONTH TO DATE   59                        61     -2       83
  SINCE MAR 1     59                        61     -2       83
  SINCE JUL 1   2302                      2207     95     2157

 COOLING
  YESTERDAY        2                         0      2        0
  MONTH TO DATE    2                         0      2        0
  SINCE MAR 1      2                         0      2        0
  SINCE JAN 1      9                         3      6        5
..................................................................


WIND (MPH)
  HIGHEST WIND SPEED    26   HIGHEST WIND DIRECTION    SW (230)
  HIGHEST GUST SPEED    34   HIGHEST GUST DIRECTION    SW (230)
  AVERAGE WIND SPEED    13.5


SKY COVER
  POSSIBLE SUNSHINE  MM
  AVERAGE SKY COVER 0.6


WEATHER CONDITIONS
 THE FOLLOWING WEATHER WAS RECORDED YESTERDAY.
  FOG


RELATIVE HUMIDITY (PERCENT)
 HIGHEST   100           200 AM
 LOWEST     54           100 PM
 AVERAGE    77

..........................................................


THE NEW BERN NC CLIMATE NORMALS FOR TODAY
                         NORMAL    RECORD    YEAR
 MAXIMUM TEMPERATURE (F)   62        84      1976
 MINIMUM TEMPERATURE (F)   39        22      2009
                                             1960


SUNRISE AND SUNSET
MARCH  5 2015.........SUNRISE   633 AM EST   SUNSET   607 PM EST
MARCH  6 2015.........SUNRISE   631 AM EST   SUNSET   608 PM EST


-  INDICATES NEGATIVE NUMBERS.
R  INDICATES RECORD WAS SET OR TIED.
MM INDICATES DATA IS MISSING.
T  INDICATES TRACE AMOUNT.




$$
