501
CDUS42 KMHX 190526
CLIEWN


CLIMATE REPORT
NATIONAL WEATHER SERVICE NEWPORT/MOREHEAD CITY NC
1225 AM EST MON FEB 19 2018


...................................

...THE NEW BERN NC CLIMATE SUMMARY FOR FEBRUARY 18 2018...

CLIMATE NORMAL PERIOD 1981 TO 2010
CLIMATE RECORD PERIOD 1948 TO 2018


WEATHER ITEM   OBSERVED TIME   RECORD YEAR NORMAL DEPARTURE LAST
                VALUE   (LST)  VALUE       VALUE  FROM      YEAR
                                                  NORMAL
..................................................................
TEMPERATURE (F)
 YESTERDAY
  MAXIMUM         61   1157 AM  80    1976  58      3       74
  MINIMUM         45   1024 PM  11    1958  36      9       39
  AVERAGE         53                        47      6       57

PRECIPITATION (IN)
  YESTERDAY        0.00          1.48 1964   0.14  -0.14     0.00
  MONTH TO DATE    0.90                      2.28  -1.38     1.97
  SINCE DEC 1     10.19                      9.70   0.49     9.72
  SINCE JAN 1      5.96                      6.30  -0.34     6.22

SNOWFALL (IN)
  YESTERDAY        0.0
  MONTH TO DATE    0.0
  SINCE NOV 1      6.0
  SINCE JUL 1      6.0
  SNOW DEPTH       0

DEGREE DAYS
 HEATING
  YESTERDAY       12                        18     -6        8
  MONTH TO DATE  249                       340    -91      251
  SINCE DEC 1   1684                      1553    131     1279
  SINCE JUL 1   2123                      1980    143     1674

 COOLING
  YESTERDAY        0                         0      0        0
  MONTH TO DATE   12                         0     12        6
  SINCE DEC 1     15                         4     11        6
  SINCE JAN 1     15                         1     14        6
..................................................................


WIND (MPH)
  HIGHEST WIND SPEED    18   HIGHEST WIND DIRECTION    NE (50)
  HIGHEST GUST SPEED    22   HIGHEST GUST DIRECTION     E (90)
  AVERAGE WIND SPEED     8.6


SKY COVER
  POSSIBLE SUNSHINE  MM
  AVERAGE SKY COVER 0.5


WEATHER CONDITIONS
 THE FOLLOWING WEATHER WAS RECORDED YESTERDAY.
  FOG
  FOG W/VISIBILITY <= 1/4 MILE


RELATIVE HUMIDITY (PERCENT)
 HIGHEST   100          1200 AM
 LOWEST     46          1200 PM
 AVERAGE    73

..........................................................


THE NEW BERN NC CLIMATE NORMALS FOR TODAY
                         NORMAL    RECORD    YEAR
 MAXIMUM TEMPERATURE (F)   59        80      2000
 MINIMUM TEMPERATURE (F)   37        16      1958


SUNRISE AND SUNSET
FEBRUARY 19 2018......SUNRISE   650 AM EST   SUNSET   555 PM EST
FEBRUARY 20 2018......SUNRISE   649 AM EST   SUNSET   556 PM EST


-  INDICATES NEGATIVE NUMBERS.
R  INDICATES RECORD WAS SET OR TIED.
MM INDICATES DATA IS MISSING.
T  INDICATES TRACE AMOUNT.




$$
