000
CDUS41 KOKX 100622
CLIEWR


CLIMATE REPORT
NATIONAL WEATHER SERVICE NEW YORK NY
122 AM EST WED FEB 10 2016


...................................

...THE NEWARK NJ CLIMATE SUMMARY FOR FEBRUARY 9 2016...

CLIMATE NORMAL PERIOD 1981 TO 2010
CLIMATE RECORD PERIOD 1929 TO 2016


WEATHER ITEM   OBSERVED TIME   RECORD YEAR NORMAL DEPARTURE LAST
                VALUE   (LST)  VALUE       VALUE  FROM      YEAR
                                                  NORMAL
..................................................................
TEMPERATURE (F)
 YESTERDAY
  MAXIMUM         36    426 PM  63    1990  41     -5       31
  MINIMUM         27    558 AM -14    1934  26      1       25
  AVERAGE         32                        34     -2       28

PRECIPITATION (IN)
  YESTERDAY        0.02          1.35 1969   0.10  -0.08     0.07
  MONTH TO DATE    1.16                      0.91   0.25     1.24
  SINCE DEC 1      9.57                      8.26   1.31    10.57
  SINCE JAN 1      5.17                      4.45   0.72     5.66

SNOWFALL (IN)
  YESTERDAY        0.2          13.3  1969   0.3   -0.1      0.2
  MONTH TO DATE    3.2                       3.0    0.2      4.8
  SINCE OCT 1     32.8                      16.7   16.1     21.4
  SINCE JUL 1     32.8                      16.7   16.1     21.4
  SNOW DEPTH       0

DEGREE DAYS
 HEATING
  YESTERDAY       33                        32      1       37
  MONTH TO DATE  223                       290    -67      354
  SINCE DEC 1   1664                      2206   -542     2242
  SINCE JUL 1   2296                      3074   -778     3074

 COOLING
  YESTERDAY        0                         0      0        0
  MONTH TO DATE    0                         0      0        0
  SINCE DEC 1      0                         0      0        0
  SINCE JAN 1      0                         0      0        0
..................................................................


WIND (MPH)
  HIGHEST WIND SPEED    15   HIGHEST WIND DIRECTION     N (10)
  HIGHEST GUST SPEED    21   HIGHEST GUST DIRECTION     N (20)
  AVERAGE WIND SPEED     6.0


SKY COVER
  AVERAGE SKY COVER 0.9


WEATHER CONDITIONS
 THE FOLLOWING WEATHER WAS RECORDED YESTERDAY.
  LT FREEZING RAIN
  SNOW
  LIGHT SNOW
  FOG


RELATIVE HUMIDITY (PERCENT)
 HIGHEST    85           200 AM
 LOWEST     64           400 PM
 AVERAGE    75

..........................................................


THE NEWARK NJ CLIMATE NORMALS FOR TODAY
                         NORMAL    RECORD    YEAR
 MAXIMUM TEMPERATURE (F)   41        63      1990
 MINIMUM TEMPERATURE (F)   26        -4      1934


SUNRISE AND SUNSET
FEBRUARY 10 2016......SUNRISE   657 AM EST   SUNSET   525 PM EST
FEBRUARY 11 2016......SUNRISE   656 AM EST   SUNSET   526 PM EST


-  INDICATES NEGATIVE NUMBERS.
R  INDICATES RECORD WAS SET OR TIED.
MM INDICATES DATA IS MISSING.
T  INDICATES TRACE AMOUNT.




$$
