000
CDUS41 KOKX 240622
CLIEWR


CLIMATE REPORT
NATIONAL WEATHER SERVICE NEW YORK NY
222 AM EDT FRI OCT 24 2014


...................................

...THE NEWARK NJ CLIMATE SUMMARY FOR OCTOBER 23 2014...

CLIMATE NORMAL PERIOD 1981 TO 2010
CLIMATE RECORD PERIOD 1929 TO 2014


WEATHER ITEM   OBSERVED TIME   RECORD YEAR NORMAL DEPARTURE LAST
                VALUE   (LST)  VALUE       VALUE  FROM      YEAR
                                                  NORMAL
..................................................................
TEMPERATURE (F)
 YESTERDAY
  MAXIMUM         55    312 PM  87    1947  63     -8       57
  MINIMUM         51    853 AM  30    1997  46      5       44
  AVERAGE         53                        54     -1       51

PRECIPITATION (IN)
  YESTERDAY        0.63          1.90 1990   0.12   0.51      T
  MONTH TO DATE    4.12                      2.69   1.43     0.43
  SINCE SEP 1      5.64                      6.51  -0.87     1.97
  SINCE JAN 1     40.26                     37.88   2.38    35.27

SNOWFALL (IN)
  YESTERDAY        0.0           0.0  2002   0.0    0.0      0.0
                                      2001
  MONTH TO DATE    0.0                       0.0    0.0      0.0
  SINCE OCT 1      0.0                       0.0    0.0      0.0
  SINCE JUL 1      0.0                       0.0    0.0      0.0
  SNOW DEPTH       0

DEGREE DAYS
 HEATING
  YESTERDAY       12                        11      1       14
  MONTH TO DATE  128                       178    -50       92
  SINCE SEP 1    147                       222    -75      139
  SINCE JUL 1    147                       223    -76      139

 COOLING
  YESTERDAY        0                         0      0        0
  MONTH TO DATE   21                        14      7       47
  SINCE SEP 1    190                       154     36      166
  SINCE JAN 1   1175                      1188    -13     1337
..................................................................


WIND (MPH)
  HIGHEST WIND SPEED    28   HIGHEST WIND DIRECTION     N (360)
  HIGHEST GUST SPEED    36   HIGHEST GUST DIRECTION     N (350)
  AVERAGE WIND SPEED    16.1


SKY COVER
  AVERAGE SKY COVER 0.9


WEATHER CONDITIONS
 THE FOLLOWING WEATHER WAS RECORDED YESTERDAY.
  RAIN
  LIGHT RAIN
  FOG


RELATIVE HUMIDITY (PERCENT)
 HIGHEST    89           500 AM
 LOWEST     71           600 PM
 AVERAGE    80

..........................................................


THE NEWARK NJ CLIMATE NORMALS FOR TODAY
                         NORMAL    RECORD    YEAR
 MAXIMUM TEMPERATURE (F)   63        83      2001
 MINIMUM TEMPERATURE (F)   45        28      1969


SUNRISE AND SUNSET
OCTOBER 24 2014.......SUNRISE   718 AM EDT   SUNSET   603 PM EDT
OCTOBER 25 2014.......SUNRISE   719 AM EDT   SUNSET   602 PM EDT


-  INDICATES NEGATIVE NUMBERS.
R  INDICATES RECORD WAS SET OR TIED.
MM INDICATES DATA IS MISSING.
T  INDICATES TRACE AMOUNT.




$$
