000
CDUS43 KIND 300544
CLIEYE


CLIMATE REPORT
NATIONAL WEATHER SERVICE INDIANAPOLIS IN
143 AM EDT THU JUL 30 2015


...................................

...THE INDIANAPOLIS EAGLE CREEK IN CLIMATE SUMMARY FOR JULY 29 2015...

CLIMATE NORMAL PERIOD 1981 TO 2010
CLIMATE RECORD PERIOD 9999 TO 9999


WEATHER ITEM   OBSERVED TIME   NORMAL DEPARTURE LAST
                VALUE   (LST)  VALUE  FROM      YEAR
                                      NORMAL
......................................................
TEMPERATURE (F)
 YESTERDAY
  MAXIMUM         89    138 PM  83      6       75
  MINIMUM         72   1159 PM  66      6       55
  AVERAGE         81            75      6       65

PRECIPITATION (IN)
  YESTERDAY        0.00          0.10  -0.10     0.37
  MONTH TO DATE    7.35          4.08   3.27     3.01
  SINCE JUN 1     12.52          8.47   4.05     9.07
  SINCE JAN 1     24.87         25.28  -0.41    25.52

DEGREE DAYS
 HEATING
  YESTERDAY        0             0      0        0
  MONTH TO DATE    1             0      1        5
  SINCE JUN 1     19            14      5        8
  SINCE JUL 1      1             0      1        5

 COOLING
  YESTERDAY       16            10      6        0
  MONTH TO DATE  287           300    -13      149
  SINCE JUN 1    522           534    -12      400
  SINCE JAN 1    649           618     31      508
......................................................


WIND (MPH)
  HIGHEST WIND SPEED    18   HIGHEST WIND DIRECTION    NW (310)
  HIGHEST GUST SPEED    24   HIGHEST GUST DIRECTION    NW (300)
  AVERAGE WIND SPEED     6.6


SKY COVER
  AVERAGE SKY COVER 0.1


WEATHER CONDITIONS
 THE FOLLOWING WEATHER WAS RECORDED YESTERDAY.
  FOG


RELATIVE HUMIDITY (PERCENT)
 HIGHEST    94           200 AM
 LOWEST     59           100 PM
 AVERAGE    77

..........................................................


THE INDIANAPOLIS EAGLE CREEK IN CLIMATE NORMALS FOR TODAY
                         NORMAL
 MAXIMUM TEMPERATURE (F)   83
 MINIMUM TEMPERATURE (F)   66


SUNRISE AND SUNSET
JULY 30 2015..........SUNRISE   642 AM EDT   SUNSET   901 PM EDT
JULY 31 2015..........SUNRISE   643 AM EDT   SUNSET   900 PM EDT


-  INDICATES NEGATIVE NUMBERS.
R  INDICATES RECORD WAS SET OR TIED.
MM INDICATES DATA IS MISSING.
T  INDICATES TRACE AMOUNT.




$$
