000
CDUS43 KIND 200538
CLIEYE


CLIMATE REPORT
NATIONAL WEATHER SERVICE INDIANAPOLIS IN
1237 AM EST SAT JAN 20 2018


...................................

...THE INDIANAPOLIS EAGLE CREEK IN CLIMATE SUMMARY FOR JANUARY 19 2018...

CLIMATE NORMAL PERIOD 1981 TO 2010
CLIMATE RECORD PERIOD 9999 TO 9999


WEATHER ITEM   OBSERVED TIME   NORMAL DEPARTURE LAST
                VALUE   (LST)  VALUE  FROM      YEAR
                                      NORMAL
......................................................
TEMPERATURE (F)
 YESTERDAY
  MAXIMUM         40    503 PM  35      5       47
  MINIMUM         21    722 AM  21      0       35
  AVERAGE         31            28      3       41

PRECIPITATION (IN)
  YESTERDAY        0.00          0.05  -0.05     0.64
  MONTH TO DATE    0.88          1.77  -0.89     3.52
  SINCE DEC 1      1.82          4.85  -3.03     4.83
  SINCE JAN 1      0.88          1.77  -0.89     3.52

DEGREE DAYS
 HEATING
  YESTERDAY       34            37     -3       24
  MONTH TO DATE  901           703    198      617
  SINCE DEC 1   1961          1735    226     1680
  SINCE JUL 1   2856          2759     97     2364

 COOLING
  YESTERDAY        0             0      0        0
  MONTH TO DATE    0             0      0        0
  SINCE DEC 1      0             0      0        0
  SINCE JAN 1      0             0      0        0
......................................................


WIND (MPH)
  HIGHEST WIND SPEED    18   HIGHEST WIND DIRECTION    SW (210)
  HIGHEST GUST SPEED    26   HIGHEST GUST DIRECTION    SW (210)
  AVERAGE WIND SPEED    10.6


SKY COVER
  AVERAGE SKY COVER 0.0


WEATHER CONDITIONS
 THE FOLLOWING WEATHER WAS RECORDED YESTERDAY.
  NO SIGNIFICANT WEATHER WAS OBSERVED.


RELATIVE HUMIDITY (PERCENT)
 HIGHEST    68           300 AM
 LOWEST     44           300 PM
 AVERAGE    56

..........................................................


THE INDIANAPOLIS EAGLE CREEK IN CLIMATE NORMALS FOR TODAY
                         NORMAL
 MAXIMUM TEMPERATURE (F)   35
 MINIMUM TEMPERATURE (F)   21


SUNRISE AND SUNSET
JANUARY 20 2018.......SUNRISE   802 AM EST   SUNSET   551 PM EST
JANUARY 21 2018.......SUNRISE   802 AM EST   SUNSET   552 PM EST


-  INDICATES NEGATIVE NUMBERS.
R  INDICATES RECORD WAS SET OR TIED.
MM INDICATES DATA IS MISSING.
T  INDICATES TRACE AMOUNT.




$$
