000
CDUS43 KIND 050533
CLIEYE


CLIMATE REPORT
NATIONAL WEATHER SERVICE INDIANAPOLIS IN
132 AM EDT THU MAY 5 2016


...................................

...THE INDIANAPOLIS EAGLE CREEK IN CLIMATE SUMMARY FOR MAY 4 2016...

CLIMATE NORMAL PERIOD 1981 TO 2010
CLIMATE RECORD PERIOD 9999 TO 9999


WEATHER ITEM   OBSERVED TIME   NORMAL DEPARTURE LAST
                VALUE   (LST)  VALUE  FROM      YEAR
                                      NORMAL
......................................................
TEMPERATURE (F)
 YESTERDAY
  MAXIMUM         57   1242 PM  69    -12       76
  MINIMUM         44   1159 PM  49     -5       56
  AVERAGE         51            59     -8       66

PRECIPITATION (IN)
  YESTERDAY        0.10          0.21  -0.11     0.07
  MONTH TO DATE    0.41          0.86  -0.45     0.07
  SINCE MAR 1      6.71          8.06  -1.35     8.20
  SINCE JAN 1      8.67         12.40  -3.73    10.68

DEGREE DAYS
 HEATING
  YESTERDAY       14             7      7        0
  MONTH TO DATE   31            29      2       13
  SINCE MAR 1    870          1099   -229     1165
  SINCE JUL 1   4383          5224   -841     5851

 COOLING
  YESTERDAY        0             1     -1        1
  MONTH TO DATE    3             4     -1        1
  SINCE MAR 1     16            19     -3        5
  SINCE JAN 1     16            19     -3        5
......................................................


WIND (MPH)
  HIGHEST WIND SPEED    24   HIGHEST WIND DIRECTION     N (340)
  HIGHEST GUST SPEED    32   HIGHEST GUST DIRECTION    NW (310)
  AVERAGE WIND SPEED    12.2


SKY COVER
  AVERAGE SKY COVER 0.9


WEATHER CONDITIONS
 THE FOLLOWING WEATHER WAS RECORDED YESTERDAY.
  LIGHT RAIN


RELATIVE HUMIDITY (PERCENT)
 HIGHEST    89           900 AM
 LOWEST     54           400 PM
 AVERAGE    72

..........................................................


THE INDIANAPOLIS EAGLE CREEK IN CLIMATE NORMALS FOR TODAY
                         NORMAL
 MAXIMUM TEMPERATURE (F)   69
 MINIMUM TEMPERATURE (F)   49


SUNRISE AND SUNSET
MAY  5 2016...........SUNRISE   640 AM EDT   SUNSET   844 PM EDT
MAY  6 2016...........SUNRISE   639 AM EDT   SUNSET   845 PM EDT


-  INDICATES NEGATIVE NUMBERS.
R  INDICATES RECORD WAS SET OR TIED.
MM INDICATES DATA IS MISSING.
T  INDICATES TRACE AMOUNT.




$$
