423
CDUS43 KIND 200531
CLIEYE


CLIMATE REPORT
NATIONAL WEATHER SERVICE INDIANAPOLIS IN
1231 AM EST MON NOV 20 2017


...................................

...THE INDIANAPOLIS EAGLE CREEK IN CLIMATE SUMMARY FOR NOVEMBER 19 2017...

CLIMATE NORMAL PERIOD 1981 TO 2010
CLIMATE RECORD PERIOD 9999 TO 9999


WEATHER ITEM   OBSERVED TIME   NORMAL DEPARTURE LAST
                VALUE   (LST)  VALUE  FROM      YEAR
                                      NORMAL
......................................................
TEMPERATURE (F)
 YESTERDAY
  MAXIMUM         40   1230 AM  50    -10       44
  MINIMUM         27   1152 PM  35     -8       31
  AVERAGE         34            43     -9       38

PRECIPITATION (IN)
  YESTERDAY        0.00          0.13  -0.13     0.01
  MONTH TO DATE    3.19          2.35   0.84     1.07
  SINCE SEP 1      7.11          7.71  -0.60     8.38
  SINCE JAN 1     39.25         36.36   2.89    40.41

DEGREE DAYS
 HEATING
  YESTERDAY       31            22      9       27
  MONTH TO DATE  379           354     25      251
  SINCE SEP 1    656           743    -87      430
  SINCE JUL 1    656           746    -90      433

 COOLING
  YESTERDAY        0             0      0        0
  MONTH TO DATE    0             0      0        5
  SINCE SEP 1    218           138     80      264
  SINCE JAN 1   1146          1058     88     1453
......................................................


WIND (MPH)
  HIGHEST WIND SPEED    24   HIGHEST WIND DIRECTION    NW (300)
  HIGHEST GUST SPEED    33   HIGHEST GUST DIRECTION    NW (310)
  AVERAGE WIND SPEED    10.4


SKY COVER
  AVERAGE SKY COVER 0.7


WEATHER CONDITIONS
 THE FOLLOWING WEATHER WAS RECORDED YESTERDAY.
  NO SIGNIFICANT WEATHER WAS OBSERVED.


RELATIVE HUMIDITY (PERCENT)
 HIGHEST    82           600 AM
 LOWEST     63           400 PM
 AVERAGE    73

..........................................................


THE INDIANAPOLIS EAGLE CREEK IN CLIMATE NORMALS FOR TODAY
                         NORMAL
 MAXIMUM TEMPERATURE (F)   50
 MINIMUM TEMPERATURE (F)   35


SUNRISE AND SUNSET
NOVEMBER 20 2017......SUNRISE   736 AM EST   SUNSET   526 PM EST
NOVEMBER 21 2017......SUNRISE   737 AM EST   SUNSET   525 PM EST


-  INDICATES NEGATIVE NUMBERS.
R  INDICATES RECORD WAS SET OR TIED.
MM INDICATES DATA IS MISSING.
T  INDICATES TRACE AMOUNT.




$$
