000
CDUS43 KIND 310533
CLIEYE


CLIMATE REPORT
NATIONAL WEATHER SERVICE INDIANAPOLIS IN
133 AM EDT THU JUL 31 2014


...................................

...THE INDIANAPOLIS EAGLE CREEK IN CLIMATE SUMMARY FOR JULY 30 2014...

CLIMATE NORMAL PERIOD 1981 TO 2010
CLIMATE RECORD PERIOD 9999 TO 9999


WEATHER ITEM   OBSERVED TIME   NORMAL DEPARTURE LAST
                VALUE   (LST)  VALUE  FROM      YEAR
                                      NORMAL
......................................................
TEMPERATURE (F)
 YESTERDAY
  MAXIMUM         78    332 PM  83     -5       74
  MINIMUM         58    532 AM  66     -8       58
  AVERAGE         68            75     -7       66

PRECIPITATION (IN)
  YESTERDAY        0.08          0.10  -0.02     0.03
  MONTH TO DATE    3.09          4.18  -1.09     1.73
  SINCE JUN 1      9.15          8.57   0.58     6.78
  SINCE JAN 1     25.60         25.38   0.22    25.62

DEGREE DAYS
 HEATING
  YESTERDAY        0             0      0        0
  MONTH TO DATE    5             0      5        3
  SINCE JUN 1      8            14     -6       17
  SINCE JUL 1      5             0      5        3

 COOLING
  YESTERDAY        3            10     -7        1
  MONTH TO DATE  152           310   -158      241
  SINCE JUN 1    403           544   -141      445
  SINCE JAN 1    511           628   -117      556
......................................................


WIND (MPH)
  HIGHEST WIND SPEED    21   HIGHEST WIND DIRECTION    NW (320)
  HIGHEST GUST SPEED    27   HIGHEST GUST DIRECTION    NW (320)
  AVERAGE WIND SPEED     4.4


SKY COVER
  AVERAGE SKY COVER 0.4


WEATHER CONDITIONS
 THE FOLLOWING WEATHER WAS RECORDED YESTERDAY.
  THUNDERSTORM
  RAIN
  LIGHT RAIN
  FOG


RELATIVE HUMIDITY (PERCENT)
 HIGHEST    97          1200 AM
 LOWEST     54           300 PM
 AVERAGE    76

..........................................................


THE INDIANAPOLIS EAGLE CREEK IN CLIMATE NORMALS FOR TODAY
                         NORMAL
 MAXIMUM TEMPERATURE (F)   83
 MINIMUM TEMPERATURE (F)   66


SUNRISE AND SUNSET
JULY 31 2014..........SUNRISE   643 AM EDT   SUNSET   900 PM EDT
AUGUST  1 2014........SUNRISE   644 AM EDT   SUNSET   858 PM EDT


-  INDICATES NEGATIVE NUMBERS.
R  INDICATES RECORD WAS SET OR TIED.
MM INDICATES DATA IS MISSING.
T  INDICATES TRACE AMOUNT.




$$
