000
CDUS43 KIND 300534
CLIEYE


CLIMATE REPORT
NATIONAL WEATHER SERVICE INDIANAPOLIS IN
133 AM EDT SAT MAY 30 2015


...................................

...THE INDIANAPOLIS EAGLE CREEK IN CLIMATE SUMMARY FOR MAY 29 2015...

CLIMATE NORMAL PERIOD 1981 TO 2010
CLIMATE RECORD PERIOD 9999 TO 9999


WEATHER ITEM   OBSERVED TIME   NORMAL DEPARTURE LAST
                VALUE   (LST)  VALUE  FROM      YEAR
                                      NORMAL
......................................................
TEMPERATURE (F)
 YESTERDAY
  MAXIMUM         83    531 PM  77      6       80
  MINIMUM         64    511 AM  58      6       64
  AVERAGE         74            67      7       72

PRECIPITATION (IN)
  YESTERDAY        0.00          0.13  -0.13     0.54
  MONTH TO DATE    1.18          4.99  -3.81     4.41
  SINCE MAR 1      9.31         12.19  -2.88    12.07
  SINCE JAN 1     11.79         16.53  -4.74    16.45

DEGREE DAYS
 HEATING
  YESTERDAY        0             2     -2        0
  MONTH TO DATE   80           135    -55      148
  SINCE MAR 1   1232          1205     27     1400
  SINCE JUL 1   5918          5330    588     6226

 COOLING
  YESTERDAY        9             4      5        7
  MONTH TO DATE  113            62     51       85
  SINCE MAR 1    117            77     40       90
  SINCE JAN 1    117            77     40       90
......................................................


WIND (MPH)
  HIGHEST WIND SPEED    16   HIGHEST WIND DIRECTION     S (200)
  HIGHEST GUST SPEED    22   HIGHEST GUST DIRECTION     S (190)
  AVERAGE WIND SPEED     6.8


SKY COVER
  AVERAGE SKY COVER 0.2


WEATHER CONDITIONS
 THE FOLLOWING WEATHER WAS RECORDED YESTERDAY.
  FOG


RELATIVE HUMIDITY (PERCENT)
 HIGHEST    93           400 AM
 LOWEST     54           500 PM
 AVERAGE    74

..........................................................


THE INDIANAPOLIS EAGLE CREEK IN CLIMATE NORMALS FOR TODAY
                         NORMAL
 MAXIMUM TEMPERATURE (F)   77
 MINIMUM TEMPERATURE (F)   58


SUNRISE AND SUNSET
MAY 30 2015...........SUNRISE   620 AM EDT   SUNSET   906 PM EDT
MAY 31 2015...........SUNRISE   620 AM EDT   SUNSET   907 PM EDT


-  INDICATES NEGATIVE NUMBERS.
R  INDICATES RECORD WAS SET OR TIED.
MM INDICATES DATA IS MISSING.
T  INDICATES TRACE AMOUNT.




$$
