000
CDUS43 KIND 010533
CLIEYE


CLIMATE REPORT
NATIONAL WEATHER SERVICE INDIANAPOLIS IN
131 AM EDT SAT NOV 1 2014


...................................

...THE INDIANAPOLIS EAGLE CREEK IN CLIMATE SUMMARY FOR OCTOBER 31 2014...

CLIMATE NORMAL PERIOD 1981 TO 2010
CLIMATE RECORD PERIOD 9999 TO 9999


WEATHER ITEM   OBSERVED TIME   NORMAL DEPARTURE LAST
                VALUE   (LST)  VALUE  FROM      YEAR
                                      NORMAL
......................................................
TEMPERATURE (F)
 YESTERDAY
  MAXIMUM         48   1250 AM  59    -11       64
  MINIMUM         34   1159 PM  41     -7       52
  AVERAGE         41            50     -9       58

PRECIPITATION (IN)
  YESTERDAY        0.19          0.09   0.10     2.24
  MONTH TO DATE    2.44          3.11  -0.67     6.25
  SINCE SEP 1      5.86          5.36   0.50     8.56
  SINCE JAN 1     34.68         34.01   0.67    36.05

DEGREE DAYS
 HEATING
  YESTERDAY       24            15      9        7
  MONTH TO DATE  304           330    -26      360
  SINCE SEP 1    378           389    -11      402
  SINCE JUL 1    386           392     -6      413

 COOLING
  YESTERDAY        0             0      0        0
  MONTH TO DATE    8            15     -7       28
  SINCE SEP 1    100           138    -38      171
  SINCE JAN 1    893          1058   -165     1006
......................................................


WIND (MPH)
  HIGHEST WIND SPEED    31   HIGHEST WIND DIRECTION    NW (310)
  HIGHEST GUST SPEED    43   HIGHEST GUST DIRECTION    NW (310)
  AVERAGE WIND SPEED    15.2


SKY COVER
  AVERAGE SKY COVER 0.9


WEATHER CONDITIONS
 THE FOLLOWING WEATHER WAS RECORDED YESTERDAY.
  LIGHT RAIN
  LIGHT SNOW
  FOG


RELATIVE HUMIDITY (PERCENT)
 HIGHEST    89           700 PM
 LOWEST     66          1200 AM
 AVERAGE    78

..........................................................


THE INDIANAPOLIS EAGLE CREEK IN CLIMATE NORMALS FOR TODAY
                         NORMAL
 MAXIMUM TEMPERATURE (F)   59
 MINIMUM TEMPERATURE (F)   41


SUNRISE AND SUNSET
NOVEMBER  1 2014......SUNRISE   814 AM EDT   SUNSET   643 PM EDT
NOVEMBER  2 2014......SUNRISE   715 AM EST   SUNSET   542 PM EST


-  INDICATES NEGATIVE NUMBERS.
R  INDICATES RECORD WAS SET OR TIED.
MM INDICATES DATA IS MISSING.
T  INDICATES TRACE AMOUNT.




$$
