000
CDUS42 KKEY 210530
CLIEYW


CLIMATE REPORT
NATIONAL WEATHER SERVICE KEY WEST, FL
1228 AM EST SAT JAN 21 2017

...................................

...THE KEY WEST CLIMATE SUMMARY FOR JANUARY 20 2017...

CLIMATE NORMAL PERIOD 1981 TO 2010
CLIMATE RECORD PERIOD 1871 TO 2017

WEATHER ITEM   OBSERVED TIME   RECORD YEAR NORMAL DEPARTURE LAST
                VALUE   (LST)  VALUE       VALUE  FROM      YEAR
                                                  NORMAL
..................................................................
TEMPERATURE (F)
 YESTERDAY
  MAXIMUM         80    232 PM  86    1877  74      6       69
  MINIMUM         71   1101 PM  46    1997  64      7       58
  AVERAGE         76                        69      7       64

PRECIPITATION (IN)
  YESTERDAY        0.00          2.84 1983   0.07  -0.07     0.00
  MONTH TO DATE    0.31                      1.31  -1.00     2.14
  SINCE DEC 1      2.05                      3.53  -1.48     6.72
  SINCE JAN 1      0.31                      1.31  -1.00     2.14

SNOWFALL (IN)
  YESTERDAY        0.0
  MONTH TO DATE    0.0
  SINCE DEC 1      0.0
  SINCE JUL 1      0.0
  SNOW DEPTH       0

DEGREE DAYS
 HEATING
  YESTERDAY        0                         1     -1        1
  MONTH TO DATE    3                        20    -17        6
  SINCE DEC 1      3                        37    -34        6
  SINCE JUL 1      3                        38    -35        6

 COOLING
  YESTERDAY       11                         5      6        0
  MONTH TO DATE  185                       102     83      128
  SINCE DEC 1    578                       319    259      527
  SINCE JAN 1    185                       102     83      128
..................................................................


WIND (MPH)
  HIGHEST WIND SPEED    14   HIGHEST WIND DIRECTION     S (160)
  HIGHEST GUST SPEED    18   HIGHEST GUST DIRECTION     S (170)
  AVERAGE WIND SPEED     6.6


SKY COVER
  POSSIBLE SUNSHINE  MM
  AVERAGE SKY COVER 0.1


WEATHER CONDITIONS
 THE FOLLOWING WEATHER WAS RECORDED YESTERDAY.
  NO SIGNIFICANT WEATHER WAS OBSERVED.


RELATIVE HUMIDITY (PERCENT)
 HIGHEST    84
 LOWEST     62
 AVERAGE    73

..........................................................


THE KEY WEST CLIMATE NORMALS FOR TODAY
                         NORMAL    RECORD    YEAR
 MAXIMUM TEMPERATURE (F)   74        86      1877
 MINIMUM TEMPERATURE (F)   64        46      1971


SUNRISE AND SUNSET
JANUARY 21 2017.......SUNRISE   712 AM EST   SUNSET   605 PM EST
JANUARY 22 2017.......SUNRISE   712 AM EST   SUNSET   606 PM EST


-  INDICATES NEGATIVE NUMBERS.
R  INDICATES RECORD WAS SET OR TIED.
MM INDICATES DATA IS MISSING.
T  INDICATES TRACE AMOUNT.

$$

BWC
