000
CDUS42 KKEY 231245
CLIEYW


CLIMATE REPORT
NATIONAL WEATHER SERVICE KEY WEST, FL
745 AM EST FRI FEB 23 2018


...................................

...THE KEY WEST CLIMATE SUMMARY FOR FEBRUARY 22 2018...

CLIMATE NORMAL PERIOD 1981 TO 2010
CLIMATE RECORD PERIOD 1871 TO 2018


WEATHER ITEM   OBSERVED TIME   RECORD YEAR NORMAL DEPARTURE LAST
                VALUE   (LST)  VALUE       VALUE  FROM      YEAR
                                                  NORMAL
..................................................................
TEMPERATURE (F)
 YESTERDAY
  MAXIMUM         MM        MM  85    1989  77     MM       76
                                      1932
                                      1929
  MINIMUM         MM        MM  51    1978  67     MM       68
  AVERAGE         MM                        72     MM       72

PRECIPITATION (IN)
  YESTERDAY        0.12          2.54 1966   0.06   0.06     1.91
  MONTH TO DATE    0.23                      1.12  -0.89     2.05
  SINCE DEC 1      2.41                      5.38  -2.97     4.79
  SINCE JAN 1      1.13                      3.16  -2.03     3.05

SNOWFALL (IN)
  YESTERDAY       MM
  MONTH TO DATE    0.0
  SINCE DEC 1      0.0
  SINCE JUL 1      0.0
  SNOW DEPTH       0

DEGREE DAYS
 HEATING
  YESTERDAY       MM                         1     MM        0
  MONTH TO DATE    0                        19    -19        0
  SINCE DEC 1     42                        69    -27        5
  SINCE JUL 1     42                        70    -28        5

 COOLING
  YESTERDAY       MM                         7     MM        7
  MONTH TO DATE  244                       141    103      214
  SINCE DEC 1    623                       523    100      868
  SINCE JAN 1    363                       306     57      475
..................................................................


WIND (MPH)
  HIGHEST WIND SPEED    21   HIGHEST WIND DIRECTION     E (90)
  HIGHEST GUST SPEED    31   HIGHEST GUST DIRECTION    SE (130)
  AVERAGE WIND SPEED    15.5


SKY COVER
  POSSIBLE SUNSHINE  MM
  AVERAGE SKY COVER 0.3


WEATHER CONDITIONS
 THE FOLLOWING WEATHER WAS RECORDED YESTERDAY.
  RAIN
  LIGHT RAIN
  FOG


RELATIVE HUMIDITY (PERCENT)
 HIGHEST    93
 LOWEST     74
 AVERAGE    84

..........................................................


THE KEY WEST CLIMATE NORMALS FOR TODAY
                         NORMAL    RECORD    YEAR
 MAXIMUM TEMPERATURE (F)   77        84      1994
                                             1992
                                             1990
 MINIMUM TEMPERATURE (F)   67        48      1978


SUNRISE AND SUNSET
FEBRUARY 23 2018......SUNRISE   655 AM EST   SUNSET   626 PM EST
FEBRUARY 24 2018......SUNRISE   654 AM EST   SUNSET   627 PM EST


-  INDICATES NEGATIVE NUMBERS.
R  INDICATES RECORD WAS SET OR TIED.
MM INDICATES DATA IS MISSING.
T  INDICATES TRACE AMOUNT.




$$
