000
CDUS42 KKEY 290529
CLIEYW

CLIMATE REPORT
NATIONAL WEATHER SERVICE KEY WEST, FL
1226 AM EST SAT NOV 29 2014


...................................

...THE KEY WEST CLIMATE SUMMARY FOR NOVEMBER 28 2014...

CLIMATE NORMAL PERIOD 1981 TO 2010
CLIMATE RECORD PERIOD 1871 TO 2014


WEATHER ITEM   OBSERVED TIME   RECORD YEAR NORMAL DEPARTURE LAST
                VALUE   (LST)  VALUE       VALUE  FROM      YEAR
                                                  NORMAL
..................................................................
TEMPERATURE (F)
 YESTERDAY
  MAXIMUM         68    351 PM  87    1958  78    -10       70
                                      1948
  MINIMUM         59    700 AM  51    1903  70    -11       59
  AVERAGE         64                        74    -10       65

PRECIPITATION (IN)
  YESTERDAY        0.00          1.98 1947   0.08  -0.08     0.00
  MONTH TO DATE    0.84                      2.14  -1.30     4.25
  SINCE SEP 1     12.23                     13.78  -1.55    10.09
  SINCE JAN 1     34.37                     37.45  -3.08    45.60

SNOWFALL (IN)
  YESTERDAY        0.0
  MONTH TO DATE    0.0
  SINCE SEP 1      0.0
  SINCE JUL 1      0.0
  SNOW DEPTH       0

DEGREE DAYS
 HEATING
  YESTERDAY        1                         0      1        0
  MONTH TO DATE    1                         0      1        0
  SINCE SEP 1      1                         0      1        0
  SINCE JUL 1      1                         0      1        0

 COOLING
  YESTERDAY        0                         9     -9        0
  MONTH TO DATE  246                       307    -61      360
  SINCE SEP 1   1312                      1326    -14     1426
  SINCE JAN 1   4832                      4515    317     4746
..................................................................


WIND (MPH)
  HIGHEST WIND SPEED    22   HIGHEST WIND DIRECTION    NE (30)
  HIGHEST GUST SPEED    30   HIGHEST GUST DIRECTION    NE (30)
  AVERAGE WIND SPEED    14.4


SKY COVER
  POSSIBLE SUNSHINE  MM
  AVERAGE SKY COVER 0.0


WEATHER CONDITIONS
 THE FOLLOWING WEATHER WAS RECORDED YESTERDAY.
  NO SIGNIFICANT WEATHER WAS OBSERVED.


RELATIVE HUMIDITY (PERCENT)
 HIGHEST    68
 LOWEST     52
 AVERAGE    60

..........................................................


THE KEY WEST CLIMATE NORMALS FOR TODAY
                         NORMAL    RECORD    YEAR
 MAXIMUM TEMPERATURE (F)   78        86      1978
                                             1957
                                             1918
 MINIMUM TEMPERATURE (F)   70        53      2002
                                             1959
                                             1956


SUNRISE AND SUNSET
NOVEMBER 29 2014......SUNRISE   653 AM EST   SUNSET   538 PM EST
NOVEMBER 30 2014......SUNRISE   653 AM EST   SUNSET   538 PM EST


-  INDICATES NEGATIVE NUMBERS.
R  INDICATES RECORD WAS SET OR TIED.
MM INDICATES DATA IS MISSING.
T  INDICATES TRACE AMOUNT.

$$

CLR
