000
CDUS42 KKEY 040556
CLIEYW

CLIMATE REPORT
NATIONAL WEATHER SERVICE KEY WEST, FL
155 AM EDT TUE AUG 4 2015


...................................

...THE KEY WEST CLIMATE SUMMARY FOR AUGUST 3 2015...

CLIMATE NORMAL PERIOD 1981 TO 2010
CLIMATE RECORD PERIOD 1871 TO 2015


WEATHER ITEM   OBSERVED TIME   RECORD YEAR NORMAL DEPARTURE LAST
                VALUE   (LST)  VALUE       VALUE  FROM      YEAR
                                                  NORMAL
..................................................................
TEMPERATURE (F)
 YESTERDAY
  MAXIMUM         90    220 PM  95    1956  90      0       86
  MINIMUM         73    609 PM  72    1910  80     -7       74
  AVERAGE         82                        85     -3       80

PRECIPITATION (IN)
  YESTERDAY        3.14R         2.14 1990   0.15   2.99     0.31
  MONTH TO DATE    3.14                      0.42   2.72     0.50
  SINCE JUN 1      6.45                      8.08  -1.63     5.74
  SINCE JAN 1     18.88                     18.71   0.17    18.59

SNOWFALL (IN)
  YESTERDAY        0.0
  MONTH TO DATE    0.0
  SINCE JUN 1      0.0
  SINCE JUL 1      0.0
  SNOW DEPTH       0

DEGREE DAYS
 HEATING
  YESTERDAY        0                         0      0        0
  MONTH TO DATE    0                         0      0        0
  SINCE JUN 1      0                         0      0        0
  SINCE JUL 1      0                         0      0        0

 COOLING
  YESTERDAY       17                        20     -3       15
  MONTH TO DATE   62                        60      2       60
  SINCE JUN 1   1285                      1215     70     1285
  SINCE JAN 1   3002                      2645    357     2907
..................................................................


WIND (MPH)
  HIGHEST WIND SPEED    23   HIGHEST WIND DIRECTION     N (10)
  HIGHEST GUST SPEED    27   HIGHEST GUST DIRECTION     N (10)
  AVERAGE WIND SPEED     5.4


SKY COVER
  POSSIBLE SUNSHINE  MM
  AVERAGE SKY COVER 0.2


WEATHER CONDITIONS
 THE FOLLOWING WEATHER WAS RECORDED YESTERDAY.
  THUNDERSTORM
  HEAVY RAIN
  RAIN
  LIGHT RAIN
  FOG
  HAZE


RELATIVE HUMIDITY (PERCENT)
 HIGHEST    91
 LOWEST     63
 AVERAGE    77

..........................................................


THE KEY WEST CLIMATE NORMALS FOR TODAY
                         NORMAL    RECORD    YEAR
 MAXIMUM TEMPERATURE (F)   90        94      1957
                                             1956
 MINIMUM TEMPERATURE (F)   80        68      1894


SUNRISE AND SUNSET
AUGUST  4 2015........SUNRISE   657 AM EDT   SUNSET   809 PM EDT
AUGUST  5 2015........SUNRISE   657 AM EDT   SUNSET   809 PM EDT


-  INDICATES NEGATIVE NUMBERS.
R  INDICATES RECORD WAS SET OR TIED.
MM INDICATES DATA IS MISSING.
T  INDICATES TRACE AMOUNT.




$$
