000
CDUS42 KKEY 090539
CLIEYW

CLIMATE REPORT
NATIONAL WEATHER SERVICE KEY WEST, FL
1238 AM EST TUE FEB 9 2016


...................................

...THE KEY WEST CLIMATE SUMMARY FOR FEBRUARY 8 2016...

CLIMATE NORMAL PERIOD 1981 TO 2010
CLIMATE RECORD PERIOD 1871 TO 2016


WEATHER ITEM   OBSERVED TIME   RECORD YEAR NORMAL DEPARTURE LAST
                VALUE   (LST)  VALUE       VALUE  FROM      YEAR
                                                  NORMAL
..................................................................
TEMPERATURE (F)
 YESTERDAY
  MAXIMUM         69   1159 PM  84    1932  76     -7       76
  MINIMUM         58    758 AM  49    1895  66     -8       65
  AVERAGE         64                        70     -6       71

PRECIPITATION (IN)
  YESTERDAY        0.00          1.15 1978   0.04  -0.04     0.00
  MONTH TO DATE    2.84                      0.42   2.42     0.63
  SINCE DEC 1     10.78                      4.68   6.10     3.91
  SINCE JAN 1      6.20                      2.46   3.74     1.66

SNOWFALL (IN)
  YESTERDAY        0.0
  MONTH TO DATE    0.0
  SINCE DEC 1      0.0
  SINCE JUL 1      0.0
  SNOW DEPTH       0

DEGREE DAYS
 HEATING
  YESTERDAY        1                         1      0        0
  MONTH TO DATE    4                         8     -4        0
  SINCE DEC 1     17                        58    -41        5
  SINCE JUL 1     17                        59    -42        6

 COOLING
  YESTERDAY        0                         6     -6        6
  MONTH TO DATE   57                        48      9       39
  SINCE DEC 1    632                       430    202      523
  SINCE JAN 1    233                       213     20      270
..................................................................


WIND (MPH)
  HIGHEST WIND SPEED    17   HIGHEST WIND DIRECTION     W (260)
  HIGHEST GUST SPEED    22   HIGHEST GUST DIRECTION     W (250)
  AVERAGE WIND SPEED     8.0


SKY COVER
  POSSIBLE SUNSHINE  MM
  AVERAGE SKY COVER 0.2


WEATHER CONDITIONS
 THE FOLLOWING WEATHER WAS RECORDED YESTERDAY.
  NO SIGNIFICANT WEATHER WAS OBSERVED.


RELATIVE HUMIDITY (PERCENT)
 HIGHEST    80
 LOWEST     56
 AVERAGE    68

..........................................................


THE KEY WEST CLIMATE NORMALS FOR TODAY
                         NORMAL    RECORD    YEAR
 MAXIMUM TEMPERATURE (F)   76        84      1957
                                             1956
                                             1927
 MINIMUM TEMPERATURE (F)   66        48      1995


SUNRISE AND SUNSET
FEBRUARY  9 2016......SUNRISE   705 AM EST   SUNSET   618 PM EST
FEBRUARY 10 2016......SUNRISE   704 AM EST   SUNSET   618 PM EST


-  INDICATES NEGATIVE NUMBERS.
R  INDICATES RECORD WAS SET OR TIED.
MM INDICATES DATA IS MISSING.
T  INDICATES TRACE AMOUNT.




$$
