000
CDUS42 KKEY 280533
CLIEYW


CLIMATE REPORT
NATIONAL WEATHER SERVICE KEY WEST, FL
130 AM EDT WED JUN 28 2017


...................................

...THE KEY WEST CLIMATE SUMMARY FOR JUNE 27 2017...

CLIMATE NORMAL PERIOD 1981 TO 2010
CLIMATE RECORD PERIOD 1871 TO 2017


WEATHER ITEM   OBSERVED TIME   RECORD YEAR NORMAL DEPARTURE LAST
                VALUE   (LST)  VALUE       VALUE  FROM      YEAR
                                                  NORMAL
..................................................................
TEMPERATURE (F)
 YESTERDAY
  MAXIMUM         91    458 PM  94    1883  89      2       88
  MINIMUM         82    607 AM  69    1942  79      3       77
  AVERAGE         87                        84      3       83

PRECIPITATION (IN)
  YESTERDAY        0.00          3.30 1961   0.13  -0.13     0.20
  MONTH TO DATE    5.66                      3.70   1.96     1.05
  SINCE JUN 1      5.66                      3.70   1.96     1.05
  SINCE JAN 1     14.71                     14.33   0.38    12.70

SNOWFALL (IN)
  YESTERDAY        0.0
  MONTH TO DATE    0.0
  SINCE JUN 1      0.0
  SINCE JUL 1      0.0
  SNOW DEPTH       0

DEGREE DAYS
 HEATING
  YESTERDAY        0                         0      0        0
  MONTH TO DATE    0                         0      0        0
  SINCE JUN 1      0                         0      0        0
  SINCE JUL 1      5                        73    -68       24

 COOLING
  YESTERDAY       22                        19      3       18
  MONTH TO DATE  515                       493     22      515
  SINCE JUN 1    515                       493     22      515
  SINCE JAN 1   2270                      1923    347     2006
..................................................................


WIND (MPH)
  HIGHEST WIND SPEED    14   HIGHEST WIND DIRECTION     E (110)
  HIGHEST GUST SPEED    17   HIGHEST GUST DIRECTION     E (110)
  AVERAGE WIND SPEED     7.5


SKY COVER
  POSSIBLE SUNSHINE  MM
  AVERAGE SKY COVER 0.2


WEATHER CONDITIONS
 THE FOLLOWING WEATHER WAS RECORDED YESTERDAY.
  THUNDERSTORM


RELATIVE HUMIDITY (PERCENT)
 HIGHEST    85
 LOWEST     60
 AVERAGE    73

..........................................................


THE KEY WEST CLIMATE NORMALS FOR TODAY
                         NORMAL    RECORD    YEAR
 MAXIMUM TEMPERATURE (F)   89        94      1950
 MINIMUM TEMPERATURE (F)   79        68      1961


SUNRISE AND SUNSET
JUNE 28 2017..........SUNRISE   641 AM EDT   SUNSET   820 PM EDT
JUNE 29 2017..........SUNRISE   641 AM EDT   SUNSET   820 PM EDT


-  INDICATES NEGATIVE NUMBERS.
R  INDICATES RECORD WAS SET OR TIED.
MM INDICATES DATA IS MISSING.
T  INDICATES TRACE AMOUNT.

$$

CLR
