000
CDUS42 KKEY 280544
CLIEYW

CLIMATE REPORT NATIONAL WEATHER SERVICE KEY WEST, FL

1243 AM EST WED JAN 28 2015


...................................

...THE KEY WEST CLIMATE SUMMARY FOR JANUARY 27 2015...

CLIMATE NORMAL PERIOD 1981 TO 2010
CLIMATE RECORD PERIOD 1871 TO 2015


WEATHER ITEM   OBSERVED TIME   RECORD YEAR NORMAL DEPARTURE LAST
                VALUE   (LST)  VALUE       VALUE  FROM      YEAR
                                                  NORMAL
..................................................................
TEMPERATURE (F)
 YESTERDAY
  MAXIMUM         71    224 PM  84    1984  75     -4       78
                                      1957
  MINIMUM         65    756 AM  44    1905  65      0       69
  AVERAGE         68                        70     -2       74

PRECIPITATION (IN)
  YESTERDAY        0.00          0.99 1885   0.06  -0.06     0.00
  MONTH TO DATE    1.03                      1.79  -0.76     4.99
  SINCE DEC 1      3.28                      4.01  -0.73     6.08
  SINCE JAN 1      1.03                      1.79  -0.76     4.99

SNOWFALL (IN)
  YESTERDAY        0.0
  MONTH TO DATE    0.0
  SINCE DEC 1      0.0
  SINCE JUL 1      0.0
  SNOW DEPTH       0

DEGREE DAYS
 HEATING
  YESTERDAY        0                         1     -1        0
  MONTH TO DATE    0                        27    -27       22
  SINCE DEC 1      5                        44    -39       22
  SINCE JUL 1      6                        45    -39       22

 COOLING
  YESTERDAY        3                         5     -2        9
  MONTH TO DATE  222                       137     85      130
  SINCE DEC 1    475                       354    121      470
  SINCE JAN 1    222                       137     85      130
..................................................................


WIND (MPH)
  HIGHEST WIND SPEED    18   HIGHEST WIND DIRECTION    NW (320)
  HIGHEST GUST SPEED    24   HIGHEST GUST DIRECTION    NW (320)
  AVERAGE WIND SPEED    12.3


SKY COVER
  POSSIBLE SUNSHINE  MM
  AVERAGE SKY COVER 0.2


WEATHER CONDITIONS
 THE FOLLOWING WEATHER WAS RECORDED YESTERDAY.
  NO SIGNIFICANT WEATHER WAS OBSERVED.


RELATIVE HUMIDITY (PERCENT)
 HIGHEST    73
 LOWEST     53
 AVERAGE    63

..........................................................


THE KEY WEST CLIMATE NORMALS FOR TODAY
                         NORMAL    RECORD    YEAR
 MAXIMUM TEMPERATURE (F)   75        85      1957
 MINIMUM TEMPERATURE (F)   65        43      1940


SUNRISE AND SUNSET
JANUARY 28 2015.......SUNRISE   711 AM EST   SUNSET   610 PM EST
JANUARY 29 2015.......SUNRISE   710 AM EST   SUNSET   610 PM EST


-  INDICATES NEGATIVE NUMBERS.
R  INDICATES RECORD WAS SET OR TIED.
MM INDICATES DATA IS MISSING.
T  INDICATES TRACE AMOUNT.




$$
