000
CDUS42 KKEY 300532
CLIEYW

CLIMATE REPORT
NATIONAL WEATHER SERVICE KEY WEST, FL
130 AM EDT MON MAR 30 2015

...................................

...THE KEY WEST CLIMATE SUMMARY FOR MARCH 29 2015...

CLIMATE NORMAL PERIOD 1981 TO 2010
CLIMATE RECORD PERIOD 1871 TO 2015

WEATHER ITEM   OBSERVED TIME   RECORD YEAR NORMAL DEPARTURE LAST
                VALUE   (LST)  VALUE       VALUE  FROM      YEAR
                                                  NORMAL
..................................................................
TEMPERATURE (F)
 YESTERDAY
  MAXIMUM         77    407 PM  87    1882  79     -2       82
                                      1878
                                      1874
  MINIMUM         67    707 AM  60    1958  70     -3       72
                                      1915
  AVERAGE         72                        74     -2       77

PRECIPITATION (IN)
  YESTERDAY        0.00          1.44 1906   0.06  -0.06      T
  MONTH TO DATE    1.48                      1.91  -0.43     3.72
  SINCE MAR 1      1.48                      1.91  -0.43     3.72
  SINCE JAN 1      4.71                      5.44  -0.73    11.32

SNOWFALL (IN)
  YESTERDAY        0.0
  MONTH TO DATE    0.0
  SINCE MAR 1      0.0
  SINCE JUL 1      0.0
  SNOW DEPTH       0

DEGREE DAYS
 HEATING
  YESTERDAY        0                         0      0        0
  MONTH TO DATE    0                         0      0        0
  SINCE MAR 1      0                         0      0        0
  SINCE JUL 1     27                        66    -39       22

 COOLING
  YESTERDAY        7                         9     -2       12
  MONTH TO DATE  359                       243    116      262
  SINCE MAR 1    359                       243    116      262
  SINCE JAN 1    717                       591    126      688
..................................................................


WIND (MPH)
  HIGHEST WIND SPEED    20   HIGHEST WIND DIRECTION     N (20)
  HIGHEST GUST SPEED    26   HIGHEST GUST DIRECTION    NE (30)
  AVERAGE WIND SPEED    11.1


SKY COVER
  POSSIBLE SUNSHINE  MM
  AVERAGE SKY COVER 0.0


WEATHER CONDITIONS
 THE FOLLOWING WEATHER WAS RECORDED YESTERDAY.
  NO SIGNIFICANT WEATHER WAS OBSERVED.


RELATIVE HUMIDITY (PERCENT)
 HIGHEST    68
 LOWEST     40
 AVERAGE    54

..........................................................


THE KEY WEST CLIMATE NORMALS FOR TODAY
                         NORMAL    RECORD    YEAR
 MAXIMUM TEMPERATURE (F)   79        86      2000
                                             1991
                                             1944
 MINIMUM TEMPERATURE (F)   70        58      1948


SUNRISE AND SUNSET
MARCH 30 2015.........SUNRISE   721 AM EDT   SUNSET   742 PM EDT
MARCH 31 2015.........SUNRISE   720 AM EDT   SUNSET   743 PM EDT


-  INDICATES NEGATIVE NUMBERS.
R  INDICATES RECORD WAS SET OR TIED.
MM INDICATES DATA IS MISSING.
T  INDICATES TRACE AMOUNT.

$$

BWC
