000
CDUS42 KKEY 260535
CLIEYW


CLIMATE REPORT
NATIONAL WEATHER SERVICE KEY WEST, FL
1233 AM EST SUN FEB 26 2017

...................................

...THE KEY WEST CLIMATE SUMMARY FOR FEBRUARY 25 2017...

CLIMATE NORMAL PERIOD 1981 TO 2010
CLIMATE RECORD PERIOD 1871 TO 2017

WEATHER ITEM   OBSERVED TIME   RECORD YEAR NORMAL DEPARTURE LAST
                VALUE   (LST)  VALUE       VALUE  FROM      YEAR
                                                  NORMAL
..................................................................
TEMPERATURE (F)
 YESTERDAY
  MAXIMUM         80    333 PM  87    1874  77      3       70
  MINIMUM         67    700 AM  51    1989  67      0       61
  AVERAGE         74                        72      2       66

PRECIPITATION (IN)
  YESTERDAY        0.00          1.92 2004   0.06  -0.06      T
  MONTH TO DATE    2.05                      1.30   0.75     3.72
  SINCE DEC 1      4.79                      5.56  -0.77    11.66
  SINCE JAN 1      3.05                      3.34  -0.29     7.08

SNOWFALL (IN)
  YESTERDAY        0.0
  MONTH TO DATE    0.0
  SINCE DEC 1      0.0
  SINCE JUL 1      0.0
  SNOW DEPTH       0

DEGREE DAYS
 HEATING
  YESTERDAY        0                         0      0        0
  MONTH TO DATE    0                        19    -19        9
  SINCE DEC 1      5                        69    -64       22
  SINCE JUL 1      5                        70    -65       22

 COOLING
  YESTERDAY        9                         7      2        1
  MONTH TO DATE  240                       162     78      141
  SINCE DEC 1    894                       544    350      716
  SINCE JAN 1    501                       327    174      317
..................................................................


WIND (MPH)
  HIGHEST WIND SPEED    14   HIGHEST WIND DIRECTION    NW (310)
  HIGHEST GUST SPEED    17   HIGHEST GUST DIRECTION    NW (310)
  AVERAGE WIND SPEED     5.7


SKY COVER
  POSSIBLE SUNSHINE  MM
  AVERAGE SKY COVER 0.3


WEATHER CONDITIONS
 THE FOLLOWING WEATHER WAS RECORDED YESTERDAY.
  NO SIGNIFICANT WEATHER WAS OBSERVED.


RELATIVE HUMIDITY (PERCENT)
 HIGHEST    93
 LOWEST     67
 AVERAGE    80

..........................................................


THE KEY WEST CLIMATE NORMALS FOR TODAY
                         NORMAL    RECORD    YEAR
 MAXIMUM TEMPERATURE (F)   77        85      1991
 MINIMUM TEMPERATURE (F)   67        49      1967


SUNRISE AND SUNSET
FEBRUARY 26 2017......SUNRISE   652 AM EST   SUNSET   628 PM EST
FEBRUARY 27 2017......SUNRISE   651 AM EST   SUNSET   629 PM EST


-  INDICATES NEGATIVE NUMBERS.
R  INDICATES RECORD WAS SET OR TIED.
MM INDICATES DATA IS MISSING.
T  INDICATES TRACE AMOUNT.

$$

BWC
