000
CDAK49 PAFG 190039
CLIFAI

CLIMATE REPORT
NATIONAL WEATHER SERVICE FAIRBANKS AK
339 PM AKST SAT NOV 18 2017

...................................

...THE FAIRBANKS AK CLIMATE SUMMARY FOR NOVEMBER 18 2017...
VALID TODAY AS OF 0300 PM LOCAL TIME.

CLIMATE NORMAL PERIOD 1981 TO 2010
CLIMATE RECORD PERIOD 1904 TO 2017


WEATHER ITEM   OBSERVED TIME   RECORD YEAR NORMAL DEPARTURE LAST
                VALUE   (LST)  VALUE       VALUE  FROM      YEAR
                                                  NORMAL
..................................................................
TEMPERATURE (F)
 TODAY
  MAXIMUM        -10    204 PM  41    1916   9    -19        6
  MINIMUM        -23   1104 AM -36    2011  -6    -17       -8
  AVERAGE        -16                         1    -17       -1

PRECIPITATION (IN)
  TODAY            0.00          0.91 1935   0.03  -0.03     0.00
  MONTH TO DATE    1.04                      0.42   0.62     0.24
  SINCE SEP 1      4.90                      2.35   2.55     2.34
  SINCE JAN 1     13.77                      9.92   3.85    14.05

SNOWFALL (IN)
  TODAY            0.0           7.0  1966   0.4   -0.4      0.0
  MONTH TO DATE   16.2                       8.0    8.2      3.3
  SINCE SEP 1     21.4                      20.6    0.8      4.1
  SINCE JUL 1     21.4                      20.6    0.8      4.1
  SNOW DEPTH      10

DEGREE DAYS
 HEATING
  TODAY           81                        64     17       66
  MONTH TO DATE  916                      1079   -163      949
  SINCE SEP 1   2460                      2949   -489     2685
  SINCE JUL 1   2683                      3338   -655     2887

 COOLING
  TODAY            0                         0      0        0
  MONTH TO DATE    0                         0      0        0
  SINCE SEP 1      0                         0      0        0
  SINCE JAN 1    104                        61     43       76
..................................................................


WIND (MPH)
  HIGHEST GUST SPEED     6   HIGHEST GUST DIRECTION    NE (50)


SKY COVER
  AVERAGE SKY COVER 0.2


WEATHER CONDITIONS
 THE FOLLOWING WEATHER WAS RECORDED TODAY.
  LIGHT SNOW
  FOG


RELATIVE HUMIDITY (PERCENT)
 HIGHEST    91
 LOWEST     77
 AVERAGE    84

..........................................................


THE FAIRBANKS AK CLIMATE NORMALS FOR TOMORROW
                         NORMAL    RECORD    YEAR
 MAXIMUM TEMPERATURE (F)    9        47      1949
 MINIMUM TEMPERATURE (F)   -8       -36      2011


SUNRISE AND SUNSET
NOVEMBER 18 2017......SUNRISE   938 AM AKST  SUNSET   334 PM AKST
NOVEMBER 19 2017......SUNRISE   942 AM AKST  SUNSET   331 PM AKST


-  INDICATES NEGATIVE NUMBERS.
R  INDICATES RECORD WAS SET OR TIED.
MM INDICATES DATA IS MISSING.
T  INDICATES TRACE AMOUNT.

&&

SNOW DEPTH IS MEASURED AT 3AM AKST/4AM AKDT

----------------------------
AVAILABLE DAYLIGHT

AMOUNT OF DAYLIGHT TODAY  (HOUR:MIN)........05:49
LOSS SINCE YESTERDAY........................6 MINUTES
----------------------------

$$
AY NOV 17
