738
CDAK49 PAFG 261002
CLIFAI

CLIMATE REPORT
NATIONAL WEATHER SERVICE FAIRBANKS AK
202 AM AKDT FRI MAY 26 2017

...................................

...THE FAIRBANKS AK CLIMATE SUMMARY FOR MAY 25 2017...

CLIMATE NORMAL PERIOD 1981 TO 2010
CLIMATE RECORD PERIOD 1904 TO 2017


WEATHER ITEM   OBSERVED TIME   RECORD YEAR NORMAL DEPARTURE LAST
                VALUE   (LST)  VALUE       VALUE  FROM      YEAR
                                                  NORMAL
..................................................................
TEMPERATURE (F)
 YESTERDAY
  MAXIMUM         53   1256 PM  87    1960  65    -12       57
  MINIMUM         37   1159 PM  29    1905  41     -4       43
  AVERAGE         45                        53     -8       50

PRECIPITATION (IN)
  YESTERDAY        0.04          0.52 2012   0.03   0.01     0.01
  MONTH TO DATE    0.54                      0.46   0.08     0.69
  SINCE MAR 1      0.80                      1.02  -0.22     1.74
  SINCE JAN 1      3.00                      2.02   0.98     1.80

SNOWFALL (IN)
  YESTERDAY        0.0           0.0  2001   0.0    0.0      0.0
                                      2000
  MONTH TO DATE    0.0                       0.9   -0.9      0.0
  SINCE MAR 1      4.7                       8.7   -4.0      7.4
  SINCE JUL 1     83.1                      65.0   18.1     60.0
  SNOW DEPTH       0

DEGREE DAYS
 HEATING
  YESTERDAY       20                        12      8       15
  MONTH TO DATE  373                       421    -48      309
  SINCE MAR 1   3332                      3055    277     2376
  SINCE JUL 1  13462                     13445     17    11782

 COOLING
  YESTERDAY        0                         0      0        0
  MONTH TO DATE    0                         0      0        6
  SINCE MAR 1      0                         0      0        6
  SINCE JAN 1      0                         0      0        6
..................................................................


WIND (MPH)
  HIGHEST GUST SPEED    22   HIGHEST GUST DIRECTION     W (250)


SKY COVER
  AVERAGE SKY COVER 0.8


WEATHER CONDITIONS
 THE FOLLOWING WEATHER WAS RECORDED YESTERDAY.
  LIGHT RAIN


RELATIVE HUMIDITY (PERCENT)
 HIGHEST    92
 LOWEST     29
 AVERAGE    61

..........................................................


THE FAIRBANKS AK CLIMATE NORMALS FOR TODAY
                         NORMAL    RECORD    YEAR
 MAXIMUM TEMPERATURE (F)   65        80      2011
                                             2010
                                             2002
 MINIMUM TEMPERATURE (F)   42        30      1920


SUNRISE AND SUNSET
MAY 26 2017..........SUNRISE  351 AM AKDT   SUNSET  1149 PM AKDT
MAY 27 2017..........SUNRISE  347 AM AKDT   SUNSET  1153 PM AKDT


-  INDICATES NEGATIVE NUMBERS.
R  INDICATES RECORD WAS SET OR TIED.
MM INDICATES DATA IS MISSING.
T  INDICATES TRACE AMOUNT.

&&

SNOW DEPTH IS MEASURED AT 3AM AKST/4AM AKDT

----------------------------
AVAILABLE DAYLIGHT

AMOUNT OF DAYLIGHT TODAY  (HOUR:MIN)........19:58
GAIN SINCE YESTERDAY........................6 MINUTES
----------------------------

$$
MAY 17
