000
CDAK49 PAFG 290946
CLIFAI

CLIMATE REPORT
NATIONAL WEATHER SERVICE FAIRBANKS AK
146 AM AKDT FRI JUL 29 2016

...................................

...THE FAIRBANKS AK CLIMATE SUMMARY FOR JULY 28 2016...

CLIMATE NORMAL PERIOD 1981 TO 2010
CLIMATE RECORD PERIOD 1904 TO 2016


WEATHER ITEM   OBSERVED TIME   RECORD YEAR NORMAL DEPARTURE LAST
                VALUE   (LST)  VALUE       VALUE  FROM      YEAR
                                                  NORMAL
..................................................................
TEMPERATURE (F)
 YESTERDAY
  MAXIMUM         72    251 PM  99    1919  70      2       69
  MINIMUM         53    241 AM  34    1943  51      2       52
  AVERAGE         63                        61      2       61

PRECIPITATION (IN)
  YESTERDAY        0.28          1.14 2008   0.07   0.21     0.26
  MONTH TO DATE    3.27                      1.94   1.33     1.89
  SINCE JUN 1      6.56                      3.31   3.25     2.92
  SINCE JAN 1      8.45                      5.47   2.98     4.49

SNOWFALL (IN)
  YESTERDAY        0.0           0.0  2002   0.0    0.0      0.0
                                      2001
                                      2000
  MONTH TO DATE    0.0                       0.0    0.0      0.0
  SINCE JUN 1      0.0                       0.0    0.0      0.0
  SINCE JUL 1      0.0                       0.0    0.0      0.0
  SNOW DEPTH       0

DEGREE DAYS
 HEATING
  YESTERDAY        2                         5     -3        4
  MONTH TO DATE   64                        95    -31       89
  SINCE JUN 1    225                       255    -30      270
  SINCE JUL 1     64                        95    -31       89

 COOLING
  YESTERDAY        0                         0      0        0
  MONTH TO DATE   43                        29     14       24
  SINCE JUN 1     62                        52     10       55
  SINCE JAN 1     68                        53     15       57
..................................................................


WIND (MPH)
  HIGHEST GUST SPEED    31   HIGHEST GUST DIRECTION    NW (300)


SKY COVER
  AVERAGE SKY COVER 0.7


WEATHER CONDITIONS
 THE FOLLOWING WEATHER WAS RECORDED YESTERDAY.
  THUNDERSTORM
  HEAVY RAIN
  RAIN
  LIGHT RAIN


RELATIVE HUMIDITY (PERCENT)
 HIGHEST    97
 LOWEST     53
 AVERAGE    75

..........................................................


THE FAIRBANKS AK CLIMATE NORMALS FOR TODAY
                         NORMAL    RECORD    YEAR
 MAXIMUM TEMPERATURE (F)   70        95      1919
 MINIMUM TEMPERATURE (F)   51        33      1929


SUNRISE AND SUNSET
JULY 29 2016..........SUNRISE  444 AM AKDT   SUNSET  1110 PM AKDT
JULY 30 2016..........SUNRISE  447 AM AKDT   SUNSET  1107 PM AKDT


-  INDICATES NEGATIVE NUMBERS.
R  INDICATES RECORD WAS SET OR TIED.
MM INDICATES DATA IS MISSING.
T  INDICATES TRACE AMOUNT.

&&

SNOW DEPTH IS MEASURED AT 3AM AKST/4AM AKDT

----------------------------
AVAILABLE DAYLIGHT

AMOUNT OF DAYLIGHT TODAY  (HOUR:MIN)........18:26
LOSS SINCE YESTERDAY........................7 MINUTES
----------------------------

$$
CCC JUL 16
