000
CDAK49 PAFG 190100
CLIFAI

CLIMATE REPORT
NATIONAL WEATHER SERVICE FAIRBANKS AK
400 PM AKST THU JAN 18 2018

...................................

...THE FAIRBANKS AK CLIMATE SUMMARY FOR JANUARY 18 2018...
VALID TODAY AS OF 0300 PM LOCAL TIME.

CLIMATE NORMAL PERIOD 1981 TO 2010
CLIMATE RECORD PERIOD 1904 TO 2018


WEATHER ITEM   OBSERVED TIME   RECORD YEAR NORMAL DEPARTURE LAST
                VALUE   (LST)  VALUE       VALUE  FROM      YEAR
                                                  NORMAL
..................................................................
TEMPERATURE (F)
 TODAY
  MAXIMUM         23    944 AM  38    2001   0     23      -41
                                      1980
                                      1965
  MINIMUM         18   1215 AM -61    1906 -16     34      -51
  AVERAGE         21                        -9     30      -46

PRECIPITATION (IN)
  TODAY            0.02          0.87 1937   0.02   0.00     0.00
  MONTH TO DATE    0.72                      0.36   0.36     0.82
  SINCE DEC 1      1.10                      1.00   0.10     2.78
  SINCE JAN 1      0.72                      0.36   0.36     0.82

SNOWFALL (IN)
  TODAY            0.4           8.6  2000   0.3    0.1      0.0
  MONTH TO DATE    7.8                       6.4    1.4     13.8
  SINCE DEC 1     14.8                      18.5   -3.7     46.7
  SINCE JUL 1     44.6                      44.3    0.3     51.9
  SNOW DEPTH      19

DEGREE DAYS
 HEATING
  TODAY           44                        74    -30      111
  MONTH TO DATE 1118                      1316   -198     1355
  SINCE DEC 1   2847                      3457   -610     3621
  SINCE JUL 1   6412                      7588  -1176     7391

 COOLING
  TODAY            0                         0      0        0
  MONTH TO DATE    0                         0      0        0
  SINCE DEC 1      0                         0      0        0
  SINCE JAN 1      0                         0      0        0
..................................................................


WIND (MPH)
  HIGHEST GUST SPEED     7   HIGHEST GUST DIRECTION     S (190)


SKY COVER
  AVERAGE SKY COVER 1.0


WEATHER CONDITIONS
 THE FOLLOWING WEATHER WAS RECORDED TODAY.
  LIGHT SNOW
  FOG
  FOG W/VISIBILITY <= 1/4 MILE


RELATIVE HUMIDITY (PERCENT)
 HIGHEST    92
 LOWEST     84
 AVERAGE    88

..........................................................


THE FAIRBANKS AK CLIMATE NORMALS FOR TOMORROW
                         NORMAL    RECORD    YEAR
 MAXIMUM TEMPERATURE (F)    0        42      1981
 MINIMUM TEMPERATURE (F)  -16       -64      1906


SUNRISE AND SUNSET
JANUARY 18 2018.......SUNRISE  1018 AM AKST  SUNSET   346 PM AKST
JANUARY 19 2018.......SUNRISE  1016 AM AKST  SUNSET   350 PM AKST


-  INDICATES NEGATIVE NUMBERS.
R  INDICATES RECORD WAS SET OR TIED.
MM INDICATES DATA IS MISSING.
T  INDICATES TRACE AMOUNT.

&&

SNOW DEPTH IS MEASURED AT 3AM AKST/4AM AKDT

----------------------------
AVAILABLE DAYLIGHT

AMOUNT OF DAYLIGHT TODAY  (HOUR:MIN)........05:35
GAIN SINCE YESTERDAY........................6 MINUTES
----------------------------

$$
EB JAN 18
