000
CDAK49 PAFG 240932
CLIFAI

CLIMATE REPORT
NATIONAL WEATHER SERVICE FAIRBANKS AK
1232 AM AKST MON NOV 24 2014

...................................

...THE FAIRBANKS AK CLIMATE SUMMARY FOR NOVEMBER 23 2014...

CLIMATE NORMAL PERIOD 1981 TO 2010
CLIMATE RECORD PERIOD 1904 TO 2014


WEATHER ITEM   OBSERVED TIME   RECORD YEAR NORMAL DEPARTURE LAST
                VALUE   (LST)  VALUE       VALUE  FROM      YEAR
                                                  NORMAL
..................................................................
TEMPERATURE (F)
 YESTERDAY
  MAXIMUM         10    827 PM  45    1952   8      2        7
  MINIMUM         -2   1012 AM -39    1994  -9      7       -9
  AVERAGE          4                        -1      5       -1

PRECIPITATION (IN)
  YESTERDAY        T             0.32 2010   0.03  -0.03      T
  MONTH TO DATE    T                         0.53  -0.53     1.47
  SINCE SEP 1      3.33                      2.46   0.87     3.80
  SINCE JAN 1     16.05                     10.03   6.02     9.60

SNOWFALL (IN)
  YESTERDAY        T             2.9  1971   0.5   -0.5       T
  MONTH TO DATE    T                        10.3  -10.3     12.6
  SINCE SEP 1      6.0                      22.9  -16.9     14.0
  SINCE JUL 1      6.0                      22.9  -16.9     14.0
  SNOW DEPTH       2

DEGREE DAYS
 HEATING
  YESTERDAY       61                        66     -5       66
  MONTH TO DATE 1201                      1406   -205     1278
  SINCE SEP 1   2978                      3276   -298     2794
  SINCE JUL 1   3299                      3665   -366     3053

 COOLING
  YESTERDAY        0                         0      0        0
  MONTH TO DATE    0                         0      0        0
  SINCE SEP 1      0                         0      0        0
  SINCE JAN 1     27                        61    -34      226
..................................................................


WIND (MPH)
  HIGHEST GUST SPEED    12   HIGHEST GUST DIRECTION    NE (30)


SKY COVER
  AVERAGE SKY COVER 0.7


WEATHER CONDITIONS
 THE FOLLOWING WEATHER WAS RECORDED YESTERDAY.
  LIGHT SNOW


RELATIVE HUMIDITY (PERCENT)
 HIGHEST    83
 LOWEST     62
 AVERAGE    73

..........................................................


THE FAIRBANKS AK CLIMATE NORMALS FOR TODAY
                         NORMAL    RECORD    YEAR
 MAXIMUM TEMPERATURE (F)    8        44      1992
 MINIMUM TEMPERATURE (F)  -10       -45      1994


SUNRISE AND SUNSET
NOVEMBER 24 2014..........SUNRISE  958 AM AKST   SUNSET  319 PM AKST
NOVEMBER 25 2014..........SUNRISE  1002 AM AKST   SUNSET  316 PM AKST


-  INDICATES NEGATIVE NUMBERS.
R  INDICATES RECORD WAS SET OR TIED.
MM INDICATES DATA IS MISSING.
T  INDICATES TRACE AMOUNT.

&&

SNOW DEPTH IS MEASURED AT 3AM AKST/4AM AKDT

----------------------------
AVAILABLE DAYLIGHT

AMOUNT OF DAYLIGHT TODAY  (HOUR:MIN)........5:21
LOSS SINCE YESTERDAY........................6 MINUTES
----------------------------

$$
LTH NOV 14
