000
CDAK49 PAFG 310932
CLIFAI

CLIMATE REPORT
NATIONAL WEATHER SERVICE FAIRBANKS AK
132 AM AKDT THU JUL 31 2014

...................................

...THE FAIRBANKS AK CLIMATE SUMMARY FOR JULY 30 2014...

CLIMATE NORMAL PERIOD 1981 TO 2010
CLIMATE RECORD PERIOD 1904 TO 2014


WEATHER ITEM   OBSERVED TIME   RECORD YEAR NORMAL DEPARTURE LAST
                VALUE   (LST)  VALUE       VALUE  FROM      YEAR
                                                  NORMAL
..................................................................
TEMPERATURE (F)
 YESTERDAY
  MAXIMUM         75    633 PM  90    1977  70      5       77
  MINIMUM         47    426 AM  32    1929  51     -4       56
  AVERAGE         61                        60      1       67

PRECIPITATION (IN)
  YESTERDAY        0.00          0.79 1938   0.08  -0.08     0.00
  MONTH TO DATE    5.78                      2.09   3.69     1.01
  SINCE JUN 1      9.34                      3.46   5.88     1.44
  SINCE JAN 1     10.43                      5.62   4.81     3.78

SNOWFALL (IN)
  YESTERDAY        0.0           0.0  2002   0.0    0.0      0.0
                                      2001
                                      2000
  MONTH TO DATE    0.0                       0.0    0.0      0.0
  SINCE JUN 1      0.0                       0.0    0.0      0.0
  SINCE JUL 1      0.0                       0.0    0.0      0.0
  SNOW DEPTH       0

DEGREE DAYS
 HEATING
  YESTERDAY        4                         5     -1        0
  MONTH TO DATE  136                       105     31       69
  SINCE JUN 1    328                       265     63      140
  SINCE JUL 1    136                       105     31       69

 COOLING
  YESTERDAY        0                         0      0        2
  MONTH TO DATE   19                        29    -10       52
  SINCE JUN 1     20                        52    -32      187
  SINCE JAN 1     20                        53    -33      200
..................................................................


WIND (MPH)
  HIGHEST GUST SPEED    15   HIGHEST GUST DIRECTION    SW (240)


SKY COVER
  AVERAGE SKY COVER 0.5


WEATHER CONDITIONS
 THE FOLLOWING WEATHER WAS RECORDED YESTERDAY.
  NO SIGNIFICANT WEATHER WAS OBSERVED.


RELATIVE HUMIDITY (PERCENT)
 HIGHEST    80
 LOWEST     29
 AVERAGE    55

..........................................................


THE FAIRBANKS AK CLIMATE NORMALS FOR TODAY
                         NORMAL    RECORD    YEAR
 MAXIMUM TEMPERATURE (F)   70        87      1994
 MINIMUM TEMPERATURE (F)   51        35      1929


SUNRISE AND SUNSET
JULY 31 2014..........SUNRISE  449 AM AKDT   SUNSET  1105 PM AKDT
AUGUST 01 2014..........SUNRISE  452 AM AKDT   SUNSET  1102 PM AKDT


-  INDICATES NEGATIVE NUMBERS.
R  INDICATES RECORD WAS SET OR TIED.
MM INDICATES DATA IS MISSING.
T  INDICATES TRACE AMOUNT.

&&

SNOW DEPTH IS MEASURED AT 3AM AKST/4AM AKDT

----------------------------
AVAILABLE DAYLIGHT

AMOUNT OF DAYLIGHT TODAY  (HOUR:MIN)........18:16
LOSS SINCE YESTERDAY........................7 MINUTES
----------------------------

$$
EWP JUL 14
