000
CDAK49 PAFG 140932
CLIFAI

CLIMATE REPORT
NATIONAL WEATHER SERVICE FAIRBANKS AK
1232 AM AKST SUN FEB 14 2016

...................................

...THE FAIRBANKS AK CLIMATE SUMMARY FOR FEBRUARY 13 2016...

CLIMATE NORMAL PERIOD 1981 TO 2010
CLIMATE RECORD PERIOD 1904 TO 2016


WEATHER ITEM   OBSERVED TIME   RECORD YEAR NORMAL DEPARTURE LAST
                VALUE   (LST)  VALUE       VALUE  FROM      YEAR
                                                  NORMAL
..................................................................
TEMPERATURE (F)
 YESTERDAY
  MAXIMUM         21    343 PM  41    1942   9     12        7
  MINIMUM         -3    959 AM -52    1950 -13     10      -12
  AVERAGE          9                        -2     11       -2

PRECIPITATION (IN)
  YESTERDAY        0.00          0.34 1929   0.02  -0.02     0.00
  MONTH TO DATE    0.05                      0.21  -0.16      T
  SINCE DEC 1      0.13                      1.43  -1.30     1.08
  SINCE JAN 1      0.06                      0.79  -0.73     0.15

SNOWFALL (IN)
  YESTERDAY        0.0           7.7  1966   0.3   -0.3      0.0
  MONTH TO DATE    0.6                       3.9   -3.3      0.1
  SINCE DEC 1      2.5                      26.3  -23.8     19.9
  SINCE JUL 1     52.6                      52.1    0.5     29.7
  SNOW DEPTH      13

DEGREE DAYS
 HEATING
  YESTERDAY       56                        67    -11       67
  MONTH TO DATE  824                       899    -75     1056
  SINCE DEC 1   4795                      5300   -505     5020
  SINCE JUL 1   8583                      9431   -848     8738

 COOLING
  YESTERDAY        0                         0      0        0
  MONTH TO DATE    0                         0      0        0
  SINCE DEC 1      0                         0      0        0
  SINCE JAN 1      0                         0      0        0
..................................................................


WIND (MPH)
  HIGHEST GUST SPEED     8   HIGHEST GUST DIRECTION     S (200)


SKY COVER
  AVERAGE SKY COVER 0.6


WEATHER CONDITIONS
 THE FOLLOWING WEATHER WAS RECORDED YESTERDAY.
  NO SIGNIFICANT WEATHER WAS OBSERVED.


RELATIVE HUMIDITY (PERCENT)
 HIGHEST    95
 LOWEST     67
 AVERAGE    81

..........................................................


THE FAIRBANKS AK CLIMATE NORMALS FOR TODAY
                         NORMAL    RECORD    YEAR
 MAXIMUM TEMPERATURE (F)   10        39      1929
 MINIMUM TEMPERATURE (F)  -13       -50      1950


SUNRISE AND SUNSET
FEBRUARY 14 2016..........SUNRISE  855 AM AKST   SUNSET  519 PM AKST
FEBRUARY 15 2016..........SUNRISE  852 AM AKST   SUNSET  522 PM AKST


-  INDICATES NEGATIVE NUMBERS.
R  INDICATES RECORD WAS SET OR TIED.
MM INDICATES DATA IS MISSING.
T  INDICATES TRACE AMOUNT.

&&

SNOW DEPTH IS MEASURED AT 3AM AKST/4AM AKDT

----------------------------
AVAILABLE DAYLIGHT

AMOUNT OF DAYLIGHT TODAY  (HOUR:MIN)........8:24
GAIN SINCE YESTERDAY........................7 MINUTES
----------------------------

$$
RF FEB 16
