000
CDAK49 PAFG 020032
CLIFAI

CLIMATE REPORT
NATIONAL WEATHER SERVICE FAIRBANKS AK
432 PM AKDT SUN MAY 1 2016

...................................

...THE FAIRBANKS AK CLIMATE SUMMARY FOR MAY 1 2016...
VALID TODAY AS OF 0400 PM LOCAL TIME.

CLIMATE NORMAL PERIOD 1981 TO 2010
CLIMATE RECORD PERIOD 1904 TO 2016


WEATHER ITEM   OBSERVED TIME   RECORD YEAR NORMAL DEPARTURE LAST
                VALUE   (LST)  VALUE       VALUE  FROM      YEAR
                                                  NORMAL
..................................................................
TEMPERATURE (F)
 TODAY
  MAXIMUM         62    259 PM  76    2009  54      8       53
  MINIMUM         36    527 AM   4    1937  31      5       30
  AVERAGE         49                        43      6       42

PRECIPITATION (IN)
  TODAY            0.00          0.60 2001   0.02  -0.02     0.00
  MONTH TO DATE    0.00                      0.02  -0.02     0.00
  SINCE MAR 1      1.05                      0.58   0.47     0.65
  SINCE JAN 1      1.11                      1.58  -0.47     1.28

SNOWFALL (IN)
  TODAY            0.0           1.0  1945   0.1   -0.1      0.0
  MONTH TO DATE    0.0                       0.1   -0.1      0.0
  SINCE MAR 1      7.4                       7.9   -0.5     10.2
  SINCE JUL 1     60.0                      64.2   -4.2     43.8
  SNOW DEPTH       0

DEGREE DAYS
 HEATING
  TODAY           16                        22     -6       23
  MONTH TO DATE   16                        22     -6       23
  SINCE MAR 1   2083                      2656   -573     2391
  SINCE JUL 1  11489                     13046  -1557    11858

 COOLING
  TODAY            0                         0      0        0
  MONTH TO DATE    0                         0      0        0
  SINCE MAR 1      0                         0      0        0
  SINCE JAN 1      0                         0      0        0
..................................................................


WIND (MPH)
  HIGHEST GUST SPEED    13   HIGHEST GUST DIRECTION     N (350)


SKY COVER
  AVERAGE SKY COVER 0.8


WEATHER CONDITIONS
 THE FOLLOWING WEATHER WAS RECORDED TODAY.
  NO SIGNIFICANT WEATHER WAS OBSERVED.


RELATIVE HUMIDITY (PERCENT)
 HIGHEST    82
 LOWEST     25
 AVERAGE    54

..........................................................


THE FAIRBANKS AK CLIMATE NORMALS FOR TOMORROW
                         NORMAL    RECORD    YEAR
 MAXIMUM TEMPERATURE (F)   55        78      1995
 MINIMUM TEMPERATURE (F)   32         5      1945


SUNRISE AND SUNSET
MAY 01 2016..........SUNRISE  516 AM AKDT   SUNSET  1024 PM AKDT
MAY 02 2016..........SUNRISE  513 AM AKDT   SUNSET  1027 PM AKDT


-  INDICATES NEGATIVE NUMBERS.
R  INDICATES RECORD WAS SET OR TIED.
MM INDICATES DATA IS MISSING.
T  INDICATES TRACE AMOUNT.

&&

SNOW DEPTH IS MEASURED AT 3AM AKST/4AM AKDT

----------------------------
AVAILABLE DAYLIGHT

AMOUNT OF DAYLIGHT TODAY  (HOUR:MIN)........17:08
GAIN SINCE YESTERDAY........................7 MINUTES
----------------------------

$$
CLE MAY 16
