000
CDAK49 PAFG 231005
CLIFAI

CLIMATE REPORT
NATIONAL WEATHER SERVICE FAIRBANKS AK
205 AM AKDT SAT SEP 23 2017

...................................

...THE FAIRBANKS AK CLIMATE SUMMARY FOR SEPTEMBER 22 2017...

CLIMATE NORMAL PERIOD 1981 TO 2010
CLIMATE RECORD PERIOD 1904 TO 2017


WEATHER ITEM   OBSERVED TIME   RECORD YEAR NORMAL DEPARTURE LAST
                VALUE   (LST)  VALUE       VALUE  FROM      YEAR
                                                  NORMAL
..................................................................
TEMPERATURE (F)
 YESTERDAY
  MAXIMUM         49    130 PM  73    1995  51     -2       59
  MINIMUM         44    838 AM  12    1992  33     11       45
                                      1947
  AVERAGE         47                        42      5       52

PRECIPITATION (IN)
  YESTERDAY        0.17          0.37 1942   0.03   0.14     0.01
  MONTH TO DATE    0.50                      0.86  -0.36     1.78
  SINCE SEP 1      0.50                      0.86  -0.36     1.78
  SINCE JAN 1      9.37                      8.43   0.94    13.49

SNOWFALL (IN)
  YESTERDAY        0.0           2.2  1923   0.1   -0.1      0.0
  MONTH TO DATE    0.0                       0.9   -0.9      0.0
  SINCE SEP 1      0.0                       0.9   -0.9      0.0
  SINCE JUL 1      0.0                       0.9   -0.9      0.0
  SNOW DEPTH       0

DEGREE DAYS
 HEATING
  YESTERDAY       18                        23     -5       13
  MONTH TO DATE  336                       400    -64      348
  SINCE SEP 1    336                       400    -64      348
  SINCE JUL 1    559                       789   -230      550

 COOLING
  YESTERDAY        0                         0      0        0
  MONTH TO DATE    0                         0      0        0
  SINCE SEP 1      0                         0      0        0
  SINCE JAN 1    104                        61     43       76
..................................................................


WIND (MPH)
  HIGHEST GUST SPEED    14   HIGHEST GUST DIRECTION     N (360)


SKY COVER
  AVERAGE SKY COVER 1.0


WEATHER CONDITIONS
 THE FOLLOWING WEATHER WAS RECORDED YESTERDAY.
  LIGHT RAIN


RELATIVE HUMIDITY (PERCENT)
 HIGHEST   100
 LOWEST     92
 AVERAGE    96

..........................................................


THE FAIRBANKS AK CLIMATE NORMALS FOR TODAY
                         NORMAL    RECORD    YEAR
 MAXIMUM TEMPERATURE (F)   51        72      1940
 MINIMUM TEMPERATURE (F)   32         7      1992


SUNRISE AND SUNSET
SEPTEMBER 23 2017.....SUNRISE   738 AM AKDT  SUNSET   747 PM AKDT
SEPTEMBER 24 2017.....SUNRISE   741 AM AKDT  SUNSET   743 PM AKDT


-  INDICATES NEGATIVE NUMBERS.
R  INDICATES RECORD WAS SET OR TIED.
MM INDICATES DATA IS MISSING.
T  INDICATES TRACE AMOUNT.

&&

SNOW DEPTH IS MEASURED AT 3AM AKST/4AM AKDT

----------------------------
AVAILABLE DAYLIGHT

AMOUNT OF DAYLIGHT TODAY  (HOUR:MIN)........12:08
LOSS SINCE YESTERDAY........................7 MINUTES
----------------------------

$$
CCC SEP 17
