000
CDAK49 PAFG 010934
CLIFAI

CLIMATE REPORT
NATIONAL WEATHER SERVICE FAIRBANKS AK
134 AM AKDT WED JUL 1 2015

...................................

...THE FAIRBANKS AK CLIMATE SUMMARY FOR JUNE 30 2015...

CLIMATE NORMAL PERIOD 1981 TO 2010
CLIMATE RECORD PERIOD 1904 TO 2015


WEATHER ITEM   OBSERVED TIME   RECORD YEAR NORMAL DEPARTURE LAST
                VALUE   (LST)  VALUE       VALUE  FROM      YEAR
                                                  NORMAL
..................................................................
TEMPERATURE (F)
 YESTERDAY
  MAXIMUM         71    436 PM  89    1991  74     -3       66
  MINIMUM         55   1240 AM  33    1918  53      2       56
  AVERAGE         63                        64     -1       61

PRECIPITATION (IN)
  YESTERDAY        0.22          0.69 1980   0.06   0.16     0.01
  MONTH TO DATE    1.03                      1.37  -0.34     3.56
  SINCE JUN 1      1.03                      1.37  -0.34     3.56
  SINCE JAN 1      2.60                      3.53  -0.93     4.65

SNOWFALL (IN)
  YESTERDAY        0.0           0.0  2002   0.0    0.0      0.0
                                      2001
                                      2000
  MONTH TO DATE    0.0                       0.0    0.0      0.0
  SINCE JUN 1      0.0                       0.0    0.0      0.0
  SINCE JUL 1     43.8                      65.0  -21.2     48.9
  SNOW DEPTH       0

DEGREE DAYS
 HEATING
  YESTERDAY        2                         3     -1        4
  MONTH TO DATE  181                       159     22      192
  SINCE JUN 1    181                       160     21      192
  SINCE JUL 1  12312                     13669  -1357    12501

 COOLING
  YESTERDAY        0                         2     -2        0
  MONTH TO DATE   31                        23      8        1
  SINCE JUN 1     31                        23      8        1
  SINCE JAN 1     33                        24      9        1
..................................................................


WIND (MPH)
  HIGHEST GUST SPEED    17   HIGHEST GUST DIRECTION     W (250)


SKY COVER
  AVERAGE SKY COVER 0.8


WEATHER CONDITIONS
 THE FOLLOWING WEATHER WAS RECORDED YESTERDAY.
  RAIN
  LIGHT RAIN
  HAZE


RELATIVE HUMIDITY (PERCENT)
 HIGHEST    86
 LOWEST     47
 AVERAGE    67

..........................................................


THE FAIRBANKS AK CLIMATE NORMALS FOR TODAY
                         NORMAL    RECORD    YEAR
 MAXIMUM TEMPERATURE (F)   74        88      1990
 MINIMUM TEMPERATURE (F)   53        31      1905


SUNRISE AND SUNSET
JULY 01 2015..........SUNRISE  312 AM AKDT   SUNSET  1238 AM AKDT
JULY 02 2015..........SUNRISE  315 AM AKDT   SUNSET  1236 AM AKDT


-  INDICATES NEGATIVE NUMBERS.
R  INDICATES RECORD WAS SET OR TIED.
MM INDICATES DATA IS MISSING.
T  INDICATES TRACE AMOUNT.

&&

SNOW DEPTH IS MEASURED AT 3AM AKST/4AM AKDT

----------------------------
AVAILABLE DAYLIGHT

AMOUNT OF DAYLIGHT TODAY  (HOUR:MIN)........21:26
LOSS SINCE YESTERDAY........................4 MINUTES
----------------------------

$$
CCC JUL 15
