659
CDAK49 PAFG 220949
CLIFAI

CLIMATE REPORT
NATIONAL WEATHER SERVICE FAIRBANKS AK
1249 AM AKST WED FEB 22 2017

...................................

...THE FAIRBANKS AK CLIMATE SUMMARY FOR FEBRUARY 21 2017...

CLIMATE NORMAL PERIOD 1981 TO 2010
CLIMATE RECORD PERIOD 1904 TO 2017


WEATHER ITEM   OBSERVED TIME   RECORD YEAR NORMAL DEPARTURE LAST
                VALUE   (LST)  VALUE       VALUE  FROM      YEAR
                                                  NORMAL
..................................................................
TEMPERATURE (F)
 YESTERDAY
  MAXIMUM         -5    356 PM  41    1977  13    -18       31
  MINIMUM        -26    941 AM -54    1932 -11    -15        8
  AVERAGE        -15                         1    -16       20

PRECIPITATION (IN)
  YESTERDAY        T             0.62 2011   0.02  -0.02     0.00
  MONTH TO DATE    0.11                      0.33  -0.22     0.05
  SINCE DEC 1      3.03                      1.55   1.48     0.13
  SINCE JAN 1      1.07                      0.91   0.16     0.06

SNOWFALL (IN)
  YESTERDAY        T            11.9  2011   0.3   -0.3      0.0
  MONTH TO DATE    4.1                       6.3   -2.2      0.6
  SINCE DEC 1     54.0                      28.7   25.3      2.5
  SINCE JUL 1     59.2                      54.5    4.7     52.6
  SNOW DEPTH      20

DEGREE DAYS
 HEATING
  YESTERDAY       80                        64     16       45
  MONTH TO DATE 1469                      1421     48     1314
  SINCE DEC 1   6036                      5822    214     5285
  SINCE JUL 1   9806                      9953   -147     9073

 COOLING
  YESTERDAY        0                         0      0        0
  MONTH TO DATE    0                         0      0        0
  SINCE DEC 1      0                         0      0        0
  SINCE JAN 1      0                         0      0        0
..................................................................


WIND (MPH)
  HIGHEST GUST SPEED     9   HIGHEST GUST DIRECTION    NE (50)


SKY COVER
  AVERAGE SKY COVER 0.4


WEATHER CONDITIONS
 THE FOLLOWING WEATHER WAS RECORDED YESTERDAY.
  LIGHT SNOW
  FOG


RELATIVE HUMIDITY (PERCENT)
 HIGHEST    91
 LOWEST     64
 AVERAGE    78

..........................................................


THE FAIRBANKS AK CLIMATE NORMALS FOR TODAY
                         NORMAL    RECORD    YEAR
 MAXIMUM TEMPERATURE (F)   14        46      1997
 MINIMUM TEMPERATURE (F)  -11       -50      1932


SUNRISE AND SUNSET
FEBRUARY 22 2017..........SUNRISE  824 AM AKST   SUNSET  547 PM AKST
FEBRUARY 23 2017..........SUNRISE  820 AM AKST   SUNSET  550 PM AKST


-  INDICATES NEGATIVE NUMBERS.
R  INDICATES RECORD WAS SET OR TIED.
MM INDICATES DATA IS MISSING.
T  INDICATES TRACE AMOUNT.

&&

SNOW DEPTH IS MEASURED AT 3AM AKST/4AM AKDT

----------------------------
AVAILABLE DAYLIGHT

AMOUNT OF DAYLIGHT TODAY  (HOUR:MIN)........9:23
GAIN SINCE YESTERDAY........................6 MINUTES
----------------------------

$$
CCC FEB 17
