350
CDAK49 PAFG 230943
CLIFAI

CLIMATE REPORT
NATIONAL WEATHER SERVICE FAIRBANKS AK
143 AM AKDT SUN APR 23 2017

...................................

...THE FAIRBANKS AK CLIMATE SUMMARY FOR APRIL 22 2017...

CLIMATE NORMAL PERIOD 1981 TO 2010
CLIMATE RECORD PERIOD 1904 TO 2017


WEATHER ITEM   OBSERVED TIME   RECORD YEAR NORMAL DEPARTURE LAST
                VALUE   (LST)  VALUE       VALUE  FROM      YEAR
                                                  NORMAL
..................................................................
TEMPERATURE (F)
 YESTERDAY
  MAXIMUM         52    438 PM  65    1940  49      3       60
  MINIMUM         27    535 AM -20    1924  26      1       38
  AVERAGE         40                        38      2       49

PRECIPITATION (IN)
  YESTERDAY        0.00          0.61 1941   0.01  -0.01     0.00
  MONTH TO DATE    0.09                      0.20  -0.11     0.21
  SINCE MAR 1      0.26                      0.45  -0.19     0.74
  SINCE JAN 1      2.46                      1.45   1.01     0.80

SNOWFALL (IN)
  YESTERDAY        0.0           2.9  1941   0.1   -0.1      0.0
  MONTH TO DATE    1.2                       2.4   -1.2      3.7
  SINCE MAR 1      4.7                       7.3   -2.6      7.4
  SINCE JUL 1     83.1                      63.6   19.5     60.0
  SNOW DEPTH       9

DEGREE DAYS
 HEATING
  YESTERDAY       25                        27     -2       16
  MONTH TO DATE  684                       776    -92      549
  SINCE MAR 1   2783                      2436    347     1945
  SINCE JUL 1  12913                     12826     87    11351

 COOLING
  YESTERDAY        0                         0      0        0
  MONTH TO DATE    0                         0      0        0
  SINCE MAR 1      0                         0      0        0
  SINCE JAN 1      0                         0      0        0
..................................................................


WIND (MPH)
  HIGHEST GUST SPEED    26   HIGHEST GUST DIRECTION     W (290)


SKY COVER
  AVERAGE SKY COVER 0.2


WEATHER CONDITIONS
 THE FOLLOWING WEATHER WAS RECORDED YESTERDAY.
  NO SIGNIFICANT WEATHER WAS OBSERVED.


RELATIVE HUMIDITY (PERCENT)
 HIGHEST    63
 LOWEST     26
 AVERAGE    45

..........................................................


THE FAIRBANKS AK CLIMATE NORMALS FOR TODAY
                         NORMAL    RECORD    YEAR
 MAXIMUM TEMPERATURE (F)   50        66      2016
                                             1940
 MINIMUM TEMPERATURE (F)   27       -13      1948


SUNRISE AND SUNSET
APRIL 23 2017..........SUNRISE  546 AM AKDT   SUNSET  956 PM AKDT
APRIL 24 2017..........SUNRISE  542 AM AKDT   SUNSET  959 PM AKDT


-  INDICATES NEGATIVE NUMBERS.
R  INDICATES RECORD WAS SET OR TIED.
MM INDICATES DATA IS MISSING.
T  INDICATES TRACE AMOUNT.

&&

SNOW DEPTH IS MEASURED AT 3AM AKST/4AM AKDT

----------------------------
AVAILABLE DAYLIGHT

AMOUNT OF DAYLIGHT TODAY  (HOUR:MIN)........16:10
GAIN SINCE YESTERDAY........................7 MINUTES
----------------------------

$$
APR 17
