000
CDUS43 KFGF 010644
CLIFAR


CLIMATE REPORT
NATIONAL WEATHER SERVICE EASTERN NORTH DAKOTA/GRAND FORKS
144 AM CDT SUN MAY 1 2016


...................................

...THE FARGO HECTOR INTL AP ND CLIMATE SUMMARY FOR APRIL 30 2016...

CLIMATE NORMAL PERIOD 1981 TO 2010
CLIMATE RECORD PERIOD 1881 TO 2016


WEATHER ITEM   OBSERVED TIME   RECORD YEAR NORMAL DEPARTURE LAST
                VALUE   (LST)  VALUE       VALUE  FROM      YEAR
                                                  NORMAL
..................................................................
TEMPERATURE (F)
 YESTERDAY
  MAXIMUM         65    423 PM  94    1992  64      1       82
  MINIMUM         40    533 AM  20    1905  39      1       43
                                      1903
  AVERAGE         53                        51      2       63

PRECIPITATION (IN)
  YESTERDAY        0.00          1.43 1898   0.07  -0.07     0.08
  MONTH TO DATE    2.11                      1.39   0.72     0.98
  SINCE MAR 1      3.07                      2.69   0.38     1.28
  SINCE JAN 1      4.06                      4.00   0.06     2.25

SNOWFALL (IN)
  YESTERDAY        0.0           3.3  1991   0.1   -0.1      0.0
  MONTH TO DATE    0.6                       3.3   -2.7       T
  SINCE MAR 1      3.1                      12.4   -9.3      0.4
  SINCE JUL 1     27.4                      50.4  -23.0     16.0
  SNOW DEPTH       0

DEGREE DAYS
 HEATING
  YESTERDAY       12                        14     -2        2
  MONTH TO DATE  626                       626      0      530
  SINCE MAR 1   1446                      1778   -332     1497
  SINCE JUL 1   6969                      8456  -1487     7913

 COOLING
  YESTERDAY        0                         0      0        0
  MONTH TO DATE    0                         3     -3        0
  SINCE MAR 1      0                         3     -3        0
  SINCE JAN 1      0                         3     -3        0
..................................................................


WIND (MPH)
  HIGHEST WIND SPEED    28   HIGHEST WIND DIRECTION    NE (50)
  HIGHEST GUST SPEED    36   HIGHEST GUST DIRECTION     E (80)
  AVERAGE WIND SPEED    15.3


SKY COVER
  POSSIBLE SUNSHINE  MM
  AVERAGE SKY COVER 0.0


WEATHER CONDITIONS
 THE FOLLOWING WEATHER WAS RECORDED YESTERDAY.
  NO SIGNIFICANT WEATHER WAS OBSERVED.


RELATIVE HUMIDITY (PERCENT)
 HIGHEST    65           500 AM
 LOWEST     19           400 PM
 AVERAGE    42

..........................................................


THE FARGO HECTOR INTL AP ND CLIMATE NORMALS FOR TODAY
                         NORMAL    RECORD    YEAR
 MAXIMUM TEMPERATURE (F)   65        97      1959
 MINIMUM TEMPERATURE (F)   39        14      1890


SUNRISE AND SUNSET
MAY  1 2016...........SUNRISE   611 AM CDT   SUNSET   838 PM CDT
MAY  2 2016...........SUNRISE   609 AM CDT   SUNSET   840 PM CDT


-  INDICATES NEGATIVE NUMBERS.
R  INDICATES RECORD WAS SET OR TIED.
MM INDICATES DATA IS MISSING.
T  INDICATES TRACE AMOUNT.




$$
