000
CDUS43 KFGF 092149
CLIFAR


CLIMATE REPORT
NATIONAL WEATHER SERVICE EASTERN NORTH DAKOTA/GRAND FORKS
448 PM CDT WED JUL 9 2014


...................................

...THE FARGO HECTOR INTL AP ND CLIMATE SUMMARY FOR JULY 9 2014...
VALID TODAY AS OF 0400 PM LOCAL TIME.

CLIMATE NORMAL PERIOD 1981 TO 2010
CLIMATE RECORD PERIOD 1881 TO 2014


WEATHER ITEM   OBSERVED TIME   RECORD YEAR NORMAL DEPARTURE LAST
                VALUE   (LST)  VALUE       VALUE  FROM      YEAR
                                                  NORMAL
..................................................................
TEMPERATURE (F)
 TODAY
  MAXIMUM         76    228 PM 104    1936  82     -6       78
  MINIMUM         57    319 AM  42    1968  59     -2       60
  AVERAGE         67                        71     -4       69

PRECIPITATION (IN)
  TODAY            0.00          1.20 2003   0.09  -0.09     0.09
  MONTH TO DATE    0.37                      0.97  -0.60     0.26
  SINCE JUN 1      6.06                      4.87   1.19     7.99
  SINCE JAN 1     13.08                     11.68   1.40    20.89

SNOWFALL (IN)
  TODAY            0.0           0.0    MM   0.0    0.0      0.0
  MONTH TO DATE    0.0                       0.0    0.0      0.0
  SINCE JUN 1      0.0                       0.0    0.0      0.0
  SINCE JUL 1      0.0                       0.0    0.0      0.0
  SNOW DEPTH       0

DEGREE DAYS
 HEATING
  TODAY            0                         1     -1        0
  MONTH TO DATE   10                         9      1        0
  SINCE JUN 1     40                        82    -42       62
  SINCE JUL 1     10                         9      1        0

 COOLING
  TODAY            2                         6     -4        4
  MONTH TO DATE   47                        54     -7       93
  SINCE JUN 1    149                       161    -12      239
  SINCE JAN 1    228                       192     36      268
..................................................................


WIND (MPH)
  HIGHEST WIND SPEED    17   HIGHEST WIND DIRECTION     N (360)
  HIGHEST GUST SPEED    24   HIGHEST GUST DIRECTION     N (340)
  AVERAGE WIND SPEED     8.3


SKY COVER
  POSSIBLE SUNSHINE  MM
  AVERAGE SKY COVER 0.1


WEATHER CONDITIONS
 THE FOLLOWING WEATHER WAS RECORDED TODAY.
  NO SIGNIFICANT WEATHER WAS OBSERVED.


RELATIVE HUMIDITY (PERCENT)
 HIGHEST    93           500 AM
 LOWEST     41           200 PM
 AVERAGE    67

..........................................................


THE FARGO HECTOR INTL AP ND CLIMATE NORMALS FOR TOMORROW
                         NORMAL    RECORD    YEAR
 MAXIMUM TEMPERATURE (F)   82       110      1936
 MINIMUM TEMPERATURE (F)   60        41      1945


SUNRISE AND SUNSET
JULY  9 2014..........SUNRISE   542 AM CDT   SUNSET   922 PM CDT
JULY 10 2014..........SUNRISE   543 AM CDT   SUNSET   922 PM CDT


-  INDICATES NEGATIVE NUMBERS.
R  INDICATES RECORD WAS SET OR TIED.
MM INDICATES DATA IS MISSING.
T  INDICATES TRACE AMOUNT.




$$
