000
CDUS43 KFGF 230635
CLIFAR


CLIMATE REPORT
NATIONAL WEATHER SERVICE EASTERN NORTH DAKOTA/GRAND FORKS
134 AM CDT WED AUG 23 2017


...................................

...THE FARGO HECTOR INTL AP ND CLIMATE SUMMARY FOR AUGUST 22 2017...

CLIMATE NORMAL PERIOD 1981 TO 2010
CLIMATE RECORD PERIOD 1881 TO 2017


WEATHER ITEM   OBSERVED TIME   RECORD YEAR NORMAL DEPARTURE LAST
                VALUE   (LST)  VALUE       VALUE  FROM      YEAR
                                                  NORMAL
..................................................................
TEMPERATURE (F)
 YESTERDAY
  MAXIMUM         78    347 PM 101    1947  80     -2       84
  MINIMUM         49    521 AM  36    1890  56     -7       61
  AVERAGE         64                        68     -4       73

PRECIPITATION (IN)
  YESTERDAY        0.00          1.94 1978   0.10  -0.10     0.00
  MONTH TO DATE    2.25                      1.71   0.54     1.26
  SINCE JUN 1      5.81                      8.40  -2.59     9.69
  SINCE JAN 1     10.45                     15.21  -4.76    15.17

SNOWFALL (IN)
  YESTERDAY        0.0           0.0    MM   0.0    0.0      0.0
  MONTH TO DATE    0.0                       0.0    0.0      0.0
  SINCE JUN 1      0.0                       0.0    0.0      0.0
  SINCE JUL 1      0.0                       0.0    0.0      0.0
  SNOW DEPTH       0

DEGREE DAYS
 HEATING
  YESTERDAY        1                         1      0        0
  MONTH TO DATE    3                        18    -15        6
  SINCE JUN 1     45                       107    -62       41
  SINCE JUL 1     10                        34    -24       14

 COOLING
  YESTERDAY        0                         5     -5        8
  MONTH TO DATE   54                       132    -78      143
  SINCE JUN 1    417                       441    -24      518
  SINCE JAN 1    428                       472    -44      566
..................................................................


WIND (MPH)
  HIGHEST WIND SPEED    25   HIGHEST WIND DIRECTION    NW (310)
  HIGHEST GUST SPEED    31   HIGHEST GUST DIRECTION    NW (310)
  AVERAGE WIND SPEED    10.4


SKY COVER
  POSSIBLE SUNSHINE  MM
  AVERAGE SKY COVER 0.0


WEATHER CONDITIONS
 THE FOLLOWING WEATHER WAS RECORDED YESTERDAY.
  NO SIGNIFICANT WEATHER WAS OBSERVED.


RELATIVE HUMIDITY (PERCENT)
 HIGHEST    93           100 AM
 LOWEST     29           300 PM
 AVERAGE    61

..........................................................


THE FARGO HECTOR INTL AP ND CLIMATE NORMALS FOR TODAY
                         NORMAL    RECORD    YEAR
 MAXIMUM TEMPERATURE (F)   80        99      1948
                                             1925
 MINIMUM TEMPERATURE (F)   56        34      1891


SUNRISE AND SUNSET
AUGUST 23 2017........SUNRISE   635 AM CDT   SUNSET   823 PM CDT
AUGUST 24 2017........SUNRISE   637 AM CDT   SUNSET   821 PM CDT


-  INDICATES NEGATIVE NUMBERS.
R  INDICATES RECORD WAS SET OR TIED.
MM INDICATES DATA IS MISSING.
T  INDICATES TRACE AMOUNT.




$$
