000
CDUS43 KFGF 280638
CLIFAR


CLIMATE REPORT
NATIONAL WEATHER SERVICE EASTERN NORTH DAKOTA/GRAND FORKS
1236 AM CST SAT FEB 28 2015


...................................

...THE FARGO HECTOR INTL AP ND CLIMATE SUMMARY FOR FEBRUARY 27 2015...

CLIMATE NORMAL PERIOD 1981 TO 2010
CLIMATE RECORD PERIOD 1881 TO 2015


WEATHER ITEM   OBSERVED TIME   RECORD YEAR NORMAL DEPARTURE LAST
                VALUE   (LST)  VALUE       VALUE  FROM      YEAR
                                                  NORMAL
..................................................................
TEMPERATURE (F)
 YESTERDAY
  MAXIMUM         18    444 PM  57    1895  28    -10       -1
  MINIMUM        -12    606 AM -28    1962  11    -23      -20
  AVERAGE          3                        20    -17      -10

PRECIPITATION (IN)
  YESTERDAY        0.00          0.42 1903   0.03  -0.03     0.00
  MONTH TO DATE    0.57                      0.58  -0.01     0.11
  SINCE DEC 1      1.22                      2.11  -0.89     2.09
  SINCE JAN 1      0.97                      1.28  -0.31     0.88

SNOWFALL (IN)
  YESTERDAY        0.0           4.4  1996   0.3   -0.3      0.0
  MONTH TO DATE    8.1                       6.7    1.4      1.5
  SINCE DEC 1     12.0                      29.1  -17.1     27.3
  SINCE JUL 1     15.6                      37.7  -22.1     27.6
  SNOW DEPTH       3

DEGREE DAYS
 HEATING
  YESTERDAY       62                        45     17       75
  MONTH TO DATE 1549                      1365    184     1622
  SINCE DEC 1   4411                      4671   -260     5373
  SINCE JUL 1   6368                      6633   -265     7214

 COOLING
  YESTERDAY        0                         0      0        0
  MONTH TO DATE    0                         0      0        0
  SINCE DEC 1      0                         0      0        0
  SINCE JAN 1      0                         0      0        0
..................................................................


WIND (MPH)
  HIGHEST WIND SPEED    15   HIGHEST WIND DIRECTION    SW (220)
  HIGHEST GUST SPEED    20   HIGHEST GUST DIRECTION    SW (210)
  AVERAGE WIND SPEED     8.9


SKY COVER
  POSSIBLE SUNSHINE  MM
  AVERAGE SKY COVER 0.0


WEATHER CONDITIONS
 THE FOLLOWING WEATHER WAS RECORDED YESTERDAY.
  NO SIGNIFICANT WEATHER WAS OBSERVED.


RELATIVE HUMIDITY (PERCENT)
 HIGHEST    79           800 AM
 LOWEST     49           400 PM
 AVERAGE    64

..........................................................


THE FARGO HECTOR INTL AP ND CLIMATE NORMALS FOR TODAY
                         NORMAL    RECORD    YEAR
 MAXIMUM TEMPERATURE (F)   28        58      1905
 MINIMUM TEMPERATURE (F)   12       -35      1891


SUNRISE AND SUNSET
FEBRUARY 28 2015......SUNRISE   709 AM CST   SUNSET   611 PM CST
MARCH  1 2015.........SUNRISE   707 AM CST   SUNSET   612 PM CST


-  INDICATES NEGATIVE NUMBERS.
R  INDICATES RECORD WAS SET OR TIED.
MM INDICATES DATA IS MISSING.
T  INDICATES TRACE AMOUNT.




$$
