000
CDUS43 KFGF 010637
CLIFAR


CLIMATE REPORT
NATIONAL WEATHER SERVICE EASTERN NORTH DAKOTA/GRAND FORKS
136 AM CDT SAT OCT 1 2016


...................................

...THE FARGO HECTOR INTL AP ND CLIMATE SUMMARY FOR SEPTEMBER 30 2016...

CLIMATE NORMAL PERIOD 1981 TO 2010
CLIMATE RECORD PERIOD 1881 TO 2016


WEATHER ITEM   OBSERVED TIME   RECORD YEAR NORMAL DEPARTURE LAST
                VALUE   (LST)  VALUE       VALUE  FROM      YEAR
                                                  NORMAL
..................................................................
TEMPERATURE (F)
 YESTERDAY
  MAXIMUM         73    255 PM  90    1976  64      9       72
  MINIMUM         50    655 AM  17    1883  41      9       51
  AVERAGE         62                        53      9       62

PRECIPITATION (IN)
  YESTERDAY        0.00          1.48 1971   0.08  -0.08     0.00
  MONTH TO DATE    2.60                      2.57   0.03     1.23
  SINCE SEP 1      2.60                      2.57   0.03     1.23
  SINCE JAN 1     18.07                     18.63  -0.56    18.15

SNOWFALL (IN)
  YESTERDAY        0.0           T    1981   0.0    0.0      0.0
  MONTH TO DATE    0.0                       0.0    0.0      0.0
  SINCE SEP 1      0.0                       0.0    0.0      0.0
  SINCE JUL 1      0.0                       0.0    0.0      0.0
  SNOW DEPTH       0

DEGREE DAYS
 HEATING
  YESTERDAY        3                        13    -10        3
  MONTH TO DATE  112                       220   -108       97
  SINCE SEP 1    112                       220   -108       97
  SINCE JUL 1    129                       270   -141      141

 COOLING
  YESTERDAY        0                         0      0        0
  MONTH TO DATE   50                        43      7      124
  SINCE SEP 1     50                        43      7      124
  SINCE JAN 1    653                       548    105      666
..................................................................


WIND (MPH)
  HIGHEST WIND SPEED    18   HIGHEST WIND DIRECTION    SE (140)
  HIGHEST GUST SPEED    25   HIGHEST GUST DIRECTION    SE (140)
  AVERAGE WIND SPEED    11.4


SKY COVER
  POSSIBLE SUNSHINE  MM
  AVERAGE SKY COVER 0.0


WEATHER CONDITIONS
 THE FOLLOWING WEATHER WAS RECORDED YESTERDAY.
  HAZE


RELATIVE HUMIDITY (PERCENT)
 HIGHEST    86           600 AM
 LOWEST     41           300 PM
 AVERAGE    64

..........................................................


THE FARGO HECTOR INTL AP ND CLIMATE NORMALS FOR TODAY
                         NORMAL    RECORD    YEAR
 MAXIMUM TEMPERATURE (F)   64        90      1992
                                             1953
 MINIMUM TEMPERATURE (F)   41        10      1886


SUNRISE AND SUNSET
OCTOBER  1 2016.......SUNRISE   727 AM CDT   SUNSET   706 PM CDT
OCTOBER  2 2016.......SUNRISE   728 AM CDT   SUNSET   704 PM CDT


-  INDICATES NEGATIVE NUMBERS.
R  INDICATES RECORD WAS SET OR TIED.
MM INDICATES DATA IS MISSING.
T  INDICATES TRACE AMOUNT.




$$
