518
CDUS43 KFGF 312151
CLIFAR


CLIMATE REPORT
NATIONAL WEATHER SERVICE EASTERN NORTH DAKOTA/GRAND FORKS
450 PM CDT WED AUG 31 2016


...................................

...THE FARGO HECTOR INTL AP ND CLIMATE SUMMARY FOR AUGUST 31 2016...
VALID TODAY AS OF 0400 PM LOCAL TIME.

CLIMATE NORMAL PERIOD 1981 TO 2010
CLIMATE RECORD PERIOD 1881 TO 2016


WEATHER ITEM   OBSERVED TIME   RECORD YEAR NORMAL DEPARTURE LAST
                VALUE   (LST)  VALUE       VALUE  FROM      YEAR
                                                  NORMAL
..................................................................
TEMPERATURE (F)
 TODAY
  MAXIMUM         80    217 PM  95    1953  78      2       82
  MINIMUM         52    542 AM  32    1886  54     -2       62
  AVERAGE         66                        66      0       72

PRECIPITATION (IN)
  TODAY            0.00          1.92 1989   0.09  -0.09     0.00
  MONTH TO DATE    1.56                      2.56  -1.00     1.29
  SINCE JUN 1      9.99                      9.25   0.74     6.82
  SINCE JAN 1     15.47                     16.06  -0.59    16.92

SNOWFALL (IN)
  TODAY            0.0           0.0    MM   0.0    0.0      0.0
  MONTH TO DATE    0.0                       0.0    0.0      0.0
  SINCE JUN 1      0.0                       0.0    0.0      0.0
  SINCE JUL 1      0.0                       0.0    0.0      0.0
  SNOW DEPTH       0

DEGREE DAYS
 HEATING
  TODAY            0                         3     -3        0
  MONTH TO DATE    9                        36    -27       32
  SINCE JUN 1     44                       123    -79       67
  SINCE JUL 1     17                        50    -33       44

 COOLING
  TODAY            1                         3     -2        7
  MONTH TO DATE  180                       165     15      177
  SINCE JUN 1    555                       474     81      527
  SINCE JAN 1    603                       505     98      542
..................................................................


WIND (MPH)
  HIGHEST WIND SPEED    13   HIGHEST WIND DIRECTION     N (10)
  HIGHEST GUST SPEED    18   HIGHEST GUST DIRECTION    NE (30)
  AVERAGE WIND SPEED     3.6


SKY COVER
  POSSIBLE SUNSHINE  MM
  AVERAGE SKY COVER 0.0


WEATHER CONDITIONS
 THE FOLLOWING WEATHER WAS RECORDED TODAY.
  FOG


RELATIVE HUMIDITY (PERCENT)
 HIGHEST   100           500 AM
 LOWEST     39           100 PM
 AVERAGE    70

..........................................................


THE FARGO HECTOR INTL AP ND CLIMATE NORMALS FOR TOMORROW
                         NORMAL    RECORD    YEAR
 MAXIMUM TEMPERATURE (F)   77        98      1894
 MINIMUM TEMPERATURE (F)   53        34      1885


SUNRISE AND SUNSET
AUGUST 31 2016........SUNRISE   646 AM CDT   SUNSET   808 PM CDT
SEPTEMBER  1 2016.....SUNRISE   647 AM CDT   SUNSET   806 PM CDT


-  INDICATES NEGATIVE NUMBERS.
R  INDICATES RECORD WAS SET OR TIED.
MM INDICATES DATA IS MISSING.
T  INDICATES TRACE AMOUNT.




$$
