000
CDUS43 KFGF 240632
CLIFAR


CLIMATE REPORT
NATIONAL WEATHER SERVICE EASTERN NORTH DAKOTA/GRAND FORKS
131 AM CDT WED MAY 24 2017


...................................

...THE FARGO HECTOR INTL AP ND CLIMATE SUMMARY FOR MAY 23 2017...

CLIMATE NORMAL PERIOD 1981 TO 2010
CLIMATE RECORD PERIOD 1881 TO 2017


WEATHER ITEM   OBSERVED TIME   RECORD YEAR NORMAL DEPARTURE LAST
                VALUE   (LST)  VALUE       VALUE  FROM      YEAR
                                                  NORMAL
..................................................................
TEMPERATURE (F)
 YESTERDAY
  MAXIMUM         61    444 PM  92    1928  71    -10       84
  MINIMUM         43   1154 PM  31    1924  48     -5       60
  AVERAGE         52                        59     -7       72

PRECIPITATION (IN)
  YESTERDAY        0.02          1.50 1962   0.10  -0.08     0.02
                                      1903
  MONTH TO DATE    1.01                      2.01  -1.00     0.10
  SINCE MAR 1      2.74                      4.70  -1.96     3.17
  SINCE JAN 1      4.51                      6.01  -1.50     4.16

SNOWFALL (IN)
  YESTERDAY        0.0           T    1924   0.0    0.0      0.0
                                      1897
  MONTH TO DATE    0.0                       0.0    0.0       T
  SINCE MAR 1      3.8                      12.4   -8.6      3.1
  SINCE JUL 1     33.1                      50.4  -17.3     27.4
  SNOW DEPTH       0

DEGREE DAYS
 HEATING
  YESTERDAY       13                         7      6        0
  MONTH TO DATE  204                       227    -23      171
  SINCE MAR 1   1872                      2005   -133     1617
  SINCE JUL 1   7370                      8683  -1313     7140

 COOLING
  YESTERDAY        0                         1     -1        7
  MONTH TO DATE   11                        19     -8       30
  SINCE MAR 1     11                        22    -11       30
  SINCE JAN 1     11                        22    -11       30
..................................................................


WIND (MPH)
  HIGHEST WIND SPEED    23   HIGHEST WIND DIRECTION     N (10)
  HIGHEST GUST SPEED    29   HIGHEST GUST DIRECTION     N (10)
  AVERAGE WIND SPEED    14.6


SKY COVER
  POSSIBLE SUNSHINE  MM
  AVERAGE SKY COVER 0.9


WEATHER CONDITIONS
 THE FOLLOWING WEATHER WAS RECORDED YESTERDAY.
  LIGHT RAIN
  FOG


RELATIVE HUMIDITY (PERCENT)
 HIGHEST    93          1200 AM
 LOWEST     57           300 PM
 AVERAGE    75

..........................................................


THE FARGO HECTOR INTL AP ND CLIMATE NORMALS FOR TODAY
                         NORMAL    RECORD    YEAR
 MAXIMUM TEMPERATURE (F)   72        90      2014
                                             2010
 MINIMUM TEMPERATURE (F)   48        26      2002
                                             1897


SUNRISE AND SUNSET
MAY 24 2017...........SUNRISE   542 AM CDT   SUNSET   906 PM CDT
MAY 25 2017...........SUNRISE   541 AM CDT   SUNSET   908 PM CDT


-  INDICATES NEGATIVE NUMBERS.
R  INDICATES RECORD WAS SET OR TIED.
MM INDICATES DATA IS MISSING.
T  INDICATES TRACE AMOUNT.




$$
