000
CDUS43 KFGF 260642
CLIFAR


CLIMATE REPORT
NATIONAL WEATHER SERVICE EASTERN NORTH DAKOTA/GRAND FORKS
1241 AM CST WED NOV 26 2014


...................................

...THE FARGO HECTOR INTL AP ND CLIMATE SUMMARY FOR NOVEMBER 25 2014...

CLIMATE NORMAL PERIOD 1981 TO 2010
CLIMATE RECORD PERIOD 1881 TO 2014


WEATHER ITEM   OBSERVED TIME   RECORD YEAR NORMAL DEPARTURE LAST
                VALUE   (LST)  VALUE       VALUE  FROM      YEAR
                                                  NORMAL
..................................................................
TEMPERATURE (F)
 YESTERDAY
  MAXIMUM         27    407 PM  57    1984  31     -4       37
  MINIMUM          8   1204 AM -22    1886  15     -7       22
  AVERAGE         18                        23     -5       30

PRECIPITATION (IN)
  YESTERDAY        0.03          0.51 1993   0.03   0.00      T
  MONTH TO DATE    0.62                      0.86  -0.24     0.40
  SINCE SEP 1      3.40                      5.58  -2.18     8.97
  SINCE JAN 1     19.86                     21.64  -1.78    30.89

SNOWFALL (IN)
  YESTERDAY        0.3           7.8  1993   0.3    0.0       T
  MONTH TO DATE    2.7                       6.1   -3.4      0.3
  SINCE SEP 1      2.7                       6.8   -4.1      0.3
  SINCE JUL 1      2.7                       6.8   -4.1      0.3
  SNOW DEPTH       1

DEGREE DAYS
 HEATING
  YESTERDAY       47                        42      5       35
  MONTH TO DATE  975                       867    108      863
  SINCE SEP 1   1642                      1693    -51     1573
  SINCE JUL 1   1674                      1743    -69     1607

 COOLING
  YESTERDAY        0                         0      0        0
  MONTH TO DATE    0                         0      0        0
  SINCE SEP 1     43                        46     -3       81
  SINCE JAN 1    544                       551     -7      699
..................................................................


WIND (MPH)
  HIGHEST WIND SPEED    22   HIGHEST WIND DIRECTION     N (10)
  HIGHEST GUST SPEED    28   HIGHEST GUST DIRECTION     N (10)
  AVERAGE WIND SPEED     7.3


SKY COVER
  POSSIBLE SUNSHINE  MM
  AVERAGE SKY COVER 1.0


WEATHER CONDITIONS
 THE FOLLOWING WEATHER WAS RECORDED YESTERDAY.
  LIGHT SNOW
  FOG


RELATIVE HUMIDITY (PERCENT)
 HIGHEST    88          1100 PM
 LOWEST     67           300 AM
 AVERAGE    78

..........................................................


THE FARGO HECTOR INTL AP ND CLIMATE NORMALS FOR TODAY
                         NORMAL    RECORD    YEAR
 MAXIMUM TEMPERATURE (F)   31        54      1962
 MINIMUM TEMPERATURE (F)   14       -19      1996


SUNRISE AND SUNSET
NOVEMBER 26 2014......SUNRISE   746 AM CST   SUNSET   443 PM CST
NOVEMBER 27 2014......SUNRISE   747 AM CST   SUNSET   443 PM CST


-  INDICATES NEGATIVE NUMBERS.
R  INDICATES RECORD WAS SET OR TIED.
MM INDICATES DATA IS MISSING.
T  INDICATES TRACE AMOUNT.




$$
