000
CDUS43 KFGF 180637
CLIFAR


CLIMATE REPORT
NATIONAL WEATHER SERVICE EASTERN NORTH DAKOTA/GRAND FORKS
136 AM CDT WED OCT 18 2017


...................................

...THE FARGO HECTOR INTL AP ND CLIMATE SUMMARY FOR OCTOBER 17 2017...

CLIMATE NORMAL PERIOD 1981 TO 2010
CLIMATE RECORD PERIOD 1881 TO 2017


WEATHER ITEM   OBSERVED TIME   RECORD YEAR NORMAL DEPARTURE LAST
                VALUE   (LST)  VALUE       VALUE  FROM      YEAR
                                                  NORMAL
..................................................................
TEMPERATURE (F)
 YESTERDAY
  MAXIMUM         76    334 PM  90    1910  56     20       57
  MINIMUM         37    709 AM  13    1976  35      2       44
                                      1952
  AVERAGE         57                        45     12       51

PRECIPITATION (IN)
  YESTERDAY        0.00          1.25 1883   0.07  -0.07     0.26
  MONTH TO DATE    0.70                      1.32  -0.62     1.18
  SINCE SEP 1      3.53                      3.89  -0.36     3.78
  SINCE JAN 1     14.03                     19.95  -5.92    19.25

SNOWFALL (IN)
  YESTERDAY        0.0           1.3  1990   0.0    0.0      0.0
  MONTH TO DATE    0.0                       0.2   -0.2      0.0
  SINCE SEP 1      0.0                       0.2   -0.2      0.0
  SINCE JUL 1      0.0                       0.2   -0.2      0.0
  SNOW DEPTH       0

DEGREE DAYS
 HEATING
  YESTERDAY        8                        20    -12       14
  MONTH TO DATE  239                       278    -39      223
  SINCE SEP 1    391                       498   -107      335
  SINCE JUL 1    407                       548   -141      352

 COOLING
  YESTERDAY        0                         0      0        0
  MONTH TO DATE    0                         0      0        8
  SINCE SEP 1     69                        43     26       58
  SINCE JAN 1    516                       548    -32      661
..................................................................


WIND (MPH)
  HIGHEST WIND SPEED    20   HIGHEST WIND DIRECTION     S (200)
  HIGHEST GUST SPEED    30   HIGHEST GUST DIRECTION     S (190)
  AVERAGE WIND SPEED    10.9


SKY COVER
  POSSIBLE SUNSHINE  MM
  AVERAGE SKY COVER 0.0


WEATHER CONDITIONS
 THE FOLLOWING WEATHER WAS RECORDED YESTERDAY.
  NO SIGNIFICANT WEATHER WAS OBSERVED.


RELATIVE HUMIDITY (PERCENT)
 HIGHEST    85           300 AM
 LOWEST     27           200 PM
 AVERAGE    56

..........................................................


THE FARGO HECTOR INTL AP ND CLIMATE NORMALS FOR TODAY
                         NORMAL    RECORD    YEAR
 MAXIMUM TEMPERATURE (F)   55        79      1953
                                             1914
 MINIMUM TEMPERATURE (F)   35        10      1972


SUNRISE AND SUNSET
OCTOBER 18 2017.......SUNRISE   750 AM CDT   SUNSET   634 PM CDT
OCTOBER 19 2017.......SUNRISE   751 AM CDT   SUNSET   632 PM CDT


-  INDICATES NEGATIVE NUMBERS.
R  INDICATES RECORD WAS SET OR TIED.
MM INDICATES DATA IS MISSING.
T  INDICATES TRACE AMOUNT.




$$
