000
CDUS46 KHNX 280024
CLIFAT


CLIMATE REPORT
NATIONAL WEATHER SERVICE SAN JOAQUIN VALLEY, CA
423 PM PST MON FEB 27 2017


...................................

...THE FRESNO CA CLIMATE SUMMARY FOR FEBRUARY 27 2017...
VALID AS OF 0400 PM LOCAL TIME.

CLIMATE NORMAL PERIOD 1981 TO 2010
CLIMATE RECORD PERIOD 1887 TO 2017


WEATHER ITEM   OBSERVED TIME   RECORD YEAR NORMAL DEPARTURE LAST
                VALUE   (LST)  VALUE       VALUE  FROM      YEAR
                                                  NORMAL
..................................................................
TEMPERATURE (F)
 TODAY
  MAXIMUM         58    325 PM  79    1992  65     -7       72
                                      1888
  MINIMUM         45    546 AM  26    1962  44      1       50
  AVERAGE         52                        54     -2       61

PRECIPITATION (IN)
  TODAY            T             1.87 2000   0.07  -0.07     0.00
  MONTH TO DATE    2.52                      1.96   0.56     0.33
  SINCE OCT 1     12.58                      7.62   4.96     9.95
  SINCE JAN 1      8.02                      4.15   3.87     4.75

SNOWFALL (IN)
  TODAY            0.0
  MONTH TO DATE    0.0
  SINCE DEC 1      0.0
  SINCE JUL 1      0.0
  SNOW DEPTH       0

DEGREE DAYS
 HEATING
  TODAY           13                        11      2        4
  MONTH TO DATE  285                       365    -80      255
  SINCE DEC 1   1343                      1512   -169     1298
  SINCE JUL 1   1594                      1900   -306     1688

 COOLING
  TODAY            0                         0      0        0
  MONTH TO DATE    0                         0      0        0
  SINCE DEC 1      0                         0      0        0
  SINCE JAN 1      0                         0      0        0
..................................................................


WIND (MPH)
  HIGHEST WIND SPEED    16   HIGHEST WIND DIRECTION    NW (310)
  HIGHEST GUST SPEED    25   HIGHEST GUST DIRECTION    NW (300)
  AVERAGE WIND SPEED     5.0




RELATIVE HUMIDITY (PERCENT)
 HIGHEST    93
 LOWEST     47
 AVERAGE    70

..........................................................


THE FRESNO CA CLIMATE NORMALS FOR TOMORROW
                         NORMAL    RECORD    YEAR
 MAXIMUM TEMPERATURE (F)   65        79      1926
 MINIMUM TEMPERATURE (F)   44        28      1962


SUNRISE AND SUNSET
FEBRUARY 27 2017......SUNRISE   632 AM PST   SUNSET   552 PM PST
FEBRUARY 28 2017......SUNRISE   630 AM PST   SUNSET   553 PM PST


-  INDICATES NEGATIVE NUMBERS.
R  INDICATES RECORD WAS SET OR TIED.
MM INDICATES DATA IS MISSING.
T  INDICATES TRACE AMOUNT.




$$
