000
CDUS46 KHNX 230822
CLIFAT


CLIMATE REPORT
NATIONAL WEATHER SERVICE SAN JOAQUIN VALLEY, CA
122 AM PDT TUE SEP 23 2014


...................................

...THE FRESNO CA CLIMATE SUMMARY FOR SEPTEMBER 22 2014...

CLIMATE NORMAL PERIOD 1981 TO 2010
CLIMATE RECORD PERIOD 1887 TO 2014


WEATHER ITEM   OBSERVED TIME   RECORD YEAR NORMAL DEPARTURE
                VALUE   (LST)  VALUE       VALUE  FROM
                                                  NORMAL
...............................................................
TEMPERATURE (F)
 YESTERDAY
  MAXIMUM         92    422 PM 104    1949  89      3
                                      1928
  MINIMUM         64    604 AM  41    1968  60      4
  AVERAGE         78                        75      3

PRECIPITATION (IN)
  YESTERDAY        0.00          0.47 1887   0.01  -0.01
  MONTH TO DATE    T                         0.10  -0.10
  SINCE JUL 1      0.01                      0.12  -0.11
  SINCE JAN 1      4.09                      7.96  -3.87

SNOWFALL (IN)
  YESTERDAY        0.0
  MONTH TO DATE    0.0
  SINCE SEP 1      0.0
  SINCE JUL 1      0.0
  SNOW DEPTH       0

DEGREE DAYS
 HEATING
  YESTERDAY        0                                0
  MONTH TO DATE    0                                0
  SINCE SEP 1      0                                0
  SINCE JUL 1      0                                0

 COOLING
  YESTERDAY       13                                3
  MONTH TO DATE  406                              136
  SINCE SEP 1    406                              136
  SINCE JAN 1   2627                              673
...............................................................


WIND (MPH)
  HIGHEST WIND SPEED    13   HIGHEST WIND DIRECTION    NW (310)
  HIGHEST GUST SPEED    18   HIGHEST GUST DIRECTION    NW (320)
  AVERAGE WIND SPEED     5.6




RELATIVE HUMIDITY (PERCENT)
 HIGHEST    73
 LOWEST     28
 AVERAGE    51

..........................................................


THE FRESNO CA CLIMATE NORMALS FOR TODAY
                         NORMAL    RECORD    YEAR
 MAXIMUM TEMPERATURE (F)   89       105      1949
 MINIMUM TEMPERATURE (F)   60        47      1968
                                             1945


SUNRISE AND SUNSET
SEPTEMBER 23 2014.....SUNRISE   648 AM PDT   SUNSET   654 PM PDT
SEPTEMBER 24 2014.....SUNRISE   648 AM PDT   SUNSET   653 PM PDT


-  INDICATES NEGATIVE NUMBERS.
R  INDICATES RECORD WAS SET OR TIED.
MM INDICATES DATA IS MISSING.
T  INDICATES TRACE AMOUNT.




$$
