000
CDUS46 KHNX 300024
CLIFAT


CLIMATE REPORT
NATIONAL WEATHER SERVICE SAN JOAQUIN VALLEY, CA
523 PM PDT FRI JUL 29 2016


...................................

...THE FRESNO CA CLIMATE SUMMARY FOR JULY 29 2016...
VALID AS OF 0400 PM LOCAL TIME.

CLIMATE NORMAL PERIOD 1981 TO 2010
CLIMATE RECORD PERIOD 1887 TO 2016


WEATHER ITEM   OBSERVED TIME   RECORD YEAR NORMAL DEPARTURE LAST
                VALUE   (LST)  VALUE       VALUE  FROM      YEAR
                                                  NORMAL
..................................................................
TEMPERATURE (F)
 TODAY
  MAXIMUM        109    312 PM 113    1898  99     10      108
  MINIMUM         75    539 AM  57    1950  68      7       70
                                      1919
                                      1899
  AVERAGE         92                        84      8       89

PRECIPITATION (IN)
  TODAY            0.00          T    2003   0.00   0.00     0.00
                                      1972
                                      1960
  MONTH TO DATE    0.00                      0.01  -0.01     0.43
  SINCE OCT 1     14.29                     11.32   2.97     6.85
  SINCE JAN 1      9.09                      7.85   1.24     3.66

SNOWFALL (IN)
  TODAY            0.0
  MONTH TO DATE    0.0
  SINCE JUN 1      0.0
  SINCE JUL 1      0.0
  SNOW DEPTH       0

DEGREE DAYS
 HEATING
  TODAY            0                         0      0        0
  MONTH TO DATE    0                         0      0        0
  SINCE JUN 1      0                         3     -3        0
  SINCE JUL 1      0                         0      0        0

 COOLING
  TODAY           27                        19      8       24
  MONTH TO DATE  546                       524     22      517
  SINCE JUN 1   1033                       893    140     1030
  SINCE JAN 1   1311                      1134    177     1303
..................................................................


WIND (MPH)
  HIGHEST WIND SPEED    10   HIGHEST WIND DIRECTION    NW (310)
  HIGHEST GUST SPEED    14   HIGHEST GUST DIRECTION     W (280)
  AVERAGE WIND SPEED     3.7




RELATIVE HUMIDITY (PERCENT)
 HIGHEST    50
 LOWEST      7
 AVERAGE    29

..........................................................


THE FRESNO CA CLIMATE NORMALS FOR TOMORROW
                         NORMAL    RECORD    YEAR
 MAXIMUM TEMPERATURE (F)   99       114      1898
 MINIMUM TEMPERATURE (F)   68        57      1975
                                             1919


SUNRISE AND SUNSET
JULY 29 2016..........SUNRISE   603 AM PDT   SUNSET   807 PM PDT
JULY 30 2016..........SUNRISE   603 AM PDT   SUNSET   807 PM PDT


-  INDICATES NEGATIVE NUMBERS.
R  INDICATES RECORD WAS SET OR TIED.
MM INDICATES DATA IS MISSING.
T  INDICATES TRACE AMOUNT.




$$
