331
CDUS46 KHNX 230827
CLIFAT


CLIMATE REPORT
NATIONAL WEATHER SERVICE SAN JOAQUIN VALLEY, CA
1226 AM PST MON JAN 23 2017


...................................

...THE FRESNO CA CLIMATE SUMMARY FOR JANUARY 22 2017...

CLIMATE NORMAL PERIOD 1981 TO 2010
CLIMATE RECORD PERIOD 1887 TO 2017


WEATHER ITEM   OBSERVED TIME   RECORD YEAR NORMAL DEPARTURE
                VALUE   (LST)  VALUE       VALUE  FROM
                                                  NORMAL
...............................................................
TEMPERATURE (F)
 YESTERDAY
  MAXIMUM         56    946 AM  70    1994  56      0
                                      1970
  MINIMUM         47   1151 PM  25    1945  39      8
  AVERAGE         52                        47      5

PRECIPITATION (IN)
  YESTERDAY        0.40          1.48 1983   0.06   0.34
  MONTH TO DATE    5.40                      1.56   3.84
  SINCE OCT 1      9.96                      5.03   4.93
  SINCE JAN 1      5.40                      1.56   3.84

SNOWFALL (IN)
  YESTERDAY       MM
  MONTH TO DATE    0.0
  SINCE DEC 1      0.0
  SINCE JUL 1      0.0
  SNOW DEPTH       0

DEGREE DAYS
 HEATING
  YESTERDAY       13                               -5
  MONTH TO DATE  350                              -67
  SINCE DEC 1    894                              -98
  SINCE JUL 1   1145                             -235

 COOLING
  YESTERDAY        0                                0
  MONTH TO DATE    0                                0
  SINCE DEC 1      0                                0
  SINCE JAN 1      0                                0
...............................................................


WIND (MPH)
  HIGHEST WIND SPEED    18   HIGHEST WIND DIRECTION    SE (120)
  HIGHEST GUST SPEED    23   HIGHEST GUST DIRECTION     E (90)
  AVERAGE WIND SPEED     8.9




RELATIVE HUMIDITY (PERCENT)
 HIGHEST    89
 LOWEST     66
 AVERAGE    78

..........................................................


THE FRESNO CA CLIMATE NORMALS FOR TODAY
                         NORMAL    RECORD    YEAR
 MAXIMUM TEMPERATURE (F)   56        72      1948
 MINIMUM TEMPERATURE (F)   39        25      1962
                                             1937


SUNRISE AND SUNSET
JANUARY 23 2017.......SUNRISE   707 AM PST   SUNSET   515 PM PST
JANUARY 24 2017.......SUNRISE   706 AM PST   SUNSET   516 PM PST


-  INDICATES NEGATIVE NUMBERS.
R  INDICATES RECORD WAS SET OR TIED.
MM INDICATES DATA IS MISSING.
T  INDICATES TRACE AMOUNT.




$$
