000
CDUS46 KHNX 240822
CLIFAT


CLIMATE REPORT
NATIONAL WEATHER SERVICE SAN JOAQUIN VALLEY, CA
121 AM PDT FRI OCT 24 2014


...................................

...THE FRESNO CA CLIMATE SUMMARY FOR OCTOBER 23 2014...

CLIMATE NORMAL PERIOD 1981 TO 2010
CLIMATE RECORD PERIOD 1887 TO 2014


WEATHER ITEM   OBSERVED TIME   RECORD YEAR NORMAL DEPARTURE
                VALUE   (LST)  VALUE       VALUE  FROM
                                                  NORMAL
...............................................................
TEMPERATURE (F)
 YESTERDAY
  MAXIMUM         80    349 PM  90    1965  76      4
                                      1929
  MINIMUM         54    553 AM  35    1975  51      3
                                      1961
  AVERAGE         67                        64      3

PRECIPITATION (IN)
  YESTERDAY        0.00          1.17 1889   0.03  -0.03
  MONTH TO DATE    0.00                      0.39  -0.39
  SINCE JUL 1      0.19                      0.58  -0.39
  SINCE JAN 1      4.27                      8.42  -4.15

SNOWFALL (IN)
  YESTERDAY        0.0
  MONTH TO DATE    0.0
  SINCE SEP 1      0.0
  SINCE JUL 1      0.0
  SNOW DEPTH       0

DEGREE DAYS
 HEATING
  YESTERDAY        0                               -3
  MONTH TO DATE    0                              -29
  SINCE SEP 1      0                              -31
  SINCE JUL 1      0                              -31

 COOLING
  YESTERDAY        2                                1
  MONTH TO DATE  214                              120
  SINCE SEP 1    693                              261
  SINCE JAN 1   2914                              798
...............................................................


WIND (MPH)
  HIGHEST WIND SPEED     8   HIGHEST WIND DIRECTION    NW (320)
  HIGHEST GUST SPEED    13   HIGHEST GUST DIRECTION     W (280)
  AVERAGE WIND SPEED     2.0




RELATIVE HUMIDITY (PERCENT)
 HIGHEST    71
 LOWEST     26
 AVERAGE    49

..........................................................


THE FRESNO CA CLIMATE NORMALS FOR TODAY
                         NORMAL    RECORD    YEAR
 MAXIMUM TEMPERATURE (F)   76        95      1959
 MINIMUM TEMPERATURE (F)   51        36      1956


SUNRISE AND SUNSET
OCTOBER 24 2014.......SUNRISE   715 AM PDT   SUNSET   611 PM PDT
OCTOBER 25 2014.......SUNRISE   716 AM PDT   SUNSET   610 PM PDT


-  INDICATES NEGATIVE NUMBERS.
R  INDICATES RECORD WAS SET OR TIED.
MM INDICATES DATA IS MISSING.
T  INDICATES TRACE AMOUNT.




$$
