000
CDUS46 KHNX 280826
CLIFAT


CLIMATE REPORT
NATIONAL WEATHER SERVICE SAN JOAQUIN VALLEY, CA
125 AM PDT MON JUL 28 2014


...................................

...THE FRESNO CA CLIMATE SUMMARY FOR JULY 27 2014...

CLIMATE NORMAL PERIOD 1981 TO 2010
CLIMATE RECORD PERIOD 1887 TO 2014


WEATHER ITEM   OBSERVED TIME   RECORD YEAR NORMAL DEPARTURE
                VALUE   (LST)  VALUE       VALUE  FROM
                                                  NORMAL
...............................................................
TEMPERATURE (F)
 YESTERDAY
  MAXIMUM        108    412 PM 114    1933  99      9
                                      1898
  MINIMUM         77    529 AM  52    1897  68      9
  AVERAGE         93                        84      9

PRECIPITATION (IN)
  YESTERDAY        0.00          T    1908   0.00   0.00
  MONTH TO DATE    0.01                      0.01   0.00
  SINCE JUL 1      0.01                      0.01   0.00
  SINCE JAN 1      4.09                      7.85  -3.76

SNOWFALL (IN)
  YESTERDAY        0.0
  MONTH TO DATE    0.0
  SINCE JUN 1      0.0
  SINCE JUL 1      0.0
  SNOW DEPTH       0

DEGREE DAYS
 HEATING
  YESTERDAY        0                                0
  MONTH TO DATE    0                                0
  SINCE JUN 1      0                               -3
  SINCE JUL 1      0                                0

 COOLING
  YESTERDAY       28                                9
  MONTH TO DATE  583                               97
  SINCE JUN 1   1068                              213
  SINCE JAN 1   1511                              415
...............................................................


WIND (MPH)
  HIGHEST WIND SPEED    16   HIGHEST WIND DIRECTION    NW (300)
  HIGHEST GUST SPEED    22   HIGHEST GUST DIRECTION    NW (310)
  AVERAGE WIND SPEED     8.0




RELATIVE HUMIDITY (PERCENT)
 HIGHEST    39
 LOWEST     11
 AVERAGE    25

..........................................................


THE FRESNO CA CLIMATE NORMALS FOR TODAY
                         NORMAL    RECORD    YEAR
 MAXIMUM TEMPERATURE (F)   99       110      1980
                                             1898
 MINIMUM TEMPERATURE (F)   68        55      1892


SUNRISE AND SUNSET
JULY 28 2014..........SUNRISE   601 AM PDT   SUNSET   809 PM PDT
JULY 29 2014..........SUNRISE   602 AM PDT   SUNSET   808 PM PDT


-  INDICATES NEGATIVE NUMBERS.
R  INDICATES RECORD WAS SET OR TIED.
MM INDICATES DATA IS MISSING.
T  INDICATES TRACE AMOUNT.




$$
