000
CDUS46 KHNX 300824
CLIFAT


CLIMATE REPORT
NATIONAL WEATHER SERVICE SAN JOAQUIN VALLEY, CA
124 AM PDT TUE AUG 30 2016


...................................

...THE FRESNO CA CLIMATE SUMMARY FOR AUGUST 29 2016...

CLIMATE NORMAL PERIOD 1981 TO 2010
CLIMATE RECORD PERIOD 1887 TO 2016


WEATHER ITEM   OBSERVED TIME   RECORD YEAR NORMAL DEPARTURE
                VALUE   (LST)  VALUE       VALUE  FROM
                                                  NORMAL
...............................................................
TEMPERATURE (F)
 YESTERDAY
  MAXIMUM         96    313 PM 109    1915  95      1
  MINIMUM         65    624 AM  52    1895  65      0
  AVERAGE         81                        80      1

PRECIPITATION (IN)
  YESTERDAY        0.00          T    2000   0.00   0.00
                                      1931
                                      1896
  MONTH TO DATE    0.00                      0.01  -0.01
  SINCE OCT 1     14.29                     11.33   2.96
  SINCE JAN 1      9.09                      7.86   1.23

SNOWFALL (IN)
  YESTERDAY        0.0
  MONTH TO DATE    0.0
  SINCE JUN 1      0.0
  SINCE JUL 1      0.0
  SNOW DEPTH       0

DEGREE DAYS
 HEATING
  YESTERDAY        0                                0
  MONTH TO DATE    0                                0
  SINCE JUN 1      0                               -3
  SINCE JUL 1      0                                0

 COOLING
  YESTERDAY       16                                1
  MONTH TO DATE  520                               35
  SINCE JUN 1   1605                              193
  SINCE JAN 1   1883                              230
...............................................................


WIND (MPH)
  HIGHEST WIND SPEED    15   HIGHEST WIND DIRECTION    NW (310)
  HIGHEST GUST SPEED    19   HIGHEST GUST DIRECTION    NW (300)
  AVERAGE WIND SPEED     6.6




RELATIVE HUMIDITY (PERCENT)
 HIGHEST    73
 LOWEST     19
 AVERAGE    46

..........................................................


THE FRESNO CA CLIMATE NORMALS FOR TODAY
                         NORMAL    RECORD    YEAR
 MAXIMUM TEMPERATURE (F)   95       109      1988
 MINIMUM TEMPERATURE (F)   65        49      1966


SUNRISE AND SUNSET
AUGUST 30 2016........SUNRISE   629 AM PDT   SUNSET   729 PM PDT
AUGUST 31 2016........SUNRISE   630 AM PDT   SUNSET   728 PM PDT


-  INDICATES NEGATIVE NUMBERS.
R  INDICATES RECORD WAS SET OR TIED.
MM INDICATES DATA IS MISSING.
T  INDICATES TRACE AMOUNT.




$$
