000
CDUS46 KHNX 010823
CLIFAT


CLIMATE REPORT
NATIONAL WEATHER SERVICE SAN JOAQUIN VALLEY, CA
122 AM PDT WED OCT 1 2014


...................................

...THE FRESNO CA CLIMATE SUMMARY FOR SEPTEMBER 30 2014...

CLIMATE NORMAL PERIOD 1981 TO 2010
CLIMATE RECORD PERIOD 1887 TO 2014


WEATHER ITEM   OBSERVED TIME   RECORD YEAR NORMAL DEPARTURE
                VALUE   (LST)  VALUE       VALUE  FROM
                                                  NORMAL
...............................................................
TEMPERATURE (F)
 YESTERDAY
  MAXIMUM         87    409 PM 101    2010  86      1
  MINIMUM         63    627 AM  37    1950  58      5
  AVERAGE         75                        72      3

PRECIPITATION (IN)
  YESTERDAY        0.00          0.73 1894   0.01  -0.01
  MONTH TO DATE    0.18                      0.17   0.01
  SINCE JUL 1      0.19                      0.19   0.00
  SINCE JAN 1      4.27                      8.03  -3.76

SNOWFALL (IN)
  YESTERDAY        0.0
  MONTH TO DATE    0.0
  SINCE SEP 1      0.0
  SINCE JUL 1      0.0
  SNOW DEPTH       0

DEGREE DAYS
 HEATING
  YESTERDAY        0                                0
  MONTH TO DATE    0                                0
  SINCE SEP 1      0                               -2
  SINCE JUL 1      0                               -2

 COOLING
  YESTERDAY       10                                3
  MONTH TO DATE  479                              141
  SINCE SEP 1    479                              141
  SINCE JAN 1   2700                              678
...............................................................


WIND (MPH)
  HIGHEST WIND SPEED    16   HIGHEST WIND DIRECTION    NW (310)
  HIGHEST GUST SPEED    21   HIGHEST GUST DIRECTION    NW (300)
  AVERAGE WIND SPEED     5.8




RELATIVE HUMIDITY (PERCENT)
 HIGHEST    63
 LOWEST     27
 AVERAGE    45

..........................................................


THE FRESNO CA CLIMATE NORMALS FOR TODAY
                         NORMAL    RECORD    YEAR
 MAXIMUM TEMPERATURE (F)   86       100      1987
                                             1980
 MINIMUM TEMPERATURE (F)   58        39      1971


SUNRISE AND SUNSET
OCTOBER  1 2014.......SUNRISE   654 AM PDT   SUNSET   642 PM PDT
OCTOBER  2 2014.......SUNRISE   655 AM PDT   SUNSET   641 PM PDT


-  INDICATES NEGATIVE NUMBERS.
R  INDICATES RECORD WAS SET OR TIED.
MM INDICATES DATA IS MISSING.
T  INDICATES TRACE AMOUNT.




$$
