000
CDUS46 KHNX 120830
CLIFAT


CLIMATE REPORT
NATIONAL WEATHER SERVICE SAN JOAQUIN VALLEY, CA
1229 AM PST FRI FEB 12 2016


...................................

...THE FRESNO CA CLIMATE SUMMARY FOR FEBRUARY 11 2016...

CLIMATE NORMAL PERIOD 1981 TO 2010
CLIMATE RECORD PERIOD 1887 TO 2016


WEATHER ITEM   OBSERVED TIME   RECORD YEAR NORMAL DEPARTURE
                VALUE   (LST)  VALUE       VALUE  FROM
                                                  NORMAL
...............................................................
TEMPERATURE (F)
 YESTERDAY
  MAXIMUM         73R   313 PM  73    1925  61     12
  MINIMUM         44    648 AM  28    1948  41      3
  AVERAGE         59                        51      8

PRECIPITATION (IN)
  YESTERDAY        0.00          1.69 1938   0.07  -0.07
  MONTH TO DATE    0.00                      0.80  -0.80
  SINCE OCT 1      9.62                      6.46   3.16
  SINCE JAN 1      4.42                      2.99   1.43

SNOWFALL (IN)
  YESTERDAY        0.0
  MONTH TO DATE    0.0
  SINCE DEC 1      0.0
  SINCE JUL 1      0.0
  SNOW DEPTH       0

DEGREE DAYS
 HEATING
  YESTERDAY        6                               -8
  MONTH TO DATE  144                              -23
  SINCE DEC 1   1187                             -127
  SINCE JUL 1   1577                             -125

 COOLING
  YESTERDAY        0                                0
  MONTH TO DATE    0                                0
  SINCE DEC 1      0                                0
  SINCE JAN 1      0                                0
...............................................................


WIND (MPH)
  HIGHEST WIND SPEED     8   HIGHEST WIND DIRECTION    NE (40)
  HIGHEST GUST SPEED     9   HIGHEST GUST DIRECTION    NE (30)
  AVERAGE WIND SPEED     2.2




RELATIVE HUMIDITY (PERCENT)
 HIGHEST    93
 LOWEST     49
 AVERAGE    71

..........................................................


THE FRESNO CA CLIMATE NORMALS FOR TODAY
                         NORMAL    RECORD    YEAR
 MAXIMUM TEMPERATURE (F)   61        76      1921
 MINIMUM TEMPERATURE (F)   41        27      1949
                                             1946


SUNRISE AND SUNSET
FEBRUARY 12 2016......SUNRISE   651 AM PST   SUNSET   536 PM PST
FEBRUARY 13 2016......SUNRISE   650 AM PST   SUNSET   537 PM PST


-  INDICATES NEGATIVE NUMBERS.
R  INDICATES RECORD WAS SET OR TIED.
MM INDICATES DATA IS MISSING.
T  INDICATES TRACE AMOUNT.




$$
