000
CDUS46 KHNX 300821
CLIFAT


CLIMATE REPORT
NATIONAL WEATHER SERVICE SAN JOAQUIN VALLEY, CA
120 AM PDT THU OCT 30 2014


...................................

...THE FRESNO CA CLIMATE SUMMARY FOR OCTOBER 29 2014...

CLIMATE NORMAL PERIOD 1981 TO 2010
CLIMATE RECORD PERIOD 1887 TO 2014


WEATHER ITEM   OBSERVED TIME   RECORD YEAR NORMAL DEPARTURE
                VALUE   (LST)  VALUE       VALUE  FROM
                                                  NORMAL
...............................................................
TEMPERATURE (F)
 YESTERDAY
  MAXIMUM         81    338 PM  88    1915  73      8
                                      1890
  MINIMUM         53    652 AM  29    1971  49      4
  AVERAGE         67                        61      6

PRECIPITATION (IN)
  YESTERDAY        0.00          1.50 1996   0.03  -0.03
  MONTH TO DATE    0.00                      0.56  -0.56
  SINCE JUL 1      0.19                      0.75  -0.56
  SINCE JAN 1      4.27                      8.59  -4.32

SNOWFALL (IN)
  YESTERDAY        0.0
  MONTH TO DATE    0.0
  SINCE SEP 1      0.0
  SINCE JUL 1      0.0
  SNOW DEPTH       0

DEGREE DAYS
 HEATING
  YESTERDAY        0                               -5
  MONTH TO DATE    5                              -47
  SINCE SEP 1      5                              -49
  SINCE JUL 1      5                              -49

 COOLING
  YESTERDAY        2                                1
  MONTH TO DATE  226                              126
  SINCE SEP 1    705                              267
  SINCE JAN 1   2926                              804
...............................................................


WIND (MPH)
  HIGHEST WIND SPEED     7   HIGHEST WIND DIRECTION    NW (310)
  HIGHEST GUST SPEED    10   HIGHEST GUST DIRECTION    NW (300)
  AVERAGE WIND SPEED     2.7




RELATIVE HUMIDITY (PERCENT)
 HIGHEST    66
 LOWEST     23
 AVERAGE    45

..........................................................


THE FRESNO CA CLIMATE NORMALS FOR TODAY
                         NORMAL    RECORD    YEAR
 MAXIMUM TEMPERATURE (F)   73        91      1887
 MINIMUM TEMPERATURE (F)   49        27      1972


SUNRISE AND SUNSET
OCTOBER 30 2014.......SUNRISE   721 AM PDT   SUNSET   604 PM PDT
OCTOBER 31 2014.......SUNRISE   722 AM PDT   SUNSET   603 PM PDT


-  INDICATES NEGATIVE NUMBERS.
R  INDICATES RECORD WAS SET OR TIED.
MM INDICATES DATA IS MISSING.
T  INDICATES TRACE AMOUNT.




$$
