000
CDUS46 KHNX 170832
CLIFAT


CLIMATE REPORT
NATIONAL WEATHER SERVICE SAN JOAQUIN VALLEY, CA
1232 AM PST SUN DEC 17 2017


...................................

...THE FRESNO CA CLIMATE SUMMARY FOR DECEMBER 16 2017...

CLIMATE NORMAL PERIOD 1981 TO 2010
CLIMATE RECORD PERIOD 1887 TO 2017


WEATHER ITEM   OBSERVED TIME   RECORD YEAR NORMAL DEPARTURE
                VALUE   (LST)  VALUE       VALUE  FROM
                                                  NORMAL
...............................................................
TEMPERATURE (F)
 YESTERDAY
  MAXIMUM         55    352 PM  70    1958  54      1
  MINIMUM         38    757 AM  25    1967  38      0
  AVERAGE         47                        46      1

PRECIPITATION (IN)
  YESTERDAY        0.00          0.93 2002   0.06  -0.06
  MONTH TO DATE    T                         0.77  -0.77
  SINCE OCT 1      0.37                      2.47  -2.10
  SINCE JAN 1     13.17                     10.50   2.67

SNOWFALL (IN)
  YESTERDAY        0.0
  MONTH TO DATE    0.0
  SINCE DEC 1      0.0
  SINCE JUL 1      0.0
  SNOW DEPTH       0

DEGREE DAYS
 HEATING
  YESTERDAY       18                               -1
  MONTH TO DATE  265                              -18
  SINCE DEC 1    265                              -18
  SINCE JUL 1    523                             -148

 COOLING
  YESTERDAY        0                                0
  MONTH TO DATE    0                                0
  SINCE DEC 1      0                                0
  SINCE JAN 1   2490                              366
...............................................................


WIND (MPH)
  HIGHEST WIND SPEED    10   HIGHEST WIND DIRECTION     N (340)
  HIGHEST GUST SPEED    20   HIGHEST GUST DIRECTION     W (290)
  AVERAGE WIND SPEED     3.7




RELATIVE HUMIDITY (PERCENT)
 HIGHEST   100
 LOWEST     55
 AVERAGE    78

..........................................................


THE FRESNO CA CLIMATE NORMALS FOR TODAY
                         NORMAL    RECORD    YEAR
 MAXIMUM TEMPERATURE (F)   54        70      1958
 MINIMUM TEMPERATURE (F)   38        25      1967


SUNRISE AND SUNSET
DECEMBER 17 2017......SUNRISE   706 AM PST   SUNSET   445 PM PST
DECEMBER 18 2017......SUNRISE   706 AM PST   SUNSET   445 PM PST


-  INDICATES NEGATIVE NUMBERS.
R  INDICATES RECORD WAS SET OR TIED.
MM INDICATES DATA IS MISSING.
T  INDICATES TRACE AMOUNT.




$$
