000
CDUS42 KRAH 220806
CLIFAY


CLIMATE REPORT
NATIONAL WEATHER SERVICE RALEIGH NC
404 AM EDT WED OCT 22 2014


...................................

...THE FAYETTEVILLE REGL AIRPORT NC CLIMATE SUMMARY FOR OCTOBER 21 2014...

CLIMATE NORMAL PERIOD 1981 TO 2010
CLIMATE RECORD PERIOD 1910 TO 2014


WEATHER ITEM   OBSERVED TIME   RECORD YEAR NORMAL DEPARTURE LAST
                VALUE   (LST)  VALUE       VALUE  FROM      YEAR
                                                  NORMAL
..................................................................
TEMPERATURE (F)
 YESTERDAY
  MAXIMUM         77    344 PM  89    1927  74      3       69
  MINIMUM         53    638 AM  29    1981  50      3       44
  AVERAGE         65                        62      3       57

PRECIPITATION (IN)
  YESTERDAY        0.00          0.91 1958   0.08  -0.08     0.00
  MONTH TO DATE    1.31                      2.50  -1.19     0.89
  SINCE SEP 1      8.17                      6.90   1.27     1.96
  SINCE JAN 1     35.09                     38.33  -3.24    36.52

DEGREE DAYS
 HEATING
  YESTERDAY        0                         5     -5        8
  MONTH TO DATE   33                        58    -25       27
  SINCE SEP 1     38                        67    -29       27
  SINCE JUL 1     38                        67    -29       27

 COOLING
  YESTERDAY        0                         2     -2        0
  MONTH TO DATE   87                        59     28       80
  SINCE SEP 1    380                       327     53      345
  SINCE JAN 1   2121                      1967    154     1924
..................................................................


WIND (MPH)
  HIGHEST WIND SPEED    20   HIGHEST WIND DIRECTION    NW (330)
  HIGHEST GUST SPEED    27   HIGHEST GUST DIRECTION     N (340)
  AVERAGE WIND SPEED     6.8


SKY COVER
  POSSIBLE SUNSHINE  MM
  AVERAGE SKY COVER 0.2


WEATHER CONDITIONS
 THE FOLLOWING WEATHER WAS RECORDED YESTERDAY.
  FOG


RELATIVE HUMIDITY (PERCENT)
 HIGHEST   100           600 AM
 LOWEST     33           300 PM
 AVERAGE    67

..........................................................


THE FAYETTEVILLE REGL AIRPORT NC CLIMATE NORMALS FOR TODAY
                         NORMAL    RECORD    YEAR
 MAXIMUM TEMPERATURE (F)   73        89      1941
 MINIMUM TEMPERATURE (F)   50        26      1931


SUNRISE AND SUNSET
OCTOBER 22 2014.......SUNRISE   727 AM EDT   SUNSET   632 PM EDT
OCTOBER 23 2014.......SUNRISE   728 AM EDT   SUNSET   631 PM EDT


-  INDICATES NEGATIVE NUMBERS.
R  INDICATES RECORD WAS SET OR TIED.
MM INDICATES DATA IS MISSING.
T  INDICATES TRACE AMOUNT.




$$
