000
CDUS42 KRAH 210625
CLIFAY


CLIMATE REPORT
NATIONAL WEATHER SERVICE RALEIGH NC
125 AM EST SUN DEC 21 2014


...................................

...THE FAYETTEVILLE REGL AIRPORT NC CLIMATE SUMMARY FOR DECEMBER 20 2014...

CLIMATE NORMAL PERIOD 1981 TO 2010
CLIMATE RECORD PERIOD 1910 TO 2014


WEATHER ITEM   OBSERVED TIME   RECORD YEAR NORMAL DEPARTURE LAST
                VALUE   (LST)  VALUE       VALUE  FROM      YEAR
                                                  NORMAL
..................................................................
TEMPERATURE (F)
 YESTERDAY
  MAXIMUM         42    423 PM  86    1931  54    -12       70
  MINIMUM         36    949 PM  15    2004  34      2       39
  AVERAGE         39                        44     -5       55

PRECIPITATION (IN)
  YESTERDAY        0.06          0.55 1951   0.07  -0.01     0.00
  MONTH TO DATE    0.60                      1.87  -1.27     2.03
  SINCE DEC 1      0.60                      1.87  -1.27     2.03
  SINCE JAN 1     38.53                     43.68  -5.15    41.11

DEGREE DAYS
 HEATING
  YESTERDAY       26                        21      5       10
  MONTH TO DATE  349                       371    -22      326
  SINCE DEC 1    349                       371    -22      326
  SINCE JUL 1    893                       819     74      842

 COOLING
  YESTERDAY        0                         0      0        0
  MONTH TO DATE    0                         0      0        7
  SINCE DEC 1      0                         0      0        7
  SINCE JAN 1   2139                      1991    148     1945
..................................................................


WIND (MPH)
  HIGHEST WIND SPEED    10   HIGHEST WIND DIRECTION    NE (30)
  HIGHEST GUST SPEED    13   HIGHEST GUST DIRECTION    NE (30)
  AVERAGE WIND SPEED     4.8


SKY COVER
  POSSIBLE SUNSHINE  MM
  AVERAGE SKY COVER 0.7


WEATHER CONDITIONS
 THE FOLLOWING WEATHER WAS RECORDED YESTERDAY.
  LIGHT RAIN
  FOG


RELATIVE HUMIDITY (PERCENT)
 HIGHEST   100          1100 PM
 LOWEST     67          1200 AM
 AVERAGE    84

..........................................................


THE FAYETTEVILLE REGL AIRPORT NC CLIMATE NORMALS FOR TODAY
                         NORMAL    RECORD    YEAR
 MAXIMUM TEMPERATURE (F)   54        78      2013
 MINIMUM TEMPERATURE (F)   34        13      1981


SUNRISE AND SUNSET
DECEMBER 21 2014......SUNRISE   720 AM EST   SUNSET   508 PM EST
DECEMBER 22 2014......SUNRISE   720 AM EST   SUNSET   508 PM EST


-  INDICATES NEGATIVE NUMBERS.
R  INDICATES RECORD WAS SET OR TIED.
MM INDICATES DATA IS MISSING.
T  INDICATES TRACE AMOUNT.




$$
