000
CDUS42 KRAH 262135
CLIFAY


CLIMATE REPORT
NATIONAL WEATHER SERVICE RALEIGH NC
534 PM EDT MON JUN 26 2017


...................................

...THE FAYETTEVILLE REGL AIRPORT NC CLIMATE SUMMARY FOR JUNE 26 2017...
VALID TODAY AS OF 0534 PM LOCAL TIME.

CLIMATE NORMAL PERIOD 1981 TO 2010
CLIMATE RECORD PERIOD 1910 TO 2017


WEATHER ITEM   OBSERVED TIME   RECORD YEAR NORMAL DEPARTURE LAST
                VALUE   (LST)  VALUE       VALUE  FROM      YEAR
                                                  NORMAL
..................................................................
TEMPERATURE (F)
 TODAY
  MAXIMUM         89    413 PM 101    1951  90     -1       90
  MINIMUM         70    556 AM  53    1979  70      0       68
  AVERAGE         80                        80      0       79

PRECIPITATION (IN)
  TODAY            0.00          4.18 1980   0.14  -0.14     0.00
  MONTH TO DATE    4.32                      3.72   0.60     2.88
  SINCE JUN 1      4.32                      3.72   0.60     2.88
  SINCE JAN 1     19.96                     19.39   0.57    20.45

DEGREE DAYS
 HEATING
  TODAY            0                         0      0        0
  MONTH TO DATE    0                         0      0        0
  SINCE JUN 1      0                         0      0        0
  SINCE JUL 1   2027                      2732   -705     2169

 COOLING
  TODAY           15                        15      0       14
  MONTH TO DATE  388                       334     54      392
  SINCE JUN 1    388                       334     54      392
  SINCE JAN 1    891                       618    273      728
..................................................................


WIND (MPH)
  HIGHEST WIND SPEED    14   HIGHEST WIND DIRECTION     N (10)
  HIGHEST GUST SPEED    16   HIGHEST GUST DIRECTION     N (20)
  AVERAGE WIND SPEED    MM


SKY COVER
  POSSIBLE SUNSHINE  MM
  AVERAGE SKY COVER  MM


WEATHER CONDITIONS
 THE FOLLOWING WEATHER WAS RECORDED TODAY.
  NO SIGNIFICANT WEATHER WAS OBSERVED.


RELATIVE HUMIDITY (PERCENT)
 HIGHEST    MM
 LOWEST     MM
 AVERAGE    MM

..........................................................


THE FAYETTEVILLE REGL AIRPORT NC CLIMATE NORMALS FOR TOMORROW
                         NORMAL    RECORD    YEAR
 MAXIMUM TEMPERATURE (F)   90       102      1998
 MINIMUM TEMPERATURE (F)   70        56      1979


SUNRISE AND SUNSET
JUNE 26 2017..........SUNRISE   603 AM EDT   SUNSET   833 PM EDT
JUNE 27 2017..........SUNRISE   604 AM EDT   SUNSET   833 PM EDT


-  INDICATES NEGATIVE NUMBERS.
R  INDICATES RECORD WAS SET OR TIED.
MM INDICATES DATA IS MISSING.
T  INDICATES TRACE AMOUNT.




$$
