877
CDUS42 KRAH 190531
CLIFAY


CLIMATE REPORT
NATIONAL WEATHER SERVICE RALEIGH NC
130 AM EDT THU OCT 19 2017


...................................

...THE FAYETTEVILLE REGL AIRPORT NC CLIMATE SUMMARY FOR OCTOBER 18 2017...

CLIMATE NORMAL PERIOD 1981 TO 2010
CLIMATE RECORD PERIOD 1910 TO 2017


WEATHER ITEM   OBSERVED TIME   RECORD YEAR NORMAL DEPARTURE LAST
                VALUE   (LST)  VALUE       VALUE  FROM      YEAR
                                                  NORMAL
..................................................................
TEMPERATURE (F)
 YESTERDAY
  MAXIMUM         71    402 PM  91    1938  74     -3       85
  MINIMUM         41    641 AM  32    1973  51    -10       60
  AVERAGE         56                        63     -7       73

PRECIPITATION (IN)
  YESTERDAY        0.00          1.53 1911   0.09  -0.09     0.00
  MONTH TO DATE    1.34                      2.24  -0.90    15.02
  SINCE SEP 1      5.07                      6.64  -1.57    26.14
  SINCE JAN 1     36.87                     38.07  -1.20    52.80

DEGREE DAYS
 HEATING
  YESTERDAY        9                         4      5        0
  MONTH TO DATE   19                        44    -25       14
  SINCE SEP 1     21                        53    -32       14
  SINCE JUL 1     21                        53    -32       14

 COOLING
  YESTERDAY        0                         2     -2        8
  MONTH TO DATE  132                        53     79       72
  SINCE SEP 1    456                       321    135      478
  SINCE JAN 1   2435                      1961    474     2472
..................................................................


WIND (MPH)
  HIGHEST WIND SPEED    13   HIGHEST WIND DIRECTION    NE (40)
  HIGHEST GUST SPEED    18   HIGHEST GUST DIRECTION    NE (40)
  AVERAGE WIND SPEED     6.0


SKY COVER
  POSSIBLE SUNSHINE  MM
  AVERAGE SKY COVER 0.0


WEATHER CONDITIONS
 THE FOLLOWING WEATHER WAS RECORDED YESTERDAY.
  FOG


RELATIVE HUMIDITY (PERCENT)
 HIGHEST   100           400 AM
 LOWEST     38           300 PM
 AVERAGE    69

..........................................................


THE FAYETTEVILLE REGL AIRPORT NC CLIMATE NORMALS FOR TODAY
                         NORMAL    RECORD    YEAR
 MAXIMUM TEMPERATURE (F)   74        90      1926
 MINIMUM TEMPERATURE (F)   51        32      1931


SUNRISE AND SUNSET
OCTOBER 19 2017.......SUNRISE   725 AM EDT   SUNSET   635 PM EDT
OCTOBER 20 2017.......SUNRISE   726 AM EDT   SUNSET   634 PM EDT


-  INDICATES NEGATIVE NUMBERS.
R  INDICATES RECORD WAS SET OR TIED.
MM INDICATES DATA IS MISSING.
T  INDICATES TRACE AMOUNT.




$$
