660
CDUS42 KRAH 012043
CLIFAY


CLIMATE REPORT
NATIONAL WEATHER SERVICE RALEIGH NC
440 PM EDT SUN MAY 1 2016


...................................

...THE FAYETTEVILLE REGL AIRPORT NC CLIMATE SUMMARY FOR MAY 1 2016...
VALID TODAY AS OF 0435 PM LOCAL TIME.

CLIMATE NORMAL PERIOD 1981 TO 2010
CLIMATE RECORD PERIOD 1910 TO 2016


WEATHER ITEM   OBSERVED TIME   RECORD YEAR NORMAL DEPARTURE LAST
                VALUE   (LST)  VALUE       VALUE  FROM      YEAR
                                                  NORMAL
..................................................................
TEMPERATURE (F)
 TODAY
  MAXIMUM         76    336 PM  94    2007  79     -3       63
  MINIMUM         61    647 AM  40    1937  54      7       51
  AVERAGE         69                        67      2       57

PRECIPITATION (IN)
  TODAY            0.25          3.28 1989   0.06   0.19     0.13
  MONTH TO DATE    0.25                      0.06   0.19     0.13
  SINCE MAR 1      4.79                      6.43  -1.64     5.49
  SINCE JAN 1     12.63                     12.49   0.14    13.14

DEGREE DAYS
 HEATING
  TODAY            0                         2     -2        8
  MONTH TO DATE    0                         2     -2        8
  SINCE MAR 1    329                       484   -155      444
  SINCE JUL 1   2142                      2709   -567     2940

 COOLING
  TODAY            4                         4      0        0
  MONTH TO DATE    4                         4      0        0
  SINCE MAR 1    139                        83     56       92
  SINCE JAN 1    139                        87     52       92
..................................................................


WIND (MPH)
  HIGHEST WIND SPEED    16   HIGHEST WIND DIRECTION     S (180)
  HIGHEST GUST SPEED    21   HIGHEST GUST DIRECTION     S (180)
  AVERAGE WIND SPEED     6.3


SKY COVER
  POSSIBLE SUNSHINE  MM
  AVERAGE SKY COVER 1.0


WEATHER CONDITIONS
 THE FOLLOWING WEATHER WAS RECORDED TODAY.
  THUNDERSTORM
  HEAVY RAIN
  LIGHT RAIN
  FOG


RELATIVE HUMIDITY (PERCENT)
 HIGHEST    97           400 AM
 LOWEST     74           300 PM
 AVERAGE    86

..........................................................


THE FAYETTEVILLE REGL AIRPORT NC CLIMATE NORMALS FOR TOMORROW
                         NORMAL    RECORD    YEAR
 MAXIMUM TEMPERATURE (F)   79        94      2010
 MINIMUM TEMPERATURE (F)   55        37      1963


SUNRISE AND SUNSET
MAY  1 2016...........SUNRISE   624 AM EDT   SUNSET   801 PM EDT
MAY  2 2016...........SUNRISE   623 AM EDT   SUNSET   802 PM EDT


-  INDICATES NEGATIVE NUMBERS.
R  INDICATES RECORD WAS SET OR TIED.
MM INDICATES DATA IS MISSING.
T  INDICATES TRACE AMOUNT.




$$
