000
CDUS42 KRAH 280741
CLIFAY


CLIMATE REPORT
NATIONAL WEATHER SERVICE RALEIGH NC
338 AM EDT THU MAY 28 2015


...................................

...THE FAYETTEVILLE REGL AIRPORT NC CLIMATE SUMMARY FOR MAY 27 2015...

CLIMATE NORMAL PERIOD 1981 TO 2010
CLIMATE RECORD PERIOD 1910 TO 2015


WEATHER ITEM   OBSERVED TIME   RECORD YEAR NORMAL DEPARTURE LAST
                VALUE   (LST)  VALUE       VALUE  FROM      YEAR
                                                  NORMAL
..................................................................
TEMPERATURE (F)
 YESTERDAY
  MAXIMUM         88    215 PM 100    1953  85      3       92
  MINIMUM         70   1159 PM  42    1961  63      7       70
  AVERAGE         79                        74      5       81

PRECIPITATION (IN)
  YESTERDAY        0.01          1.48 1946   0.12  -0.11     0.00
  MONTH TO DATE    2.24                      2.64  -0.40     3.66
  SINCE MAR 1      7.60                      9.01  -1.41    11.28
  SINCE JAN 1     15.25                     15.07   0.18    18.00

DEGREE DAYS
 HEATING
  YESTERDAY        0                         0      0        0
  MONTH TO DATE   10                        23    -13       12
  SINCE MAR 1    446                       505    -59      616
  SINCE JUL 1   2942                      2730    212     2941

 COOLING
  YESTERDAY       14                         9      5       16
  MONTH TO DATE  189                       162     27      234
  SINCE MAR 1    281                       241     40      312
  SINCE JAN 1    281                       245     36      315
..................................................................


WIND (MPH)
  HIGHEST WIND SPEED    18   HIGHEST WIND DIRECTION     S (190)
  HIGHEST GUST SPEED    26   HIGHEST GUST DIRECTION    SW (240)
  AVERAGE WIND SPEED     7.9


SKY COVER
  POSSIBLE SUNSHINE  MM
  AVERAGE SKY COVER 0.4


WEATHER CONDITIONS
 THE FOLLOWING WEATHER WAS RECORDED YESTERDAY.
  THUNDERSTORM


RELATIVE HUMIDITY (PERCENT)
 HIGHEST    97           500 AM
 LOWEST     50           200 PM
 AVERAGE    74

..........................................................


THE FAYETTEVILLE REGL AIRPORT NC CLIMATE NORMALS FOR TODAY
                         NORMAL    RECORD    YEAR
 MAXIMUM TEMPERATURE (F)   85       102      1941
 MINIMUM TEMPERATURE (F)   63        40      1961


SUNRISE AND SUNSET
MAY 28 2015...........SUNRISE   604 AM EDT   SUNSET   822 PM EDT
MAY 29 2015...........SUNRISE   604 AM EDT   SUNSET   822 PM EDT


-  INDICATES NEGATIVE NUMBERS.
R  INDICATES RECORD WAS SET OR TIED.
MM INDICATES DATA IS MISSING.
T  INDICATES TRACE AMOUNT.




$$
