000
CDUS42 KRAH 262056
CLIFAY


CLIMATE REPORT
NATIONAL WEATHER SERVICE RALEIGH NC
453 PM EDT THU MAR 26 2015


...................................

...THE FAYETTEVILLE REGL AIRPORT NC CLIMATE SUMMARY FOR MARCH 26 2015...
VALID TODAY AS OF 0453 PM LOCAL TIME.

CLIMATE NORMAL PERIOD 1981 TO 2010
CLIMATE RECORD PERIOD 1910 TO 2015


WEATHER ITEM   OBSERVED TIME   RECORD YEAR NORMAL DEPARTURE LAST
                VALUE   (LST)  VALUE       VALUE  FROM      YEAR
                                                  NORMAL
..................................................................
TEMPERATURE (F)
 TODAY
  MAXIMUM         77    254 PM  89    1929  69      8       50
  MINIMUM         61    128 AM  21    1940  45     16       30
  AVERAGE         69                        57     12       40

PRECIPITATION (IN)
  TODAY            0.23          1.47 1984   0.13   0.10     0.00
  MONTH TO DATE    2.26                      2.86  -0.60     2.55
  SINCE MAR 1      2.26                      2.86  -0.60     2.55
  SINCE JAN 1      9.91                      8.92   0.99     9.27

DEGREE DAYS
 HEATING
  TODAY            0                         8     -8       25
  MONTH TO DATE  263                       305    -42      452
  SINCE MAR 1    263                       305    -42      452
  SINCE JUL 1   2759                      2530    229     2777

 COOLING
  TODAY            4                         1      3        0
  MONTH TO DATE   17                         1     16        0
  SINCE MAR 1     17                         1     16        0
  SINCE JAN 1     17                         5     12        3
..................................................................


WIND (MPH)
  HIGHEST WIND SPEED    21   HIGHEST WIND DIRECTION    SW (210)
  HIGHEST GUST SPEED    27   HIGHEST GUST DIRECTION    SW (230)
  AVERAGE WIND SPEED     9.3


SKY COVER
  POSSIBLE SUNSHINE  MM
  AVERAGE SKY COVER 0.9


WEATHER CONDITIONS
 THE FOLLOWING WEATHER WAS RECORDED TODAY.
  THUNDERSTORM
  HEAVY RAIN
  LIGHT RAIN
  FOG
  FOG W/VISIBILITY <= 1/4 MILE


RELATIVE HUMIDITY (PERCENT)
 HIGHEST   100          1200 AM
 LOWEST     47           300 PM
 AVERAGE    74

..........................................................


THE FAYETTEVILLE REGL AIRPORT NC CLIMATE NORMALS FOR TOMORROW
                         NORMAL    RECORD    YEAR
 MAXIMUM TEMPERATURE (F)   70        87      1946
 MINIMUM TEMPERATURE (F)   46        21      1955


SUNRISE AND SUNSET
MARCH 26 2015.........SUNRISE   711 AM EDT   SUNSET   732 PM EDT
MARCH 27 2015.........SUNRISE   710 AM EDT   SUNSET   733 PM EDT


-  INDICATES NEGATIVE NUMBERS.
R  INDICATES RECORD WAS SET OR TIED.
MM INDICATES DATA IS MISSING.
T  INDICATES TRACE AMOUNT.




$$
