000
CDUS42 KRAH 270821
CLIFAY

CLIMATE REPORT
NATIONAL WEATHER SERVICE RALEIGH NC
320 AM EST TUE JAN 27 2015
...................................

...THE FAYETTEVILLE REGL AIRPORT NC CLIMATE SUMMARY FOR JANUARY 26 2015...

CLIMATE NORMAL PERIOD 1981 TO 2010
CLIMATE RECORD PERIOD 1910 TO 2015


WEATHER ITEM   OBSERVED TIME   RECORD YEAR NORMAL DEPARTURE LAST
                VALUE   (LST)  VALUE       VALUE  FROM      YEAR
                                                  NORMAL
..................................................................
TEMPERATURE (F)
 YESTERDAY
  MAXIMUM         51    351 PM  79    1990  55     -4       54
  MINIMUM         36    156 AM  14    1963  34      2       23
  AVERAGE         44                        45     -1       39

PRECIPITATION (IN)
  YESTERDAY        T             1.11 1933   0.13  -0.13     0.00
  MONTH TO DATE    4.37                      2.63   1.74     3.83
  SINCE DEC 1      8.59                      5.28   3.31     8.11
  SINCE JAN 1      4.37                      2.63   1.74     3.83

DEGREE DAYS
 HEATING
  YESTERDAY       21                        21      0       26
  MONTH TO DATE  554                       563     -9      627
  SINCE DEC 1   1094                      1174    -80     1124
  SINCE JUL 1   1638                      1622     16     1640

 COOLING
  YESTERDAY        0                         0      0        0
  MONTH TO DATE    0                         0      0        0
  SINCE DEC 1      0                         2     -2       17
  SINCE JAN 1      0                         0      0        0
..................................................................


WIND (MPH)
  HIGHEST WIND SPEED    13   HIGHEST WIND DIRECTION    NW (330)
  HIGHEST GUST SPEED    16   HIGHEST GUST DIRECTION    NW (320)
  AVERAGE WIND SPEED     4.8


SKY COVER
  POSSIBLE SUNSHINE  MM
  AVERAGE SKY COVER 0.8


WEATHER CONDITIONS
 THE FOLLOWING WEATHER WAS RECORDED YESTERDAY.
  THUNDERSTORM
  FOG


RELATIVE HUMIDITY (PERCENT)
 HIGHEST   100           500 AM
 LOWEST     63           300 PM
 AVERAGE    82

..........................................................


THE FAYETTEVILLE REGL AIRPORT NC CLIMATE NORMALS FOR TODAY
                         NORMAL    RECORD    YEAR
 MAXIMUM TEMPERATURE (F)   56        81      1950
 MINIMUM TEMPERATURE (F)   34        11      1940


SUNRISE AND SUNSET
JANUARY 27 2015.......SUNRISE   718 AM EST   SUNSET   539 PM EST
JANUARY 28 2015.......SUNRISE   717 AM EST   SUNSET   540 PM EST


-  INDICATES NEGATIVE NUMBERS.
R  INDICATES RECORD WAS SET OR TIED.
MM INDICATES DATA IS MISSING.
T  INDICATES TRACE AMOUNT.


$$
