000
CDUS42 KRAH 172144
CLIFAY


CLIMATE REPORT
NATIONAL WEATHER SERVICE RALEIGH NC
443 PM EST SUN DEC 17 2017


...................................

...THE FAYETTEVILLE REGL AIRPORT NC CLIMATE SUMMARY FOR DECEMBER 17 2017...
VALID TODAY AS OF 0400 PM LOCAL TIME.

CLIMATE NORMAL PERIOD 1981 TO 2010
CLIMATE RECORD PERIOD 1910 TO 2017


WEATHER ITEM   OBSERVED TIME   RECORD YEAR NORMAL DEPARTURE LAST
                VALUE   (LST)  VALUE       VALUE  FROM      YEAR
                                                  NORMAL
..................................................................
TEMPERATURE (F)
 TODAY
  MAXIMUM         57    259 PM  80    1971  55      2       59
  MINIMUM         26    649 AM   7    1958  35     -9       32
  AVERAGE         42                        45     -3       46

PRECIPITATION (IN)
  TODAY            0.00          1.68 1970   0.09  -0.09      T
  MONTH TO DATE    2.02                      1.64   0.38     1.34
  SINCE DEC 1      2.02                      1.64   0.38     1.34
  SINCE JAN 1     40.85                     43.45  -2.60    54.95

DEGREE DAYS
 HEATING
  TODAY           23                        20      3       19
  MONTH TO DATE  316                       308      8      339
  SINCE DEC 1    316                       308      8      339
  SINCE JUL 1    749                       756     -7      690

 COOLING
  TODAY            0                         0      0        0
  MONTH TO DATE    0                         0      0        0
  SINCE DEC 1      0                         0      0        0
  SINCE JAN 1   2455                      1991    464     2527
..................................................................


WIND (MPH)
  HIGHEST WIND SPEED    10   HIGHEST WIND DIRECTION    SW (210)
  HIGHEST GUST SPEED    12   HIGHEST GUST DIRECTION    SW (220)
  AVERAGE WIND SPEED     2.7


SKY COVER
  POSSIBLE SUNSHINE  MM
  AVERAGE SKY COVER 0.1


WEATHER CONDITIONS
 THE FOLLOWING WEATHER WAS RECORDED TODAY.
  FOG


RELATIVE HUMIDITY (PERCENT)
 HIGHEST    92           300 AM
 LOWEST     36           200 PM
 AVERAGE    64

..........................................................


THE FAYETTEVILLE REGL AIRPORT NC CLIMATE NORMALS FOR TOMORROW
                         NORMAL    RECORD    YEAR
 MAXIMUM TEMPERATURE (F)   54        79      1924
 MINIMUM TEMPERATURE (F)   34        13      1943


SUNRISE AND SUNSET
DECEMBER 17 2017......SUNRISE   717 AM EST   SUNSET   506 PM EST
DECEMBER 18 2017......SUNRISE   718 AM EST   SUNSET   506 PM EST


-  INDICATES NEGATIVE NUMBERS.
R  INDICATES RECORD WAS SET OR TIED.
MM INDICATES DATA IS MISSING.
T  INDICATES TRACE AMOUNT.




$$
