000
CDUS42 KRAH 260612
CLIFAY

CLIMATE REPORT
NATIONAL WEATHER SERVICE RALEIGH NC
209 AM EDT SUN MAR 26 2017
...................................

...THE FAYETTEVILLE REGL AIRPORT NC CLIMATE SUMMARY FOR MARCH 25 2017...

CLIMATE NORMAL PERIOD 1981 TO 2010
CLIMATE RECORD PERIOD 1910 TO 2017


WEATHER ITEM   OBSERVED TIME   RECORD YEAR NORMAL DEPARTURE LAST
                VALUE   (LST)  VALUE       VALUE  FROM      YEAR
                                                  NORMAL
..................................................................
TEMPERATURE (F)
 YESTERDAY
  MAXIMUM         78    403 PM  87    1939  69      9       79
  MINIMUM         52    635 AM  23    1940  45      7       64
  AVERAGE         65                        57      8       72

PRECIPITATION (IN)
  YESTERDAY        0.00          1.65 1983   0.12  -0.12     0.04
  MONTH TO DATE    1.77                      2.73  -0.96     0.53
  SINCE MAR 1      1.77                      2.73  -0.96     0.53
  SINCE JAN 1      5.19                      8.79  -3.60     8.37

DEGREE DAYS
 HEATING
  YESTERDAY        0                         8     -8        0
  MONTH TO DATE  348                       297     51      169
  SINCE MAR 1    348                       297     51      169
  SINCE JUL 1   1970                      2522   -552     1982

 COOLING
  YESTERDAY        0                         0      0        7
  MONTH TO DATE   13                         0     13       57
  SINCE MAR 1     13                         0     13       57
  SINCE JAN 1     28                         4     24       57
..................................................................


WIND (MPH)
  HIGHEST WIND SPEED    18   HIGHEST WIND DIRECTION    SW (210)
  HIGHEST GUST SPEED    23   HIGHEST GUST DIRECTION     S (200)
  AVERAGE WIND SPEED     7.5


SKY COVER
  POSSIBLE SUNSHINE  MM
  AVERAGE SKY COVER 0.2


WEATHER CONDITIONS
 THE FOLLOWING WEATHER WAS RECORDED YESTERDAY.
  NO SIGNIFICANT WEATHER WAS OBSERVED.


RELATIVE HUMIDITY (PERCENT)
 HIGHEST    96           600 AM
 LOWEST     36           400 PM
 AVERAGE    66

..........................................................


THE FAYETTEVILLE REGL AIRPORT NC CLIMATE NORMALS FOR TODAY
                         NORMAL    RECORD    YEAR
 MAXIMUM TEMPERATURE (F)   69        89      1929
 MINIMUM TEMPERATURE (F)   45        21      1940


SUNRISE AND SUNSET
MARCH 26 2017.........SUNRISE   710 AM EDT   SUNSET   732 PM EDT
MARCH 27 2017.........SUNRISE   709 AM EDT   SUNSET   733 PM EDT


-  INDICATES NEGATIVE NUMBERS.
R  INDICATES RECORD WAS SET OR TIED.
MM INDICATES DATA IS MISSING.
T  INDICATES TRACE AMOUNT.




$$
