000
CDUS42 KRAH 210740
CLIFAY


CLIMATE REPORT
NATIONAL WEATHER SERVICE RALEIGH NC
338 AM EDT MON APR 21 2014


...................................

...THE FAYETTEVILLE REGL AIRPORT NC CLIMATE SUMMARY FOR APRIL 20 2014...

CLIMATE NORMAL PERIOD 1981 TO 2010
CLIMATE RECORD PERIOD 1910 TO 2014


WEATHER ITEM   OBSERVED TIME   RECORD YEAR NORMAL DEPARTURE LAST
                VALUE   (LST)  VALUE       VALUE  FROM      YEAR
                                                  NORMAL
..................................................................
TEMPERATURE (F)
 YESTERDAY
  MAXIMUM         68    255 PM  94    1917  76     -8       67
  MINIMUM         51    514 AM  31    1983  51      0       44
  AVERAGE         60                        64     -4       56

PRECIPITATION (IN)
  YESTERDAY        T             2.70 1940   0.10  -0.10     0.14
  MONTH TO DATE    2.58                      2.04   0.54     2.01
  SINCE MAR 1      6.22                      5.59   0.63     3.68
  SINCE JAN 1     12.94                     11.65   1.29     9.32

DEGREE DAYS
 HEATING
  YESTERDAY        5                         4      1        9
  MONTH TO DATE   98                       109    -11       84
  SINCE MAR 1    595                       453    142      590
  SINCE JUL 1   2920                      2678    242     2686

 COOLING
  YESTERDAY        0                         3     -3        0
  MONTH TO DATE   35                        35      0       59
  SINCE MAR 1     36                        47    -11       62
  SINCE JAN 1     39                        51    -12       67
..................................................................


WIND (MPH)
  HIGHEST WIND SPEED    26   HIGHEST WIND DIRECTION    NE (30)
  HIGHEST GUST SPEED    37   HIGHEST GUST DIRECTION    NE (30)
  AVERAGE WIND SPEED    16.0


SKY COVER
  POSSIBLE SUNSHINE  MM
  AVERAGE SKY COVER 1.0


WEATHER CONDITIONS
 THE FOLLOWING WEATHER WAS RECORDED YESTERDAY.
  NO SIGNIFICANT WEATHER WAS OBSERVED.


RELATIVE HUMIDITY (PERCENT)
 HIGHEST    77           200 AM
 LOWEST     44          1000 PM
 AVERAGE    61

..........................................................


THE FAYETTEVILLE REGL AIRPORT NC CLIMATE NORMALS FOR TODAY
                         NORMAL    RECORD    YEAR
 MAXIMUM TEMPERATURE (F)   76        94      2002
 MINIMUM TEMPERATURE (F)   52        29      1956


SUNRISE AND SUNSET
APRIL 21 2014.........SUNRISE   636 AM EDT   SUNSET   753 PM EDT
APRIL 22 2014.........SUNRISE   635 AM EDT   SUNSET   754 PM EDT


-  INDICATES NEGATIVE NUMBERS.
R  INDICATES RECORD WAS SET OR TIED.
MM INDICATES DATA IS MISSING.
T  INDICATES TRACE AMOUNT.




$$
