000
CDUS42 KFFC 170918
CLIFFC


CLIMATE REPORT
NATIONAL WEATHER SERVICE PEACHTREE CITY GA
417 AM EST SAT FEB 17 2018


...................................

...THE PEACHTREE CITY CLIMATE SUMMARY FOR FEBRUARY 16 2018...

CLIMATE NORMAL PERIOD 1981 TO 2010
CLIMATE RECORD PERIOD 9999 TO 9999


WEATHER ITEM   OBSERVED TIME   RECORD YEAR NORMAL DEPARTURE LAST
                VALUE   (LST)  VALUE       VALUE  FROM      YEAR
                                                  NORMAL
..................................................................
TEMPERATURE (F)
 YESTERDAY
  MAXIMUM         75    225 PM  MM      MM  59     16       61
  MINIMUM         57   1159 PM  MM      MM  35     22       31
  AVERAGE         66                        47     19       46

PRECIPITATION (IN)
  YESTERDAY        0.02         MM      MM   0.19  -0.17     0.00
  MONTH TO DATE    3.82                      2.61   1.21     1.72
  SINCE DEC 1     10.52                     10.95  -0.43    11.98
  SINCE JAN 1      7.91                      6.81   1.10     9.33

SNOWFALL (IN)
  YESTERDAY        0.0          MM      MM  MM     MM        0.0
  MONTH TO DATE    0.0                      MM     MM        0.0
  SINCE DEC 1      2.9                      MM     MM        0.0
  SINCE JUL 1      2.9                      MM     MM        0.0
  SNOW DEPTH       0

DEGREE DAYS
 HEATING
  YESTERDAY        0                        18    -18       19
  MONTH TO DATE  188                       312   -124      203
  SINCE DEC 1   1493                      1639   -146     1185
  SINCE JUL 1   1945                      2181   -236     1535

 COOLING
  YESTERDAY        1                         0      1        0
  MONTH TO DATE    2                         0      2        1
  SINCE DEC 1      2                         0      2        1
  SINCE JAN 1      2                         0      2        1
..................................................................


WIND (MPH)
  RESULTANT WIND SPEED   4   RESULTANT WIND DIRECTION   W (250)
  HIGHEST WIND SPEED    18   HIGHEST WIND DIRECTION     N (10)
  HIGHEST GUST SPEED    27   HIGHEST GUST DIRECTION    SW (240)
  AVERAGE WIND SPEED     8.3


SKY COVER
  POSSIBLE SUNSHINE  MM
  AVERAGE SKY COVER 0.9


WEATHER CONDITIONS
 THE FOLLOWING WEATHER WAS RECORDED YESTERDAY.
  RAIN
  LIGHT RAIN
  FOG


RELATIVE HUMIDITY (PERCENT)
 HIGHEST    93          1100 PM
 LOWEST     57          1200 PM
 AVERAGE    75

..........................................................


THE PEACHTREE CITY CLIMATE NORMALS FOR TODAY
                         NORMAL    RECORD    YEAR
 MAXIMUM TEMPERATURE (F)   59        MM        MM
 MINIMUM TEMPERATURE (F)   35        MM        MM


SUNRISE AND SUNSET
FEBRUARY 17 2018......SUNRISE   720 AM EST   SUNSET   625 PM EST
FEBRUARY 18 2018......SUNRISE   719 AM EST   SUNSET   626 PM EST


-  INDICATES NEGATIVE NUMBERS.
R  INDICATES RECORD WAS SET OR TIED.
MM INDICATES DATA IS MISSING.
T  INDICATES TRACE AMOUNT.




$$
