000
CDUS43 KLMK 040635
CLIFFT


CLIMATE REPORT
NATIONAL WEATHER SERVICE LOUISVILLE KY
235 AM EDT TUE AUG 4 2015


...................................

...THE FRANKFORT KY CLIMATE SUMMARY FOR AUGUST 3 2015...

CLIMATE NORMAL PERIOD 1981 TO 2010
CLIMATE RECORD PERIOD 1895 TO 2015


WEATHER ITEM   OBSERVED TIME   RECORD YEAR NORMAL DEPARTURE LAST
                VALUE   (LST)  VALUE       VALUE  FROM      YEAR
                                                  NORMAL
..................................................................
TEMPERATURE (F)
 YESTERDAY
  MAXIMUM         89    527 PM  98    2005  87      2       85
                                      2002
                                      1930
  MINIMUM         64    418 AM  51    1920  65     -1       55
  AVERAGE         77                        76      1       70

PRECIPITATION (IN)
  YESTERDAY        0.02          1.54 1921   0.11  -0.09     0.00
  MONTH TO DATE    0.02                      0.33  -0.31     0.21
  SINCE JUN 1     17.25                      8.81   8.44     7.16
  SINCE JAN 1     40.65                     28.28  12.37    27.94

SNOWFALL (IN)
  YESTERDAY       MM            MM      MM  MM     MM       MM
  MONTH TO DATE   MM                        MM     MM       MM
  SINCE JUN 1     MM                        MM     MM       MM
  SINCE JUL 1     MM                        MM     MM       MM
  SNOW DEPTH      MM

DEGREE DAYS
 HEATING
  YESTERDAY        0                         0      0        0
  MONTH TO DATE    0                         0      0        0
  SINCE JUN 1     16                        10      6        6
  SINCE JUL 1      0                         0      0        3

 COOLING
  YESTERDAY       12                        11      1        5
  MONTH TO DATE   30                        33     -3       19
  SINCE JUN 1    674                       619     55      509
  SINCE JAN 1    829                       718    111      631
..................................................................


WIND (MPH)
  HIGHEST WIND SPEED    22   HIGHEST WIND DIRECTION    NE (60)
  HIGHEST GUST SPEED    32   HIGHEST GUST DIRECTION    NE (40)
  AVERAGE WIND SPEED     7.8


SKY COVER
  POSSIBLE SUNSHINE  MM
  AVERAGE SKY COVER 0.2


WEATHER CONDITIONS
 THE FOLLOWING WEATHER WAS RECORDED YESTERDAY.
  THUNDERSTORM
  LIGHT RAIN


RELATIVE HUMIDITY (PERCENT)
 HIGHEST    87           500 AM
 LOWEST     50           500 PM
 AVERAGE    69

..........................................................


THE FRANKFORT KY CLIMATE NORMALS FOR TODAY
                         NORMAL    RECORD    YEAR
 MAXIMUM TEMPERATURE (F)   87       101      1930
 MINIMUM TEMPERATURE (F)   65        51      1912


SUNRISE AND SUNSET
AUGUST  4 2015........SUNRISE   645 AM EDT   SUNSET   846 PM EDT
AUGUST  5 2015........SUNRISE   645 AM EDT   SUNSET   845 PM EDT


-  INDICATES NEGATIVE NUMBERS.
R  INDICATES RECORD WAS SET OR TIED.
MM INDICATES DATA IS MISSING.
T  INDICATES TRACE AMOUNT.




$$
