000
CDUS43 KLMK 290627
CLIFFT


CLIMATE REPORT
NATIONAL WEATHER SERVICE LOUISVILLE KY
226 AM EDT MON MAY 29 2017


...................................

...THE FRANKFORT KY CLIMATE SUMMARY FOR MAY 28 2017...

CLIMATE NORMAL PERIOD 1981 TO 2010
CLIMATE RECORD PERIOD 1895 TO 2017


WEATHER ITEM   OBSERVED TIME   RECORD YEAR NORMAL DEPARTURE LAST
                VALUE   (LST)  VALUE       VALUE  FROM      YEAR
                                                  NORMAL
..................................................................
TEMPERATURE (F)
 YESTERDAY
  MAXIMUM         78    203 PM  99    1914  79     -1       86
  MINIMUM         63    602 AM  38    1907  56      7       66
  AVERAGE         71                        67      4       76

PRECIPITATION (IN)
  YESTERDAY        0.01          1.45 1917   0.15  -0.14      T
  MONTH TO DATE    5.83                      4.42   1.41     4.49
  SINCE MAR 1     14.26                     12.49   1.77    13.64
  SINCE JAN 1     20.36                     19.04   1.32    19.66

SNOWFALL (IN)
  YESTERDAY       MM            MM      MM  MM     MM       MM
  MONTH TO DATE   MM                        MM     MM       MM
  SINCE MAR 1     MM                        MM     MM       MM
  SINCE JUL 1     MM                        MM     MM       MM
  SNOW DEPTH      MM

DEGREE DAYS
 HEATING
  YESTERDAY        0                         2     -2        0
  MONTH TO DATE   92                       108    -16      135
  SINCE MAR 1    761                      1047   -286      801
  SINCE JUL 1   3531                      4686  -1155     3873

 COOLING
  YESTERDAY        6                         4      2       11
  MONTH TO DATE   93                        66     27       58
  SINCE MAR 1    166                        86     80       84
  SINCE JAN 1    169                        86     83       84
..................................................................


WIND (MPH)
  HIGHEST WIND SPEED    20   HIGHEST WIND DIRECTION    SW (210)
  HIGHEST GUST SPEED    25   HIGHEST GUST DIRECTION    SW (230)
  AVERAGE WIND SPEED     9.1


SKY COVER
  POSSIBLE SUNSHINE  MM
  AVERAGE SKY COVER 0.4


WEATHER CONDITIONS
 THE FOLLOWING WEATHER WAS RECORDED YESTERDAY.
  LIGHT RAIN


RELATIVE HUMIDITY (PERCENT)
 HIGHEST    93           500 AM
 LOWEST     60           200 PM
 AVERAGE    77

..........................................................


THE FRANKFORT KY CLIMATE NORMALS FOR TODAY
                         NORMAL    RECORD    YEAR
 MAXIMUM TEMPERATURE (F)   79        99      1914
 MINIMUM TEMPERATURE (F)   56        40      1949
                                             1932


SUNRISE AND SUNSET
MAY 29 2017...........SUNRISE   619 AM EDT   SUNSET   855 PM EDT
MAY 30 2017...........SUNRISE   619 AM EDT   SUNSET   856 PM EDT


-  INDICATES NEGATIVE NUMBERS.
R  INDICATES RECORD WAS SET OR TIED.
MM INDICATES DATA IS MISSING.
T  INDICATES TRACE AMOUNT.




$$
