000
CDUS43 KLMK 250627
CLIFFT


CLIMATE REPORT
NATIONAL WEATHER SERVICE LOUISVILLE KY
226 AM EDT SUN SEP 25 2016


...................................

...THE FRANKFORT KY CLIMATE SUMMARY FOR SEPTEMBER 24 2016...

CLIMATE NORMAL PERIOD 1981 TO 2010
CLIMATE RECORD PERIOD 1895 TO 2016


WEATHER ITEM   OBSERVED TIME   RECORD YEAR NORMAL DEPARTURE LAST
                VALUE   (LST)  VALUE       VALUE  FROM      YEAR
                                                  NORMAL
..................................................................
TEMPERATURE (F)
 YESTERDAY
  MAXIMUM         91    353 PM  94    2007  76     15       86
                                      1941
  MINIMUM         63    642 AM  34    1928  52     11       52
  AVERAGE         77                        64     13       69

PRECIPITATION (IN)
  YESTERDAY        0.00          1.69 1946   0.09  -0.09     0.00
                                      1936
  MONTH TO DATE    0.92                      2.63  -1.71     1.37
  SINCE SEP 1      0.92                      2.63  -1.71     1.37
  SINCE JAN 1     36.97                     33.94   3.03    45.01

SNOWFALL (IN)
  YESTERDAY       MM            MM      MM  MM     MM       MM
  MONTH TO DATE   MM                        MM     MM       MM
  SINCE SEP 1     MM                        MM     MM       MM
  SINCE JUL 1     MM                        MM     MM       MM
  SNOW DEPTH      MM

DEGREE DAYS
 HEATING
  YESTERDAY        0                         3     -3        0
  MONTH TO DATE    0                        27    -27       17
  SINCE SEP 1      0                        27    -27       17
  SINCE JUL 1      0                        28    -28       18

 COOLING
  YESTERDAY       12                         2     10        4
  MONTH TO DATE  248                       120    128      155
  SINCE SEP 1    248                       120    128      155
  SINCE JAN 1   1539                      1122    417     1193
..................................................................


WIND (MPH)
  HIGHEST WIND SPEED     9   HIGHEST WIND DIRECTION    NW (310)
  HIGHEST GUST SPEED    12   HIGHEST GUST DIRECTION     N (340)
  AVERAGE WIND SPEED     2.8


SKY COVER
  POSSIBLE SUNSHINE  MM
  AVERAGE SKY COVER 0.0


WEATHER CONDITIONS
 THE FOLLOWING WEATHER WAS RECORDED YESTERDAY.
  NO SIGNIFICANT WEATHER WAS OBSERVED.


RELATIVE HUMIDITY (PERCENT)
 HIGHEST    93           500 AM
 LOWEST     38           300 PM
 AVERAGE    66

..........................................................


THE FRANKFORT KY CLIMATE NORMALS FOR TODAY
                         NORMAL    RECORD    YEAR
 MAXIMUM TEMPERATURE (F)   76        95      2007
 MINIMUM TEMPERATURE (F)   52        32      1896


SUNRISE AND SUNSET
SEPTEMBER 25 2016.....SUNRISE   730 AM EDT   SUNSET   731 PM EDT
SEPTEMBER 26 2016.....SUNRISE   731 AM EDT   SUNSET   729 PM EDT


-  INDICATES NEGATIVE NUMBERS.
R  INDICATES RECORD WAS SET OR TIED.
MM INDICATES DATA IS MISSING.
T  INDICATES TRACE AMOUNT.




$$
