000
CDUS43 KLMK 290627
CLIFFT


CLIMATE REPORT
NATIONAL WEATHER SERVICE LOUISVILLE KY
227 AM EDT SUN MAY 29 2016


...................................

...THE FRANKFORT KY CLIMATE SUMMARY FOR MAY 28 2016...

CLIMATE NORMAL PERIOD 1981 TO 2010
CLIMATE RECORD PERIOD 1895 TO 2016


WEATHER ITEM   OBSERVED TIME   RECORD YEAR NORMAL DEPARTURE LAST
                VALUE   (LST)  VALUE       VALUE  FROM      YEAR
                                                  NORMAL
..................................................................
TEMPERATURE (F)
 YESTERDAY
  MAXIMUM         86    223 PM  99    1914  79      7       81
  MINIMUM         66   1151 PM  38    1907  56     10       60
  AVERAGE         76                        67      9       71

PRECIPITATION (IN)
  YESTERDAY        T             1.45 1917   0.15  -0.15     0.03
  MONTH TO DATE    4.49                      4.42   0.07     0.87
  SINCE MAR 1     13.64                     12.49   1.15    19.79
  SINCE JAN 1     19.66                     19.04   0.62    23.35

SNOWFALL (IN)
  YESTERDAY       MM            MM      MM  MM     MM       MM
  MONTH TO DATE   MM                        MM     MM       MM
  SINCE MAR 1     MM                        MM     MM       MM
  SINCE JUL 1     MM                        MM     MM       MM
  SNOW DEPTH      MM

DEGREE DAYS
 HEATING
  YESTERDAY        0                         2     -2        0
  MONTH TO DATE  135                       108     27       58
  SINCE MAR 1    801                      1047   -246     1003
  SINCE JUL 1   3873                      4686   -813     5123

 COOLING
  YESTERDAY       11                         4      7        6
  MONTH TO DATE   58                        66     -8      121
  SINCE MAR 1     84                        86     -2      129
  SINCE JAN 1     84                        86     -2      129
..................................................................


WIND (MPH)
  HIGHEST WIND SPEED    17   HIGHEST WIND DIRECTION    SW (220)
  HIGHEST GUST SPEED    22   HIGHEST GUST DIRECTION    SW (230)
  AVERAGE WIND SPEED     6.3


SKY COVER
  POSSIBLE SUNSHINE  MM
  AVERAGE SKY COVER 0.3


WEATHER CONDITIONS
 THE FOLLOWING WEATHER WAS RECORDED YESTERDAY.
  LIGHT RAIN


RELATIVE HUMIDITY (PERCENT)
 HIGHEST    87           400 AM
 LOWEST     43           400 PM
 AVERAGE    65

..........................................................


THE FRANKFORT KY CLIMATE NORMALS FOR TODAY
                         NORMAL    RECORD    YEAR
 MAXIMUM TEMPERATURE (F)   79        99      1914
 MINIMUM TEMPERATURE (F)   56        40      1949
                                             1932


SUNRISE AND SUNSET
MAY 29 2016...........SUNRISE   619 AM EDT   SUNSET   855 PM EDT
MAY 30 2016...........SUNRISE   619 AM EDT   SUNSET   856 PM EDT


-  INDICATES NEGATIVE NUMBERS.
R  INDICATES RECORD WAS SET OR TIED.
MM INDICATES DATA IS MISSING.
T  INDICATES TRACE AMOUNT.




$$
