666
CDUS43 KFGF 290634
CLIFGF


CLIMATE REPORT
NATIONAL WEATHER SERVICE EASTERN NORTH DAKOTA/GRAND FORKS
134 AM CDT THU SEP 29 2016


...................................

...THE GRAND FORKS UNIV. (NWS) ND CLIMATE SUMMARY FOR SEPTEMBER 28 2016...

CLIMATE NORMAL PERIOD 1981 TO 2010
CLIMATE RECORD PERIOD 1890 TO 2016


WEATHER ITEM   OBSERVED TIME   RECORD YEAR NORMAL DEPARTURE LAST
                VALUE   (LST)  VALUE       VALUE  FROM      YEAR
                                                  NORMAL
..................................................................
TEMPERATURE (F)
 YESTERDAY
  MAXIMUM         61        MM  90    1922  64     -3       64
  MINIMUM         41        MM  18    1942  41      0       41
  AVERAGE         51                        52     -1       53

PRECIPITATION (IN)
  YESTERDAY        0.00          1.04 2013   0.07  -0.07     0.00
  MONTH TO DATE    4.97                      1.92   3.05     0.66
  SINCE SEP 1      4.97                      1.92   3.05     0.66
  SINCE JAN 1     26.70                     18.02   8.68    16.32

SNOWFALL (IN)
  YESTERDAY        0.0           0.2  1939   0.0    0.0      0.0
  MONTH TO DATE    0.0                       0.0    0.0      0.0
  SINCE SEP 1      0.0                       0.0    0.0      0.0
  SINCE JUL 1      T                         0.0    0.0      0.0
  SNOW DEPTH       0

DEGREE DAYS
 HEATING
  YESTERDAY       14                        13      1       12
  MONTH TO DATE  138                       215    -77      104
  SINCE SEP 1    138                       215    -77      104
  SINCE JUL 1    156                       279   -123      152

 COOLING
  YESTERDAY        0                         0      0        0
  MONTH TO DATE   22                        28     -6       82
  SINCE SEP 1     22                        28     -6       82
  SINCE JAN 1    456                       460     -4      572
..................................................................


WIND (MPH)
  RESULTANT WIND SPEED  MM   RESULTANT WIND DIRECTION  MM
  HIGHEST WIND SPEED    MM   HIGHEST WIND DIRECTION    MM
  HIGHEST GUST SPEED    MM   HIGHEST GUST DIRECTION    MM
  AVERAGE WIND SPEED    MM


SKY COVER
  POSSIBLE SUNSHINE  MM
  AVERAGE SKY COVER  MM


WEATHER CONDITIONS
 THE FOLLOWING WEATHER WAS RECORDED YESTERDAY.
  NO SIGNIFICANT WEATHER WAS OBSERVED.


RELATIVE HUMIDITY (PERCENT)
 HIGHEST    MM
 LOWEST     MM
 AVERAGE    MM

..........................................................


THE GRAND FORKS UNIV. (NWS) ND CLIMATE NORMALS FOR TODAY
                         NORMAL    RECORD    YEAR
 MAXIMUM TEMPERATURE (F)   63        88      1905
 MINIMUM TEMPERATURE (F)   41        21      1930


SUNRISE AND SUNSET
SEPTEMBER 29 2016.....SUNRISE   725 AM CDT   SUNSET   711 PM CDT
SEPTEMBER 30 2016.....SUNRISE   727 AM CDT   SUNSET   709 PM CDT


-  INDICATES NEGATIVE NUMBERS.
R  INDICATES RECORD WAS SET OR TIED.
MM INDICATES DATA IS MISSING.
T  INDICATES TRACE AMOUNT.




$$
