271
CDUS43 KFGF 122250
CLIFGF


CLIMATE REPORT
NATIONAL WEATHER SERVICE EASTERN NORTH DAKOTA/GRAND FORKS
448 PM CST FRI FEB 12 2016


...................................

...THE GRAND FORKS UNIV. (NWS) ND CLIMATE SUMMARY FOR FEBRUARY 12 2016...
VALID TODAY AS OF 0400 PM LOCAL TIME.

CLIMATE NORMAL PERIOD 1981 TO 2010
CLIMATE RECORD PERIOD 1890 TO 2016


WEATHER ITEM   OBSERVED TIME   RECORD YEAR NORMAL DEPARTURE LAST
                VALUE   (LST)  VALUE       VALUE  FROM      YEAR
                                                  NORMAL
..................................................................
TEMPERATURE (F)
 TODAY
  MAXIMUM          7        MM  43    1935  22    -15       10
  MINIMUM         -6        MM -40    1914   3     -9      -17
  AVERAGE          1                        12    -11       -3

PRECIPITATION (IN)
  TODAY            0.00          0.75   MM   0.02  -0.02      T
  MONTH TO DATE    0.35                      0.20   0.15     0.20
  SINCE DEC 1      1.77                      1.56   0.21     0.60
  SINCE JAN 1      0.65                      0.91  -0.26     0.47

SNOWFALL (IN)
  TODAY            0.0           3.0    MM   0.3   -0.3       T
  MONTH TO DATE    3.2                       2.8    0.4      2.9
  SINCE DEC 1     22.7                      24.1   -1.4     10.7
  SINCE JUL 1     26.1                      31.2   -5.1     14.5
  SNOW DEPTH       4

DEGREE DAYS
 HEATING
  TODAY           64                        53     11       68
  MONTH TO DATE  590                       650    -60      675
  SINCE DEC 1   3627                      4074   -447     3716
  SINCE JUL 1   5236                      6168   -932     5836

 COOLING
  TODAY            0                         0      0        0
  MONTH TO DATE    0                         0      0        0
  SINCE DEC 1      0                         0      0        0
  SINCE JAN 1      0                         0      0        0
..................................................................


WIND (MPH)
  HIGHEST WIND SPEED    MM   HIGHEST WIND DIRECTION    MM
  HIGHEST GUST SPEED    MM   HIGHEST GUST DIRECTION    MM
  AVERAGE WIND SPEED    MM


SKY COVER
  POSSIBLE SUNSHINE  MM
  AVERAGE SKY COVER  MM


WEATHER CONDITIONS
 THE FOLLOWING WEATHER WAS RECORDED TODAY.
  NO SIGNIFICANT WEATHER WAS OBSERVED.


RELATIVE HUMIDITY (PERCENT)
 HIGHEST    MM
 LOWEST     MM
 AVERAGE    MM

..........................................................


THE GRAND FORKS UNIV. (NWS) ND CLIMATE NORMALS FOR TOMORROW
                         NORMAL    RECORD    YEAR
 MAXIMUM TEMPERATURE (F)   22        51      1983
 MINIMUM TEMPERATURE (F)    4       -36      1916


SUNRISE AND SUNSET
FEBRUARY 12 2016......SUNRISE   740 AM CST   SUNSET   546 PM CST
FEBRUARY 13 2016......SUNRISE   739 AM CST   SUNSET   547 PM CST


-  INDICATES NEGATIVE NUMBERS.
R  INDICATES RECORD WAS SET OR TIED.
MM INDICATES DATA IS MISSING.
T  INDICATES TRACE AMOUNT.




$$
