000
CDUS43 KFGF 060656
CLIFGF


CLIMATE REPORT
NATIONAL WEATHER SERVICE EASTERN NORTH DAKOTA/GRAND FORKS
1255 AM CST TUE DEC 6 2016


...................................

...THE GRAND FORKS UNIV. (NWS) ND CLIMATE SUMMARY FOR DECEMBER 5 2016...

CLIMATE NORMAL PERIOD 1981 TO 2010
CLIMATE RECORD PERIOD 1890 TO 2016


WEATHER ITEM   OBSERVED TIME   RECORD YEAR NORMAL DEPARTURE LAST
                VALUE   (LST)  VALUE       VALUE  FROM      YEAR
                                                  NORMAL
..................................................................
TEMPERATURE (F)
 YESTERDAY
  MAXIMUM         31        MM  52    1939  24      7       43
  MINIMUM         25        MM -17    1972   9     16       26
  AVERAGE         28                        16     12       35

PRECIPITATION (IN)
  YESTERDAY        0.31          0.46 1960   0.02   0.29     0.00
  MONTH TO DATE    0.36                      0.10   0.26     0.30
  SINCE DEC 1      0.36                      0.10   0.26     0.30
  SINCE JAN 1     29.79                     21.07   8.72    19.71

SNOWFALL (IN)
  YESTERDAY        6.6 R         4.0  1960   0.3    6.3      0.0
  MONTH TO DATE    7.1                       1.4    5.7      2.7
  SINCE DEC 1      7.1                       1.4    5.7      2.7
  SINCE JUL 1      8.0                       8.5   -0.5      6.1
  SNOW DEPTH       0

DEGREE DAYS
 HEATING
  YESTERDAY       37                        49    -12       30
  MONTH TO DATE  176                       239    -63      189
  SINCE DEC 1    176                       239    -63      189
  SINCE JUL 1   1630                      2333   -703     1798

 COOLING
  YESTERDAY        0                         0      0        0
  MONTH TO DATE    0                         0      0        0
  SINCE DEC 1      0                         0      0        0
  SINCE JAN 1    461                       463     -2      580
..................................................................


WIND (MPH)
  RESULTANT WIND SPEED  MM   RESULTANT WIND DIRECTION  MM
  HIGHEST WIND SPEED    MM   HIGHEST WIND DIRECTION    MM
  HIGHEST GUST SPEED    MM   HIGHEST GUST DIRECTION    MM
  AVERAGE WIND SPEED    MM


SKY COVER
  POSSIBLE SUNSHINE  MM
  AVERAGE SKY COVER  MM


WEATHER CONDITIONS
 THE FOLLOWING WEATHER WAS RECORDED YESTERDAY.
  NO SIGNIFICANT WEATHER WAS OBSERVED.


RELATIVE HUMIDITY (PERCENT)
 HIGHEST    MM
 LOWEST     MM
 AVERAGE    MM

..........................................................


THE GRAND FORKS UNIV. (NWS) ND CLIMATE NORMALS FOR TODAY
                         NORMAL    RECORD    YEAR
 MAXIMUM TEMPERATURE (F)   24        65      1939
 MINIMUM TEMPERATURE (F)    8       -23      1972
                                             1936


SUNRISE AND SUNSET
DECEMBER  6 2016......SUNRISE   803 AM CST   SUNSET   436 PM CST
DECEMBER  7 2016......SUNRISE   804 AM CST   SUNSET   436 PM CST


-  INDICATES NEGATIVE NUMBERS.
R  INDICATES RECORD WAS SET OR TIED.
MM INDICATES DATA IS MISSING.
T  INDICATES TRACE AMOUNT.




$$
