000
CDUS43 KFGF 212156
CLIFGF


CLIMATE REPORT
NATIONAL WEATHER SERVICE EASTERN NORTH DAKOTA/GRAND FORKS
454 PM CDT FRI JUL 21 2017


...................................

...THE GRAND FORKS UNIV. (NWS) ND CLIMATE SUMMARY FOR JULY 21 2017...
VALID TODAY AS OF 0400 PM LOCAL TIME.

CLIMATE NORMAL PERIOD 1981 TO 2010
CLIMATE RECORD PERIOD 1893 TO 2017


WEATHER ITEM   OBSERVED TIME   RECORD YEAR NORMAL DEPARTURE LAST
                VALUE   (LST)  VALUE       VALUE  FROM      YEAR
                                                  NORMAL
..................................................................
TEMPERATURE (F)
 TODAY
  MAXIMUM         86        MM  97    1955  82      4       89
  MINIMUM         69        MM  41    1947  59     10       64
  AVERAGE         78                        70      8       77

PRECIPITATION (IN)
  TODAY            0.35          2.71 2014   0.09   0.26     0.00
  MONTH TO DATE    1.24                      2.27  -1.03     5.71
  SINCE JUN 1      6.88                      6.01   0.87     9.43
  SINCE JAN 1     11.45                     12.06  -0.61    16.53

SNOWFALL (IN)
  TODAY            0.0           0.0    MM   0.0    0.0      0.0
  MONTH TO DATE    0.0                       0.0    0.0      0.0
  SINCE JUN 1      0.0                       0.0    0.0      0.0
  SINCE JUL 1      0.0                       0.0    0.0      0.0
  SNOW DEPTH       0

DEGREE DAYS
 HEATING
  TODAY            0                         0      0        0
  MONTH TO DATE    9                        19    -10        8
  SINCE JUN 1     54                       102    -48       54
  SINCE JUL 1      9                        19    -10        8

 COOLING
  TODAY           13                         6      7       12
  MONTH TO DATE  132                       116     16      104
  SINCE JUN 1    225                       207     18      191
  SINCE JAN 1    225                       233     -8      215
..................................................................


WIND (MPH)
  HIGHEST WIND SPEED    MM   HIGHEST WIND DIRECTION    MM
  HIGHEST GUST SPEED    MM   HIGHEST GUST DIRECTION    MM
  AVERAGE WIND SPEED    MM


SKY COVER
  POSSIBLE SUNSHINE  MM
  AVERAGE SKY COVER  MM


WEATHER CONDITIONS
 THE FOLLOWING WEATHER WAS RECORDED TODAY.
  THUNDERSTORM
  RAIN
  LIGHT RAIN
  HAZE


RELATIVE HUMIDITY (PERCENT)
 HIGHEST    MM
 LOWEST     MM
 AVERAGE    MM

..........................................................


THE GRAND FORKS UNIV. (NWS) ND CLIMATE NORMALS FOR TOMORROW
                         NORMAL    RECORD    YEAR
 MAXIMUM TEMPERATURE (F)   82        98      1940
 MINIMUM TEMPERATURE (F)   59        45      1949
                                             1907


SUNRISE AND SUNSET
JULY 21 2017..........SUNRISE   552 AM CDT   SUNSET   917 PM CDT
JULY 22 2017..........SUNRISE   553 AM CDT   SUNSET   916 PM CDT


-  INDICATES NEGATIVE NUMBERS.
R  INDICATES RECORD WAS SET OR TIED.
MM INDICATES DATA IS MISSING.
T  INDICATES TRACE AMOUNT.




$$
