993
CDUS43 KFGF 230700
CLIFGF


CLIMATE REPORT
NATIONAL WEATHER SERVICE EASTERN NORTH DAKOTA/GRAND FORKS
142 AM CDT SUN APR 23 2017


...................................

...THE GRAND FORKS UNIV. (NWS) ND CLIMATE SUMMARY FOR APRIL 22 2017...

CLIMATE NORMAL PERIOD 1981 TO 2010
CLIMATE RECORD PERIOD 1890 TO 2017


WEATHER ITEM   OBSERVED TIME   RECORD YEAR NORMAL DEPARTURE LAST
                VALUE   (LST)  VALUE       VALUE  FROM      YEAR
                                                  NORMAL
..................................................................
TEMPERATURE (F)
 YESTERDAY
  MAXIMUM         56        MM  89    1980  59     -3       60
  MINIMUM         32        MM  16    1909  34     -2       28
  AVERAGE         44                        47     -3       44

PRECIPITATION (IN)
  YESTERDAY        T             0.80 1904   0.03  -0.03     0.00
  MONTH TO DATE    0.68                      0.63   0.05     1.03
  SINCE MAR 1      1.52                      1.65  -0.13     1.72
  SINCE JAN 1      2.62                      2.95  -0.33     2.37

SNOWFALL (IN)
  YESTERDAY        T             6.0  1902   0.0    0.0      0.0
  MONTH TO DATE    T                         0.9   -0.9      0.6
  SINCE MAR 1      0.1                       7.3   -7.2      2.3
  SINCE JUL 1     43.0                      42.6    0.4     29.6
  SNOW DEPTH       0

DEGREE DAYS
 HEATING
  YESTERDAY       21                        19      2       21
  MONTH TO DATE  433                       530    -97      582
  SINCE MAR 1   1614                      1736   -122     1470
  SINCE JUL 1   7562                      8696  -1134     7402

 COOLING
  YESTERDAY        0                         0      0        0
  MONTH TO DATE    0                         0      0        0
  SINCE MAR 1      0                         0      0        0
  SINCE JAN 1      0                         0      0        0
..................................................................


WIND (MPH)
  RESULTANT WIND SPEED  MM   RESULTANT WIND DIRECTION  MM
  HIGHEST WIND SPEED    MM   HIGHEST WIND DIRECTION    MM
  HIGHEST GUST SPEED    MM   HIGHEST GUST DIRECTION    MM
  AVERAGE WIND SPEED    MM


SKY COVER
  POSSIBLE SUNSHINE  MM
  AVERAGE SKY COVER  MM


WEATHER CONDITIONS
 THE FOLLOWING WEATHER WAS RECORDED YESTERDAY.
  LIGHT RAIN
  LIGHT SNOW


RELATIVE HUMIDITY (PERCENT)
 HIGHEST    MM
 LOWEST     MM
 AVERAGE    MM

..........................................................


THE GRAND FORKS UNIV. (NWS) ND CLIMATE NORMALS FOR TODAY
                         NORMAL    RECORD    YEAR
 MAXIMUM TEMPERATURE (F)   59        91      1990
 MINIMUM TEMPERATURE (F)   35        10      1909


SUNRISE AND SUNSET
APRIL 23 2017.........SUNRISE   624 AM CDT   SUNSET   830 PM CDT
APRIL 24 2017.........SUNRISE   622 AM CDT   SUNSET   832 PM CDT


-  INDICATES NEGATIVE NUMBERS.
R  INDICATES RECORD WAS SET OR TIED.
MM INDICATES DATA IS MISSING.
T  INDICATES TRACE AMOUNT.




$$
