000
CDUS45 KFGZ 040756
CLIFLG
CLIMATE REPORT
NATIONAL WEATHER SERVICE FLAGSTAFF, AZ
1253 AM MST SUN DEC 4 2016


...................................

...THE FLAGSTAFF AZ AIRPORT CLIMATE SUMMARY FOR DECEMBER 3 2016...

CLIMATE NORMAL PERIOD 1981 TO 2010
CLIMATE RECORD PERIOD 1898 TO 2016


WEATHER ITEM   OBSERVED TIME   RECORD YEAR NORMAL DEPARTURE LAST
                VALUE   (LST)  VALUE       VALUE  FROM      YEAR
                                                  NORMAL
..................................................................
TEMPERATURE (F)
 YESTERDAY
  MAXIMUM         42    334 PM  67    1977  44     -2       55
  MINIMUM         24    608 AM  -2    1968  18      6       13
                                      1931
  AVERAGE         33                        31      2

PRECIPITATION (IN)
  YESTERDAY        0.00          1.33 1908   0.05  -0.05     0.00
  MONTH TO DATE    T                         0.16  -0.16     0.00
  SINCE SEP 1      4.19                      5.96  -1.77     7.80
  SINCE JAN 1     21.38                     20.15   1.23    26.22

SNOWFALL (IN)
  YESTERDAY        0.0           6.1  1961   0.5             0.0
  MONTH TO DATE    T                         1.4             0.0
  SINCE JUL 1      5.5                      13.6            14.6
  SNOW DEPTH       2

DEGREE DAYS
 HEATING
  YESTERDAY       32                        34     -2       31
  MONTH TO DATE  110                       101      9      106
  SINCE JUL 1   1670                      1833   -163     1696

 COOLING
  YESTERDAY        0                         0      0        0
  MONTH TO DATE    0                         0      0        0
  SINCE JAN 1    131                       117     14      115
..................................................................


WIND (MPH)
  HIGHEST WIND SPEED    32   HIGHEST WIND DIRECTION    NE (60)
  HIGHEST GUST SPEED    39   HIGHEST GUST DIRECTION     E (70)
  AVERAGE WIND SPEED    17.9


SKY COVER
  POSSIBLE SUNSHINE  MM
  AVERAGE SKY COVER 0.0


WEATHER CONDITIONS
 THE FOLLOWING WEATHER WAS RECORDED YESTERDAY.
  NO SIGNIFICANT WEATHER WAS OBSERVED.


RELATIVE HUMIDITY (PERCENT)
 HIGHEST    68           100 AM
 LOWEST     26           600 PM
 AVERAGE    47

..........................................................


THE FLAGSTAFF AZ AIRPORT CLIMATE NORMALS FOR TODAY
                         NORMAL    RECORD    YEAR
 MAXIMUM TEMPERATURE (F)   44        67      1965
 MINIMUM TEMPERATURE (F)   18        -4      1955
                                             1952


SUNRISE AND SUNSET
DECEMBER  4 2016......SUNRISE   720 AM MST   SUNSET   514 PM MST
DECEMBER  5 2016......SUNRISE   721 AM MST   SUNSET   514 PM MST


-  INDICATES NEGATIVE NUMBERS.
R  INDICATES RECORD WAS SET OR TIED.
MM INDICATES DATA IS MISSING.
T  INDICATES TRACE AMOUNT.




$$
&&

-------------------------------------------------------------------
SNOW DEPTH DATA FOR FLAGSTAFF AIRPORT IS REPORTED AT 5 AM MST


-------------------------------------------------------------------
SUPPLEMENTARY CLIMATE DATA FOR NWS BELLEMONT, ARIZONA

SNOW DEPTH (IN) AT 11 AM........................................2
WATER EQUIVALENT OF SNOW PACK (IN) AT 11 AM*....................0.4
* ONLY MEASURED IF SNOW DEPTH IS 2.0 INCHES OR GREATER
-------------------------------------------------------------------
