000
CDUS45 KFGZ 030738
CLIFLG
CLIMATE REPORT
NATIONAL WEATHER SERVICE FLAGSTAFF, AZ
1234 AM MST TUE MAR 3 2015


...................................

...THE FLAGSTAFF AZ AIRPORT CLIMATE SUMMARY FOR MARCH 2 2015...

CLIMATE NORMAL PERIOD 1981 TO 2010
CLIMATE RECORD PERIOD 1898 TO 2015


WEATHER ITEM   OBSERVED TIME   RECORD YEAR NORMAL DEPARTURE LAST
                VALUE   (LST)  VALUE       VALUE  FROM      YEAR
                                                  NORMAL
..................................................................
TEMPERATURE (F)
 YESTERDAY
  MAXIMUM         39    344 AM  66    2009  47     -8       44
  MINIMUM         29   1159 PM  -1    1971  22      7       30
  AVERAGE         34                        34      0

PRECIPITATION (IN)
  YESTERDAY        1.71R         0.95 1978   0.07   1.64     0.04
  MONTH TO DATE    3.69                      0.15   3.54     1.13
  SINCE SEP 1     15.83                     12.03   3.80     8.84
  SINCE JAN 1      8.00                      4.36   3.64     1.73

SNOWFALL (IN)
  YESTERDAY        8.4           9.5  1964   0.8             0.4
  MONTH TO DATE   16.4                       1.5             1.1
  SINCE JUL 1     55.3                      74.7            34.6
  SNOW DEPTH       7

DEGREE DAYS
 HEATING
  YESTERDAY       31                        30      1       28
  MONTH TO DATE   60                        61     -1       55
  SINCE JUL 1   4110                      4900   -790     4656

 COOLING
  YESTERDAY        0                         0      0        0
  MONTH TO DATE    0                         0      0        0
  SINCE JAN 1      0                         0      0        0
..................................................................


WIND (MPH)
  HIGHEST WIND SPEED    32   HIGHEST WIND DIRECTION    SW (210)
  HIGHEST GUST SPEED    43   HIGHEST GUST DIRECTION    SW (220)
  AVERAGE WIND SPEED    14.7


SKY COVER
  POSSIBLE SUNSHINE  MM
  AVERAGE SKY COVER 1.0


WEATHER CONDITIONS
 THE FOLLOWING WEATHER WAS RECORDED YESTERDAY.
  RAIN
  LIGHT RAIN
  HEAVY SNOW
  SNOW
  LIGHT SNOW
  FOG
  FOG W/VISIBILITY <= 1/4 MILE
  HAZE


RELATIVE HUMIDITY (PERCENT)
 HIGHEST    92           200 AM
 LOWEST     85           100 AM
 AVERAGE    89

..........................................................


THE FLAGSTAFF AZ AIRPORT CLIMATE NORMALS FOR TODAY
                         NORMAL    RECORD    YEAR
 MAXIMUM TEMPERATURE (F)   48        66      1910
 MINIMUM TEMPERATURE (F)   22        -9      1915


SUNRISE AND SUNSET
MARCH  3 2015.........SUNRISE   654 AM MST   SUNSET   624 PM MST
MARCH  4 2015.........SUNRISE   652 AM MST   SUNSET   625 PM MST


-  INDICATES NEGATIVE NUMBERS.
R  INDICATES RECORD WAS SET OR TIED.
MM INDICATES DATA IS MISSING.
T  INDICATES TRACE AMOUNT.




$$


&&

-------------------------------------------------------------------
SNOW DEPTH DATA FOR FLAGSTAFF AIRPORT IS REPORTED AT 5 AM MST


-------------------------------------------------------------------
SUPPLEMENTARY CLIMATE DATA FOR NWS BELLEMONT, ARIZONA

SNOW DEPTH (IN) AT 11 AM........................................6
WATER EQUIVALENT OF SNOW PACK (IN) AT 11 AM*...................2.1
* ONLY MEASURED IF SNOW DEPTH IS 2.0 INCHES OR GREATER
-------------------------------------------------------------------
