000
CDUS45 KFGZ 210732
CLIFLG
CLIMATE REPORT
NATIONAL WEATHER SERVICE FLAGSTAFF, AZ
1232 AM MST SAT OCT 21 2017


...................................

...THE FLAGSTAFF AZ AIRPORT CLIMATE SUMMARY FOR OCTOBER 20 2017...

CLIMATE NORMAL PERIOD 1981 TO 2010
CLIMATE RECORD PERIOD 1898 TO 2017


WEATHER ITEM   OBSERVED TIME   RECORD YEAR NORMAL DEPARTURE LAST
                VALUE   (LST)  VALUE       VALUE  FROM      YEAR
                                                  NORMAL
..................................................................
TEMPERATURE (F)
 YESTERDAY
  MAXIMUM         64    150 PM  77    2003  61      3       64
  MINIMUM         34    402 AM   4    1949  30      4       31
  AVERAGE         49                        45      4

PRECIPITATION (IN)
  YESTERDAY        0.00          1.18 1979   0.06  -0.06     0.00
  MONTH TO DATE    0.00                      1.11  -1.11     0.36
  SINCE SEP 1      0.42                      3.49  -3.07     1.90
  SINCE JAN 1     18.00                     17.68   0.32    19.09

SNOWFALL (IN)
  YESTERDAY        0.0           7.0  1920   0.1             0.0
  MONTH TO DATE    0.0                       0.6             0.0
  SINCE JUL 1      0.0                       0.6             0.0
  SNOW DEPTH       0

DEGREE DAYS
 HEATING
  YESTERDAY       16                        20     -4       17
  MONTH TO DATE  286                       329    -43      296
  SINCE JUL 1    588                       646    -58      635

 COOLING
  YESTERDAY        0                         0      0        0
  MONTH TO DATE    0                         0      0        0
  SINCE JAN 1    184                       117     67      131
..................................................................


WIND (MPH)
  HIGHEST WIND SPEED    35   HIGHEST WIND DIRECTION    SW (220)
  HIGHEST GUST SPEED    45   HIGHEST GUST DIRECTION    SW (220)
  AVERAGE WIND SPEED    16.2


SKY COVER
  POSSIBLE SUNSHINE  MM
  AVERAGE SKY COVER 0.1


WEATHER CONDITIONS
 THE FOLLOWING WEATHER WAS RECORDED YESTERDAY.
  NO SIGNIFICANT WEATHER WAS OBSERVED.


RELATIVE HUMIDITY (PERCENT)
 HIGHEST    82           400 AM
 LOWEST     27           100 PM
 AVERAGE    55

..........................................................


THE FLAGSTAFF AZ AIRPORT CLIMATE NORMALS FOR TODAY
                         NORMAL    RECORD    YEAR
 MAXIMUM TEMPERATURE (F)   60        75      2003
                                             1952
                                             1917
 MINIMUM TEMPERATURE (F)   30         5      1949


SUNRISE AND SUNSET
OCTOBER 21 2017.......SUNRISE   638 AM MST   SUNSET   544 PM MST
OCTOBER 22 2017.......SUNRISE   639 AM MST   SUNSET   543 PM MST


-  INDICATES NEGATIVE NUMBERS.
R  INDICATES RECORD WAS SET OR TIED.
MM INDICATES DATA IS MISSING.
T  INDICATES TRACE AMOUNT.




$$
&&

-------------------------------------------------------------------
SNOW DEPTH DATA FOR FLAGSTAFF AIRPORT IS REPORTED AT 5 AM MST


-------------------------------------------------------------------
SUPPLEMENTARY CLIMATE DATA FOR NWS BELLEMONT, ARIZONA

SNOW DEPTH (IN) AT 11 AM...................................0.0
WATER EQUIVALENT OF SNOW PACK (IN) AT 11 AM*...............
* ONLY MEASURED IF SNOW DEPTH IS 2.0 INCHES OR GREATER
-------------------------------------------------------------------
