000
CDUS45 KFGZ 160847
CLIFLG
CLIMATE REPORT
NATIONAL WEATHER SERVICE FLAGSTAFF, AZ
146 AM MST SAT DEC 16 2017


...................................

...THE FLAGSTAFF AZ AIRPORT CLIMATE SUMMARY FOR DECEMBER 15 2017...

CLIMATE NORMAL PERIOD 1981 TO 2010
CLIMATE RECORD PERIOD 1898 TO 2017


WEATHER ITEM   OBSERVED TIME   RECORD YEAR NORMAL DEPARTURE LAST
                VALUE   (LST)  VALUE       VALUE  FROM      YEAR
                                                  NORMAL
..................................................................
TEMPERATURE (F)
 YESTERDAY
  MAXIMUM         56    316 PM  63    1929  42     14       55
  MINIMUM         21   1154 PM -14    1931  16      5       26
  AVERAGE         39                        29     10

PRECIPITATION (IN)
  YESTERDAY        0.00          2.08 1908   0.06  -0.06      T
  MONTH TO DATE    0.00                      0.86  -0.86      T
  SINCE SEP 1      0.43                      6.66  -6.23     4.19
  SINCE JAN 1     18.01                     20.85  -2.84    21.38

SNOWFALL (IN)
  YESTERDAY        0.0          11.7  2012   0.5             0.0
  MONTH TO DATE    0.0                       7.7              T
  SINCE JUL 1      0.0                      19.9             5.5
  SNOW DEPTH       0

DEGREE DAYS
 HEATING
  YESTERDAY       26                        36    -10       24
  MONTH TO DATE  445                       521    -76      445
  SINCE JUL 1   1831                      2253   -422     2005

 COOLING
  YESTERDAY        0                         0      0        0
  MONTH TO DATE    0                         0      0        0
  SINCE JAN 1    184                       117     67      131
..................................................................


WIND (MPH)
  HIGHEST WIND SPEED    24   HIGHEST WIND DIRECTION    NE (60)
  HIGHEST GUST SPEED    33   HIGHEST GUST DIRECTION    NE (40)
  AVERAGE WIND SPEED     5.9


SKY COVER
  POSSIBLE SUNSHINE  MM
  AVERAGE SKY COVER 0.0


WEATHER CONDITIONS
 THE FOLLOWING WEATHER WAS RECORDED YESTERDAY.
  NO SIGNIFICANT WEATHER WAS OBSERVED.


RELATIVE HUMIDITY (PERCENT)
 HIGHEST    25          1200 AM
 LOWEST      4           200 PM
 AVERAGE    15

..........................................................


THE FLAGSTAFF AZ AIRPORT CLIMATE NORMALS FOR TODAY
                         NORMAL    RECORD    YEAR
 MAXIMUM TEMPERATURE (F)   42        63      1958
 MINIMUM TEMPERATURE (F)   16       -18      1971


SUNRISE AND SUNSET
DECEMBER 16 2017......SUNRISE   728 AM MST   SUNSET   517 PM MST
DECEMBER 17 2017......SUNRISE   729 AM MST   SUNSET   517 PM MST


-  INDICATES NEGATIVE NUMBERS.
R  INDICATES RECORD WAS SET OR TIED.
MM INDICATES DATA IS MISSING.
T  INDICATES TRACE AMOUNT.




$$
&&

-------------------------------------------------------------------
SNOW DEPTH DATA FOR FLAGSTAFF AIRPORT IS REPORTED AT 5 AM MST


-------------------------------------------------------------------
SUPPLEMENTARY CLIMATE DATA FOR NWS BELLEMONT, ARIZONA

SNOW DEPTH (IN) AT 11 AM...................................0.0
WATER EQUIVALENT OF SNOW PACK (IN) AT 11 AM*...............
* ONLY MEASURED IF SNOW DEPTH IS 2.0 INCHES OR GREATER
-------------------------------------------------------------------
