000
CDUS45 KFGZ 230757
CLIFLG
CLIMATE REPORT
NATIONAL WEATHER SERVICE FLAGSTAFF, AZ
1256 AM MST SUN NOV 23 2014


...................................

...THE FLAGSTAFF AZ AIRPORT CLIMATE SUMMARY FOR NOVEMBER 22 2014...

CLIMATE NORMAL PERIOD 1981 TO 2010
CLIMATE RECORD PERIOD 1898 TO 2014


WEATHER ITEM   OBSERVED TIME   RECORD YEAR NORMAL DEPARTURE LAST
                VALUE   (LST)  VALUE       VALUE  FROM      YEAR
                                                  NORMAL
..................................................................
TEMPERATURE (F)
 YESTERDAY
  MAXIMUM         53    120 PM  68    1903  48      5       36
  MINIMUM         17    626 AM  -2    1931  21     -4       32
  AVERAGE         35                        34      1

PRECIPITATION (IN)
  YESTERDAY        0.00          1.01 2013   0.06  -0.06     1.01
  MONTH TO DATE    0.60                      1.26  -0.66     1.60
  SINCE SEP 1      4.39                      5.30  -0.91     5.14
  SINCE JAN 1     17.23                     19.49  -2.26    22.82

SNOWFALL (IN)
  YESTERDAY        0.0           5.6  2013   0.5             5.6
  MONTH TO DATE    T                         6.6             5.6
  SINCE JUL 1      T                         8.1             6.2
  SNOW DEPTH       0

DEGREE DAYS
 HEATING
  YESTERDAY       30                        31     -1       31
  MONTH TO DATE  534                       593    -59      559
  SINCE JUL 1   1205                      1476   -271     1492

 COOLING
  YESTERDAY        0                         0      0        0
  MONTH TO DATE    0                         0      0        0
  SINCE JAN 1    109                       117     -8      148
..................................................................


WIND (MPH)
  HIGHEST WIND SPEED    26   HIGHEST WIND DIRECTION    SW (230)
  HIGHEST GUST SPEED    36   HIGHEST GUST DIRECTION    SW (230)
  AVERAGE WIND SPEED     6.8


SKY COVER
  POSSIBLE SUNSHINE  MM
  AVERAGE SKY COVER 0.0


WEATHER CONDITIONS
 THE FOLLOWING WEATHER WAS RECORDED YESTERDAY.
  NO SIGNIFICANT WEATHER WAS OBSERVED.


RELATIVE HUMIDITY (PERCENT)
 HIGHEST    80           400 AM
 LOWEST     19           100 PM
 AVERAGE    50

..........................................................


THE FLAGSTAFF AZ AIRPORT CLIMATE NORMALS FOR TODAY
                         NORMAL    RECORD    YEAR
 MAXIMUM TEMPERATURE (F)   48        69      1954
 MINIMUM TEMPERATURE (F)   21        -4      1931


SUNRISE AND SUNSET
NOVEMBER 23 2014......SUNRISE   709 AM MST   SUNSET   517 PM MST
NOVEMBER 24 2014......SUNRISE   710 AM MST   SUNSET   516 PM MST


-  INDICATES NEGATIVE NUMBERS.
R  INDICATES RECORD WAS SET OR TIED.
MM INDICATES DATA IS MISSING.
T  INDICATES TRACE AMOUNT.




$$

&&

-------------------------------------------------------------------
SNOW DEPTH DATA FOR FLAGSTAFF AIRPORT IS REPORTED AT 5 AM MST


-------------------------------------------------------------------
SUPPLEMENTARY CLIMATE DATA FOR NWS BELLEMONT, ARIZONA

SNOW DEPTH (IN) AT 11 AM..........................................0
WATER EQUIVALENT OF SNOW PACK (IN) AT 11 AM*......................0
* ONLY MEASURED IF SNOW DEPTH IS 2.0 INCHES OR GREATER
-------------------------------------------------------------------
