746
CDUS45 KFGZ 090944
CLIFLG
CLIMATE REPORT
NATIONAL WEATHER SERVICE FLAGSTAFF, AZ
243 AM MST TUE FEB 9 2016


...................................

...THE FLAGSTAFF AZ AIRPORT CLIMATE SUMMARY FOR FEBRUARY 8 2016...

CLIMATE NORMAL PERIOD 1981 TO 2010
CLIMATE RECORD PERIOD 1898 TO 2016


WEATHER ITEM   OBSERVED TIME   RECORD YEAR NORMAL DEPARTURE LAST
                VALUE   (LST)  VALUE       VALUE  FROM      YEAR
                                                  NORMAL
..................................................................
TEMPERATURE (F)
 YESTERDAY
  MAXIMUM         51    318 PM  65    1996  44      7       63
  MINIMUM         33    659 AM -17    1933  18     15       30
  AVERAGE         42                        31     11

PRECIPITATION (IN)
  YESTERDAY        0.00          2.05 1993   0.07  -0.07     0.00
  MONTH TO DATE    0.37                      0.57  -0.20     0.00
  SINCE SEP 1     12.61                     10.29   2.32    10.02
  SINCE JAN 1      3.78                      2.62   1.16     2.19

SNOWFALL (IN)
  YESTERDAY        0.0          12.9  2009   0.8             0.0
  MONTH TO DATE    7.8                       6.3             0.0
  SINCE JUL 1     71.7                      58.6            29.7
  SNOW DEPTH      10

DEGREE DAYS
 HEATING
  YESTERDAY       23                        34    -11       18
  MONTH TO DATE  332                       272     60      179
  SINCE JUL 1   4191                      4188      3     3528

 COOLING
  YESTERDAY        0                         0      0        0
  MONTH TO DATE    0                         0      0        0
  SINCE JAN 1      0                         0      0        0
..................................................................


WIND (MPH)
  HIGHEST WIND SPEED    23   HIGHEST WIND DIRECTION    NE (60)
  HIGHEST GUST SPEED    33   HIGHEST GUST DIRECTION     E (70)
  AVERAGE WIND SPEED    14.1


SKY COVER
  POSSIBLE SUNSHINE  MM
  AVERAGE SKY COVER 0.0


WEATHER CONDITIONS
 THE FOLLOWING WEATHER WAS RECORDED YESTERDAY.
  NO SIGNIFICANT WEATHER WAS OBSERVED.


RELATIVE HUMIDITY (PERCENT)
 HIGHEST    48          1100 PM
 LOWEST     24           300 PM
 AVERAGE    36

..........................................................


THE FLAGSTAFF AZ AIRPORT CLIMATE NORMALS FOR TODAY
                         NORMAL    RECORD    YEAR
 MAXIMUM TEMPERATURE (F)   44        64      2015
                                             1996
 MINIMUM TEMPERATURE (F)   19       -21      1929


SUNRISE AND SUNSET
FEBRUARY  9 2016......SUNRISE   719 AM MST   SUNSET   603 PM MST
FEBRUARY 10 2016......SUNRISE   718 AM MST   SUNSET   604 PM MST


-  INDICATES NEGATIVE NUMBERS.
R  INDICATES RECORD WAS SET OR TIED.
MM INDICATES DATA IS MISSING.
T  INDICATES TRACE AMOUNT.




$$
&&

-------------------------------------------------------------------
SNOW DEPTH DATA FOR FLAGSTAFF AIRPORT IS REPORTED AT 5 AM MST


-------------------------------------------------------------------
SUPPLEMENTARY CLIMATE DATA FOR NWS BELLEMONT, ARIZONA

SNOW DEPTH (IN) AT 11 AM........................................8
WATER EQUIVALENT OF SNOW PACK (IN) AT 11 AM*....................2.3
* ONLY MEASURED IF SNOW DEPTH IS 2.0 INCHES OR GREATER
-------------------------------------------------------------------
