000
CDUS45 KFGZ 260828
CLIFLG
CLIMATE REPORT
NATIONAL WEATHER SERVICE FLAGSTAFF, AZ
124 AM MST FRI DEC 26 2014


...................................

...THE FLAGSTAFF AZ AIRPORT CLIMATE SUMMARY FOR DECEMBER 25 2014...

CLIMATE NORMAL PERIOD 1981 TO 2010
CLIMATE RECORD PERIOD 1898 TO 2014


WEATHER ITEM   OBSERVED TIME   RECORD YEAR NORMAL DEPARTURE LAST
                VALUE   (LST)  VALUE       VALUE  FROM      YEAR
                                                  NORMAL
..................................................................
TEMPERATURE (F)
 YESTERDAY
  MAXIMUM         32    408 PM  67    1980  42    -10       40
  MINIMUM         15   1159 PM -14    1926  16     -1       28
  AVERAGE         24                        29     -5

PRECIPITATION (IN)
  YESTERDAY        0.04          1.31 1940   0.07  -0.03     0.00
  MONTH TO DATE    2.75                      1.47   1.28     1.35
  SINCE SEP 1      7.14                      7.27  -0.13     7.11
  SINCE JAN 1     19.98                     21.46  -1.48    24.79

SNOWFALL (IN)
  YESTERDAY        0.5          12.0  1916   0.6             0.0
  MONTH TO DATE    4.9                      13.3            17.9
  SINCE JUL 1      4.9                      25.5            29.9
  SNOW DEPTH       T

DEGREE DAYS
 HEATING
  YESTERDAY       41                        36      5       31
  MONTH TO DATE  727                       881   -154      959
  SINCE JUL 1   2144                      2613   -469     2714

 COOLING
  YESTERDAY        0                         0      0        0
  MONTH TO DATE    0                         0      0        0
  SINCE JAN 1    109                       117     -8      148
..................................................................


WIND (MPH)
  HIGHEST WIND SPEED    25   HIGHEST WIND DIRECTION    SW (220)
  HIGHEST GUST SPEED    34   HIGHEST GUST DIRECTION    SW (210)
  AVERAGE WIND SPEED    13.6


SKY COVER
  POSSIBLE SUNSHINE  MM
  AVERAGE SKY COVER 0.6


WEATHER CONDITIONS
 THE FOLLOWING WEATHER WAS RECORDED YESTERDAY.
  SNOW
  LIGHT SNOW
  FOG
  HAZE


RELATIVE HUMIDITY (PERCENT)
 HIGHEST    75          1100 AM
 LOWEST     33           200 AM
 AVERAGE    54

..........................................................


THE FLAGSTAFF AZ AIRPORT CLIMATE NORMALS FOR TODAY
                         NORMAL    RECORD    YEAR
 MAXIMUM TEMPERATURE (F)   42        63      1980
 MINIMUM TEMPERATURE (F)   16       -16      1924


SUNRISE AND SUNSET
DECEMBER 26 2014......SUNRISE   733 AM MST   SUNSET   521 PM MST
DECEMBER 27 2014......SUNRISE   734 AM MST   SUNSET   522 PM MST


-  INDICATES NEGATIVE NUMBERS.
R  INDICATES RECORD WAS SET OR TIED.
MM INDICATES DATA IS MISSING.
T  INDICATES TRACE AMOUNT.




$$


&&

-------------------------------------------------------------------
SNOW DEPTH DATA FOR FLAGSTAFF AIRPORT IS REPORTED AT 5 AM MST


-------------------------------------------------------------------
SUPPLEMENTARY CLIMATE DATA FOR NWS BELLEMONT, ARIZONA

SNOW DEPTH (IN) AT 5 AM........................................0
WATER EQUIVALENT OF SNOW PACK (IN) AT 11 AM*....................
* ONLY MEASURED IF SNOW DEPTH IS 2.0 INCHES OR GREATER
-------------------------------------------------------------------
