000
CDUS42 KMFL 222016
CLIFLL


CLIMATE REPORT
NATIONAL WEATHER SERVICE MIAMI, FL
416 PM EDT THU JUN 22 2017


...................................

...THE FORT LAUDERDALE CLIMATE SUMMARY FOR JUNE 22 2017...
VALID TODAY AS OF 0400 PM LOCAL TIME.

CLIMATE NORMAL PERIOD 1981 TO 2010
CLIMATE RECORD PERIOD 1912 TO 2017


WEATHER ITEM   OBSERVED TIME   RECORD YEAR NORMAL DEPARTURE LAST
                VALUE   (LST)  VALUE       VALUE  FROM      YEAR
                                                  NORMAL
..................................................................
TEMPERATURE (F)
 TODAY
  MAXIMUM         88    237 PM 100    2009  89     -1       88
  MINIMUM         80    100 AM  68    1937  78      2       76
                                      1923
                                      1922
  AVERAGE         84                        83      1       82

PRECIPITATION (IN)
  TODAY            T             2.48 1926   0.36  -0.36     0.00
  MONTH TO DATE   11.70                      7.36   4.34     6.95
  SINCE JUN 1     11.70                      7.36   4.34     6.95
  SINCE JAN 1     23.30                     24.85  -1.55    25.90

SNOWFALL (IN)
  TODAY            0.0
  MONTH TO DATE    0.0
  SINCE JUN 1      0.0
  SINCE JUL 1      0.0
  SNOW DEPTH       0

DEGREE DAYS
 HEATING
  TODAY            0                         0      0        0
  MONTH TO DATE    0                         0      0        0
  SINCE JUN 1      0                         0      0        0
  SINCE JUL 1     35                       112    -77       87

 COOLING
  TODAY           19                        18      1       17
  MONTH TO DATE  372                       393    -21      405
  SINCE JUN 1    372                       393    -21      405
  SINCE JAN 1   1949                      1811    138     1819
..................................................................


WIND (MPH)
  HIGHEST WIND SPEED    21   HIGHEST WIND DIRECTION    SE (120)
  HIGHEST GUST SPEED    25   HIGHEST GUST DIRECTION    SE (120)
  AVERAGE WIND SPEED    12.1


SKY COVER
  AVERAGE SKY COVER 0.4


WEATHER CONDITIONS
 THE FOLLOWING WEATHER WAS RECORDED TODAY.
  NO SIGNIFICANT WEATHER WAS OBSERVED.


RELATIVE HUMIDITY (PERCENT)
 HIGHEST    91
 LOWEST     63
 AVERAGE    77

..........................................................


THE FORT LAUDERDALE CLIMATE NORMALS FOR TOMORROW
                         NORMAL    RECORD    YEAR
 MAXIMUM TEMPERATURE (F)   89        95      1939
 MINIMUM TEMPERATURE (F)   78        69      1935
                                             1925
                                             1922


SUNRISE AND SUNSET
JUNE 22 2017..........SUNRISE   630 AM EDT   SUNSET   816 PM EDT
JUNE 23 2017..........SUNRISE   630 AM EDT   SUNSET   816 PM EDT


-  INDICATES NEGATIVE NUMBERS.
R  INDICATES RECORD WAS SET OR TIED.
MM INDICATES DATA IS MISSING.
T  INDICATES TRACE AMOUNT.




$$
