000
CDUS42 KMFL 260832
CLIFLL


CLIMATE REPORT
NATIONAL WEATHER SERVICE MIAMI, FL
432 AM EDT SUN MAR 26 2017


...................................

...THE FORT LAUDERDALE CLIMATE SUMMARY FOR MARCH 25 2017...

CLIMATE NORMAL PERIOD 1981 TO 2010
CLIMATE RECORD PERIOD 1912 TO 2017


WEATHER ITEM   OBSERVED TIME   RECORD YEAR NORMAL DEPARTURE LAST
                VALUE   (LST)  VALUE       VALUE  FROM      YEAR
                                                  NORMAL
..................................................................
TEMPERATURE (F)
 YESTERDAY
  MAXIMUM         80    258 PM  90    1975  81     -1       84
                                      1952
  MINIMUM         69    707 PM  41    1915  67      2       74
  AVERAGE         75                        74      1       79

PRECIPITATION (IN)
  YESTERDAY        0.15          0.97 1925   0.11   0.04     0.04
  MONTH TO DATE    1.29                      2.63  -1.34     1.02
  SINCE NOV 1      9.20                     14.92  -5.72    22.97
  SINCE JAN 1      4.57                      9.22  -4.65    11.75

SNOWFALL (IN)
  YESTERDAY        0.0
  MONTH TO DATE    0.0
  SINCE MAR 1      0.0
  SINCE JUL 1      0.0
  SNOW DEPTH       0

DEGREE DAYS
 HEATING
  YESTERDAY        0                         0      0        0
  MONTH TO DATE    6                         7     -1        2
  SINCE MAR 1      6                         7     -1        2
  SINCE JUL 1     35                       109    -74       87

 COOLING
  YESTERDAY       10                         9      1       14
  MONTH TO DATE  183                       200    -17      245
  SINCE MAR 1    183                       200    -17      245
  SINCE JAN 1    639                       556     83      504
..................................................................


WIND (MPH)
  HIGHEST WIND SPEED    22   HIGHEST WIND DIRECTION     E (90)
  HIGHEST GUST SPEED    28   HIGHEST GUST DIRECTION     E (90)
  AVERAGE WIND SPEED    15.9


SKY COVER
  AVERAGE SKY COVER 0.7


WEATHER CONDITIONS
 THE FOLLOWING WEATHER WAS RECORDED YESTERDAY.
  HEAVY RAIN
  RAIN
  LIGHT RAIN
  FOG


RELATIVE HUMIDITY (PERCENT)
 HIGHEST    84
 LOWEST     57
 AVERAGE    71

..........................................................


THE FORT LAUDERDALE CLIMATE NORMALS FOR TODAY
                         NORMAL    RECORD    YEAR
 MAXIMUM TEMPERATURE (F)   81        90      1935
                                             1923
 MINIMUM TEMPERATURE (F)   67        45      1947


SUNRISE AND SUNSET
MARCH 26 2017.........SUNRISE   718 AM EDT   SUNSET   735 PM EDT
MARCH 27 2017.........SUNRISE   717 AM EDT   SUNSET   735 PM EDT


-  INDICATES NEGATIVE NUMBERS.
R  INDICATES RECORD WAS SET OR TIED.
MM INDICATES DATA IS MISSING.
T  INDICATES TRACE AMOUNT.




$$
