000
CDUS42 KMFL 270924
CLIFLL


CLIMATE REPORT
NATIONAL WEATHER SERVICE MIAMI, FL
423 AM EST TUE JAN 27 2015


...................................

...THE FORT LAUDERDALE CLIMATE SUMMARY FOR JANUARY 26 2015...

CLIMATE NORMAL PERIOD 1981 TO 2010
CLIMATE RECORD PERIOD 1839 TO 2015


WEATHER ITEM   OBSERVED TIME   RECORD YEAR NORMAL DEPARTURE LAST
                VALUE   (LST)  VALUE       VALUE  FROM      YEAR
                                                  NORMAL
..................................................................
TEMPERATURE (F)
 YESTERDAY
  MAXIMUM         74    312 PM  84    1975  77     -3       76
                                      1929
                                      1913
  MINIMUM         53    439 AM  33    1951  62     -9       56
  AVERAGE         64                        69     -5       66

PRECIPITATION (IN)
  YESTERDAY        0.05          0.85 1967   0.18  -0.13     0.00
                                      2011
  MONTH TO DATE    3.39                      2.74   0.65     1.82
  SINCE NOV 1      8.50                      8.44   0.06    13.94
  SINCE JAN 1      3.39                      2.74   0.65     1.82

SNOWFALL (IN)
  YESTERDAY        0.0
  MONTH TO DATE    0.0
  SINCE DEC 1      0.0
  SINCE JUL 1      0.0
  SNOW DEPTH       0

DEGREE DAYS
 HEATING
  YESTERDAY        1                         1      0        0
  MONTH TO DATE   10                        42    -32       71
  SINCE DEC 1     26                        72    -46       71
  SINCE JUL 1     36                        74    -38       75

 COOLING
  YESTERDAY        0                         6     -6        1
  MONTH TO DATE  163                       142     21       98
  SINCE DEC 1    375                       358     17      385
  SINCE JAN 1    163                       142     21       98
..................................................................


WIND (MPH)
  HIGHEST WIND SPEED    28   HIGHEST WIND DIRECTION     W (260)
  HIGHEST GUST SPEED    35   HIGHEST GUST DIRECTION     W (260)
  AVERAGE WIND SPEED    11.2


SKY COVER
  AVERAGE SKY COVER 0.3


WEATHER CONDITIONS
 THE FOLLOWING WEATHER WAS RECORDED YESTERDAY.
  RAIN
  FOG


RELATIVE HUMIDITY (PERCENT)
 HIGHEST    93
 LOWEST     35
 AVERAGE    64

..........................................................


THE FORT LAUDERDALE CLIMATE NORMALS FOR TODAY
                         NORMAL    RECORD    YEAR
 MAXIMUM TEMPERATURE (F)   77        88      1965
                                             1929
 MINIMUM TEMPERATURE (F)   62        37      1940


SUNRISE AND SUNSET
JANUARY 27 2015.......SUNRISE   707 AM EST   SUNSET   600 PM EST
JANUARY 28 2015.......SUNRISE   707 AM EST   SUNSET   601 PM EST


-  INDICATES NEGATIVE NUMBERS.
R  INDICATES RECORD WAS SET OR TIED.
MM INDICATES DATA IS MISSING.
T  INDICATES TRACE AMOUNT.




$$
