000
CDUS42 KMFL 102116
CLIFLL


CLIMATE REPORT
NATIONAL WEATHER SERVICE MIAMI, FL
415 PM EST SUN DEC 10 2017


...................................

...THE FORT LAUDERDALE CLIMATE SUMMARY FOR DECEMBER 10 2017...
VALID TODAY AS OF 0400 PM LOCAL TIME.

CLIMATE NORMAL PERIOD 1981 TO 2010
CLIMATE RECORD PERIOD 1912 TO 2017


WEATHER ITEM   OBSERVED TIME   RECORD YEAR NORMAL DEPARTURE LAST
                VALUE   (LST)  VALUE       VALUE  FROM      YEAR
                                                  NORMAL
..................................................................
TEMPERATURE (F)
 TODAY
  MAXIMUM         62    341 PM  87    2009  79    -17       74
  MINIMUM         47    752 AM  32    1917  65    -18       64
  AVERAGE         55                        72    -17       69

PRECIPITATION (IN)
  TODAY            0.00          4.73 2000   0.08  -0.08     1.05
  MONTH TO DATE    0.50                      0.85  -0.35     2.34
  SINCE NOV 1      6.26                      4.09   2.17     3.38
  SINCE JAN 1     68.93                     60.57   8.36    49.05

SNOWFALL (IN)
  TODAY            0.0
  MONTH TO DATE    0.0
  SINCE DEC 1      0.0
  SINCE JUL 1      0.0
  SNOW DEPTH       0

DEGREE DAYS
 HEATING
  TODAY           10                         1      9        0
  MONTH TO DATE   10                         5      5        0
  SINCE DEC 1     10                         5      5        0
  SINCE JUL 1     12                         7      5        0

 COOLING
  TODAY            0                         8     -8        4
  MONTH TO DATE   90                        81      9      117
  SINCE DEC 1     90                        81      9      117
  SINCE JAN 1   4769                      4594    175     4643
..................................................................


WIND (MPH)
  HIGHEST WIND SPEED    18   HIGHEST WIND DIRECTION    NW (330)
  HIGHEST GUST SPEED    26   HIGHEST GUST DIRECTION    NW (320)
  AVERAGE WIND SPEED    11.4


SKY COVER
  AVERAGE SKY COVER 0.1


WEATHER CONDITIONS
 THE FOLLOWING WEATHER WAS RECORDED TODAY.
  NO SIGNIFICANT WEATHER WAS OBSERVED.


RELATIVE HUMIDITY (PERCENT)
 HIGHEST    86
 LOWEST     42
 AVERAGE    64

..........................................................


THE FORT LAUDERDALE CLIMATE NORMALS FOR TOMORROW
                         NORMAL    RECORD    YEAR
 MAXIMUM TEMPERATURE (F)   79        87      1997
 MINIMUM TEMPERATURE (F)   65        38      1981


SUNRISE AND SUNSET
DECEMBER 10 2017......SUNRISE   657 AM EST   SUNSET   530 PM EST
DECEMBER 11 2017......SUNRISE   658 AM EST   SUNSET   530 PM EST


-  INDICATES NEGATIVE NUMBERS.
R  INDICATES RECORD WAS SET OR TIED.
MM INDICATES DATA IS MISSING.
T  INDICATES TRACE AMOUNT.




$$
