000
CDUS42 KMFL 130929
CLIFLL


CLIMATE REPORT
NATIONAL WEATHER SERVICE MIAMI, FL
429 AM EST SAT FEB 13 2016


...................................

...THE FORT LAUDERDALE CLIMATE SUMMARY FOR FEBRUARY 12 2016...

CLIMATE NORMAL PERIOD 1981 TO 2010
CLIMATE RECORD PERIOD 1912 TO 2016


WEATHER ITEM   OBSERVED TIME   RECORD YEAR NORMAL DEPARTURE LAST
                VALUE   (LST)  VALUE       VALUE  FROM      YEAR
                                                  NORMAL
..................................................................
TEMPERATURE (F)
 YESTERDAY
  MAXIMUM         74    254 PM  89    1913  78     -4       75
  MINIMUM         52    411 AM  36    1919  64    -12       55
  AVERAGE         63                        71     -8       65

PRECIPITATION (IN)
  YESTERDAY        0.00          1.25 1916   0.14  -0.14     0.00
  MONTH TO DATE    1.58                      1.35   0.23     1.61
  SINCE NOV 1     20.21                     10.68   9.53    10.11
  SINCE JAN 1      8.99                      4.98   4.01     5.00

SNOWFALL (IN)
  YESTERDAY        0.0
  MONTH TO DATE    0.0
  SINCE DEC 1      0.0
  SINCE JUL 1      0.0
  SNOW DEPTH       0

DEGREE DAYS
 HEATING
  YESTERDAY        2                         1      1        0
  MONTH TO DATE   32                        12     20        3
  SINCE DEC 1     77                        90    -13       42
  SINCE JUL 1     77                        92    -15       52

 COOLING
  YESTERDAY        0                         7     -7        0
  MONTH TO DATE   51                        75    -24       41
  SINCE DEC 1    572                       461    111      418
  SINCE JAN 1    175                       245    -70      206
..................................................................


WIND (MPH)
  HIGHEST WIND SPEED    13   HIGHEST WIND DIRECTION    SE (140)
  HIGHEST GUST SPEED    16   HIGHEST GUST DIRECTION     E (110)
  AVERAGE WIND SPEED     5.7


SKY COVER
  AVERAGE SKY COVER 0.1


WEATHER CONDITIONS
 THE FOLLOWING WEATHER WAS RECORDED YESTERDAY.
  NO SIGNIFICANT WEATHER WAS OBSERVED.


RELATIVE HUMIDITY (PERCENT)
 HIGHEST    77
 LOWEST     52
 AVERAGE    65

..........................................................


THE FORT LAUDERDALE CLIMATE NORMALS FOR TODAY
                         NORMAL    RECORD    YEAR
 MAXIMUM TEMPERATURE (F)   78        86      2013
 MINIMUM TEMPERATURE (F)   64        36      1925


SUNRISE AND SUNSET
FEBRUARY 13 2016......SUNRISE   658 AM EST   SUNSET   612 PM EST
FEBRUARY 14 2016......SUNRISE   657 AM EST   SUNSET   613 PM EST


-  INDICATES NEGATIVE NUMBERS.
R  INDICATES RECORD WAS SET OR TIED.
MM INDICATES DATA IS MISSING.
T  INDICATES TRACE AMOUNT.




$$
