000
CDUS42 KMFL 210939
CLIFLL


CLIMATE REPORT
NATIONAL WEATHER SERVICE MIAMI, FL
439 AM EST SUN DEC 21 2014


...................................

...THE FORT LAUDERDALE CLIMATE SUMMARY FOR DECEMBER 20 2014...

CLIMATE NORMAL PERIOD 1981 TO 2010
CLIMATE RECORD PERIOD 1839 TO 2014


WEATHER ITEM   OBSERVED TIME   RECORD YEAR NORMAL DEPARTURE LAST
                VALUE   (LST)  VALUE       VALUE  FROM      YEAR
                                                  NORMAL
..................................................................
TEMPERATURE (F)
 YESTERDAY
  MAXIMUM         77    145 PM  86    1948  77      0       80
                                      1922
  MINIMUM         63    453 AM  35    1950  63      0       72
  AVERAGE         70                        70      0       76

PRECIPITATION (IN)
  YESTERDAY        0.00          0.50 1948   0.09  -0.09     0.00
  MONTH TO DATE    1.73                      1.73   0.00     1.13
  SINCE NOV 1      4.65                      4.97  -0.32    12.05
  SINCE JAN 1     61.09                     61.45  -0.36    76.38

SNOWFALL (IN)
  YESTERDAY        0.0
  MONTH TO DATE    0.0
  SINCE DEC 1      0.0
  SINCE JUL 1      0.0
  SNOW DEPTH       0

DEGREE DAYS
 HEATING
  YESTERDAY        0                         1     -1        0
  MONTH TO DATE   16                        15      1        0
  SINCE DEC 1     16                        15      1        0
  SINCE JUL 1     26                        17      9        4

 COOLING
  YESTERDAY        5                         6     -1       11
  MONTH TO DATE  111                       152    -41      170
  SINCE DEC 1    111                       152    -41      170
  SINCE JAN 1   4712                      4665     47     4522
..................................................................


WIND (MPH)
  HIGHEST WIND SPEED    16   HIGHEST WIND DIRECTION    SE (130)
  HIGHEST GUST SPEED    18   HIGHEST GUST DIRECTION    SE (150)
  AVERAGE WIND SPEED     5.4


SKY COVER
  AVERAGE SKY COVER 0.5


WEATHER CONDITIONS
 THE FOLLOWING WEATHER WAS RECORDED YESTERDAY.
  NO SIGNIFICANT WEATHER WAS OBSERVED.


RELATIVE HUMIDITY (PERCENT)
 HIGHEST    87
 LOWEST     60
 AVERAGE    74

..........................................................


THE FORT LAUDERDALE CLIMATE NORMALS FOR TODAY
                         NORMAL    RECORD    YEAR
 MAXIMUM TEMPERATURE (F)   77        86      1948
 MINIMUM TEMPERATURE (F)   63        34      1943


SUNRISE AND SUNSET
DECEMBER 21 2014......SUNRISE   703 AM EST   SUNSET   534 PM EST
DECEMBER 22 2014......SUNRISE   704 AM EST   SUNSET   535 PM EST


-  INDICATES NEGATIVE NUMBERS.
R  INDICATES RECORD WAS SET OR TIED.
MM INDICATES DATA IS MISSING.
T  INDICATES TRACE AMOUNT.




$$
