000
CDUS42 KMFL 080924
CLIFLL


CLIMATE REPORT
NATIONAL WEATHER SERVICE MIAMI, FL
424 AM EST THU DEC 8 2016


...................................

...THE FORT LAUDERDALE CLIMATE SUMMARY FOR DECEMBER 7 2016...

CLIMATE NORMAL PERIOD 1981 TO 2010
CLIMATE RECORD PERIOD 1912 TO 2016


WEATHER ITEM   OBSERVED TIME   RECORD YEAR NORMAL DEPARTURE LAST
                VALUE   (LST)  VALUE       VALUE  FROM      YEAR
                                                  NORMAL
..................................................................
TEMPERATURE (F)
 YESTERDAY
  MAXIMUM         84    157 PM  86    1922  79      5       78
  MINIMUM         73    559 AM  40    2010  66      7       68
  AVERAGE         79                        72      7       73

PRECIPITATION (IN)
  YESTERDAY        0.00          2.02 1979   0.09  -0.09     0.03
  MONTH TO DATE    0.67                      0.59   0.08     4.77
  SINCE NOV 1      1.71                      3.83  -2.12     9.65
  SINCE JAN 1     47.38                     60.31 -12.93    46.38

SNOWFALL (IN)
  YESTERDAY        0.0
  MONTH TO DATE    0.0
  SINCE DEC 1      0.0
  SINCE JUL 1      0.0
  SNOW DEPTH       0

DEGREE DAYS
 HEATING
  YESTERDAY        0                         1     -1        0
  MONTH TO DATE    0                         2     -2        0
  SINCE DEC 1      0                         2     -2        0
  SINCE JUL 1      0                         4     -4        0

 COOLING
  YESTERDAY       14                         8      6        8
  MONTH TO DATE   94                        57     37       74
  SINCE DEC 1     94                        57     37       74
  SINCE JAN 1   4620                      4570     50     4867
..................................................................


WIND (MPH)
  HIGHEST WIND SPEED    10   HIGHEST WIND DIRECTION     E (90)
  HIGHEST GUST SPEED    14   HIGHEST GUST DIRECTION    NW (330)
  AVERAGE WIND SPEED     4.5


SKY COVER
  AVERAGE SKY COVER 0.6


WEATHER CONDITIONS
 THE FOLLOWING WEATHER WAS RECORDED YESTERDAY.
  THUNDERSTORM
  LIGHT RAIN


RELATIVE HUMIDITY (PERCENT)
 HIGHEST    94
 LOWEST     65
 AVERAGE    80

..........................................................


THE FORT LAUDERDALE CLIMATE NORMALS FOR TODAY
                         NORMAL    RECORD    YEAR
 MAXIMUM TEMPERATURE (F)   79        90      1919
 MINIMUM TEMPERATURE (F)   66        39      2010


SUNRISE AND SUNSET
DECEMBER  8 2016......SUNRISE   656 AM EST   SUNSET   529 PM EST
DECEMBER  9 2016......SUNRISE   657 AM EST   SUNSET   530 PM EST


-  INDICATES NEGATIVE NUMBERS.
R  INDICATES RECORD WAS SET OR TIED.
MM INDICATES DATA IS MISSING.
T  INDICATES TRACE AMOUNT.




$$
