000
CDUS42 KILM 260841
CLIFLO


CLIMATE REPORT
NATIONAL WEATHER SERVICE WILMINGTON NC
441 AM EDT MON JUN 26 2017


...................................

...THE FLORENCE SC CLIMATE SUMMARY FOR JUNE 25 2017...

CLIMATE NORMAL PERIOD 1981 TO 2010
CLIMATE RECORD PERIOD 1948 TO 2017


WEATHER ITEM   OBSERVED TIME   RECORD YEAR NORMAL DEPARTURE LAST
                VALUE   (LST)  VALUE       VALUE  FROM      YEAR
                                                  NORMAL
..................................................................
TEMPERATURE (F)
 YESTERDAY
  MAXIMUM         88    229 PM 100    1952  90     -2       92
  MINIMUM         74    410 AM  56    1979  70      4       72
  AVERAGE         81                        80      1       82

PRECIPITATION (IN)
  YESTERDAY        T             1.19 2016   0.15  -0.15     1.19
  MONTH TO DATE    3.31                      3.86  -0.55     3.28
  SINCE JUN 1      3.31                      3.86  -0.55     3.28
  SINCE JAN 1     18.02                     19.22  -1.20    24.37

DEGREE DAYS
 HEATING
  YESTERDAY        0                         0      0        0
  MONTH TO DATE    0                         0      0        0
  SINCE JUN 1      0                         0      0        0
  SINCE JUL 1   1836                      2523   -687     1948

 COOLING
  YESTERDAY       16                        15      1       17
  MONTH TO DATE  313                       321     -8      407
  SINCE JUN 1    313                       321     -8      407
  SINCE JAN 1    744                       628    116      754
..................................................................


WIND (MPH)
  HIGHEST WIND SPEED    12   HIGHEST WIND DIRECTION     S (180)
  HIGHEST GUST SPEED    13   HIGHEST GUST DIRECTION     S (200)
  AVERAGE WIND SPEED     4.9


SKY COVER
  POSSIBLE SUNSHINE  MM
  AVERAGE SKY COVER 0.6


WEATHER CONDITIONS
 THE FOLLOWING WEATHER WAS RECORDED YESTERDAY.
  LIGHT RAIN
  FOG


RELATIVE HUMIDITY (PERCENT)
 HIGHEST   100           100 AM
 LOWEST     59           400 PM
 AVERAGE    80

..........................................................


THE FLORENCE SC CLIMATE NORMALS FOR TODAY
                         NORMAL    RECORD    YEAR
 MAXIMUM TEMPERATURE (F)   90       103      1952
 MINIMUM TEMPERATURE (F)   70        56      1979


SUNRISE AND SUNSET
JUNE 26 2017..........SUNRISE   609 AM EDT   SUNSET   835 PM EDT
JUNE 27 2017..........SUNRISE   609 AM EDT   SUNSET   835 PM EDT


-  INDICATES NEGATIVE NUMBERS.
R  INDICATES RECORD WAS SET OR TIED.
MM INDICATES DATA IS MISSING.
T  INDICATES TRACE AMOUNT.




$$
