000
CDUS42 KILM 040841
CLIFLO


CLIMATE REPORT
NATIONAL WEATHER SERVICE WILMINGTON NC
441 AM EDT SAT JUL 4 2015


...................................

...THE FLORENCE SC CLIMATE SUMMARY FOR JULY 3 2015...

CLIMATE NORMAL PERIOD 1981 TO 2010
CLIMATE RECORD PERIOD 1948 TO 2015


WEATHER ITEM   OBSERVED TIME   RECORD YEAR NORMAL DEPARTURE LAST
                VALUE   (LST)  VALUE       VALUE  FROM      YEAR
                                                  NORMAL
..................................................................
TEMPERATURE (F)
 YESTERDAY
  MAXIMUM         87    349 PM 102    1954  91     -4       88
  MINIMUM         70    425 AM  62    2010  71     -1       75
                                      1952
  AVERAGE         79                        81     -2       82

PRECIPITATION (IN)
  YESTERDAY        0.49          2.71 1981   0.15   0.34     0.02
  MONTH TO DATE    1.10                      0.44   0.66     0.02
  SINCE JUN 1      4.60                      5.06  -0.46     1.00
  SINCE JAN 1     19.62                     20.42  -0.80    18.36

DEGREE DAYS
 HEATING
  YESTERDAY        0                         0      0        0
  MONTH TO DATE    0                         0      0        0
  SINCE JUN 1      0                         1     -1        0
  SINCE JUL 1      0                         0      0        0

 COOLING
  YESTERDAY       14                        16     -2       17
  MONTH TO DATE   45                        48     -3       55
  SINCE JUN 1    586                       445    141      537
  SINCE JAN 1    971                       752    219      919
..................................................................


WIND (MPH)
  HIGHEST WIND SPEED    17   HIGHEST WIND DIRECTION     W (260)
  HIGHEST GUST SPEED    25   HIGHEST GUST DIRECTION     W (270)
  AVERAGE WIND SPEED     9.4


SKY COVER
  POSSIBLE SUNSHINE  MM
  AVERAGE SKY COVER 0.5


WEATHER CONDITIONS
 THE FOLLOWING WEATHER WAS RECORDED YESTERDAY.
  HEAVY RAIN
  RAIN
  LIGHT RAIN
  FOG


RELATIVE HUMIDITY (PERCENT)
 HIGHEST    97           400 AM
 LOWEST     57           400 PM
 AVERAGE    77

..........................................................


THE FLORENCE SC CLIMATE NORMALS FOR TODAY
                         NORMAL    RECORD    YEAR
 MAXIMUM TEMPERATURE (F)   91       102      1993
 MINIMUM TEMPERATURE (F)   71        60      2010


SUNRISE AND SUNSET
JULY  4 2015..........SUNRISE   612 AM EDT   SUNSET   834 PM EDT
JULY  5 2015..........SUNRISE   612 AM EDT   SUNSET   834 PM EDT


-  INDICATES NEGATIVE NUMBERS.
R  INDICATES RECORD WAS SET OR TIED.
MM INDICATES DATA IS MISSING.
T  INDICATES TRACE AMOUNT.




$$
