000
CDUS42 KILM 260941
CLIFLO


CLIMATE REPORT
NATIONAL WEATHER SERVICE WILMINGTON NC
441 AM EST SUN FEB 26 2017


...................................

...THE FLORENCE SC CLIMATE SUMMARY FOR FEBRUARY 25 2017...

CLIMATE NORMAL PERIOD 1981 TO 2010
CLIMATE RECORD PERIOD 1948 TO 2017


WEATHER ITEM   OBSERVED TIME   RECORD YEAR NORMAL DEPARTURE LAST
                VALUE   (LST)  VALUE       VALUE  FROM      YEAR
                                                  NORMAL
..................................................................
TEMPERATURE (F)
 YESTERDAY
  MAXIMUM         79R   353 PM  78    1977  62     17       57
  MINIMUM         53    241 AM  14    1967  39     14       42
  AVERAGE         66                        51     15       50

PRECIPITATION (IN)
  YESTERDAY        0.00          1.08 1960   0.10  -0.10     0.00
  MONTH TO DATE    1.60                      2.60  -1.00     5.33
  SINCE DEC 1      9.43                      8.84   0.59    14.55
  SINCE JAN 1      4.86                      5.83  -0.97     7.46

SNOWFALL (IN)
  YESTERDAY       MM
  MONTH TO DATE   MM
  SINCE DEC 1     MM
  SINCE JUL 1     MM
  SNOW DEPTH      MM

DEGREE DAYS
 HEATING
  YESTERDAY        0                        14    -14       15
  MONTH TO DATE  219                       422   -203      440
  SINCE DEC 1   1103                      1602   -499     1336
  SINCE JUL 1   1416                      2024   -608     1600

 COOLING
  YESTERDAY        1                         0      1        0
  MONTH TO DATE   10                         0     10        1
  SINCE DEC 1     14                         6      8       58
  SINCE JAN 1     10                         2      8        1
..................................................................


WIND (MPH)
  HIGHEST WIND SPEED    26   HIGHEST WIND DIRECTION    SW (220)
  HIGHEST GUST SPEED    37   HIGHEST GUST DIRECTION     W (250)
  AVERAGE WIND SPEED    11.5


SKY COVER
  POSSIBLE SUNSHINE  MM
  AVERAGE SKY COVER 0.1


WEATHER CONDITIONS
 THE FOLLOWING WEATHER WAS RECORDED YESTERDAY.
  FOG
  FOG W/VISIBILITY <= 1/4 MILE


RELATIVE HUMIDITY (PERCENT)
 HIGHEST   100           100 AM
 LOWEST     19           700 PM
 AVERAGE    60

..........................................................


THE FLORENCE SC CLIMATE NORMALS FOR TODAY
                         NORMAL    RECORD    YEAR
 MAXIMUM TEMPERATURE (F)   62        83      1996
 MINIMUM TEMPERATURE (F)   40        13      1967


SUNRISE AND SUNSET
FEBRUARY 26 2017......SUNRISE   651 AM EST   SUNSET   613 PM EST
FEBRUARY 27 2017......SUNRISE   650 AM EST   SUNSET   614 PM EST


-  INDICATES NEGATIVE NUMBERS.
R  INDICATES RECORD WAS SET OR TIED.
MM INDICATES DATA IS MISSING.
T  INDICATES TRACE AMOUNT.




$$
