000
CDUS42 KILM 232041
CLIFLO


CLIMATE REPORT
NATIONAL WEATHER SERVICE WILMINGTON NC
440 PM EDT MON OCT 23 2017


...................................

...THE FLORENCE SC CLIMATE SUMMARY FOR OCTOBER 23 2017...
VALID TODAY AS OF 0400 PM LOCAL TIME.

CLIMATE NORMAL PERIOD 1981 TO 2010
CLIMATE RECORD PERIOD 1948 TO 2017


WEATHER ITEM   OBSERVED TIME   RECORD YEAR NORMAL DEPARTURE LAST
                VALUE   (LST)  VALUE       VALUE  FROM      YEAR
                                                  NORMAL
..................................................................
TEMPERATURE (F)
 TODAY
  MAXIMUM         78   1144 AM  88    2007  74      4       72
  MINIMUM         66    212 AM  32    1974  51     15       39
  AVERAGE         72                        62     10       56

PRECIPITATION (IN)
  TODAY            0.20          1.60 1983   0.09   0.11     0.00
  MONTH TO DATE    0.83                      2.42  -1.59    12.77
  SINCE SEP 1      4.95                      6.09  -1.14    22.59
  SINCE JAN 1     36.53                     36.57  -0.04    55.47

DEGREE DAYS
 HEATING
  TODAY            0                         5     -5        9
  MONTH TO DATE   23                        62    -39       22
  SINCE SEP 1     23                        71    -48       22
  SINCE JUL 1     23                        71    -48       22

 COOLING
  TODAY            7                         2      5        0
  MONTH TO DATE  146                        74     72      101
  SINCE SEP 1    453                       360     93      505
  SINCE JAN 1   2235                      2030    205     2542
..................................................................


WIND (MPH)
  HIGHEST WIND SPEED    23   HIGHEST WIND DIRECTION    SE (150)
  HIGHEST GUST SPEED    30   HIGHEST GUST DIRECTION    SE (130)
  AVERAGE WIND SPEED     9.4


SKY COVER
  POSSIBLE SUNSHINE  MM
  AVERAGE SKY COVER 0.8


WEATHER CONDITIONS
 THE FOLLOWING WEATHER WAS RECORDED TODAY.
  RAIN
  LIGHT RAIN
  FOG


RELATIVE HUMIDITY (PERCENT)
 HIGHEST   100           400 AM
 LOWEST     76          1200 PM
 AVERAGE    88

..........................................................


THE FLORENCE SC CLIMATE NORMALS FOR TOMORROW
                         NORMAL    RECORD    YEAR
 MAXIMUM TEMPERATURE (F)   73        87      2001
                                             1953
 MINIMUM TEMPERATURE (F)   50        32      2006


SUNRISE AND SUNSET
OCTOBER 23 2017.......SUNRISE   731 AM EDT   SUNSET   635 PM EDT
OCTOBER 24 2017.......SUNRISE   732 AM EDT   SUNSET   634 PM EDT


-  INDICATES NEGATIVE NUMBERS.
R  INDICATES RECORD WAS SET OR TIED.
MM INDICATES DATA IS MISSING.
T  INDICATES TRACE AMOUNT.




$$
