000
CDUS42 KILM 290947
CLIFLO


CLIMATE REPORT
NATIONAL WEATHER SERVICE WILMINGTON NC
447 AM EST MON DEC 29 2014


...................................

...THE FLORENCE SC CLIMATE SUMMARY FOR DECEMBER 28 2014...

CLIMATE NORMAL PERIOD 1981 TO 2010
CLIMATE RECORD PERIOD 1948 TO 2014


WEATHER ITEM   OBSERVED TIME   RECORD YEAR NORMAL DEPARTURE LAST
                VALUE   (LST)  VALUE       VALUE  FROM      YEAR
                                                  NORMAL
..................................................................
TEMPERATURE (F)
 YESTERDAY
  MAXIMUM         76    135 PM  78    1988  55     21       61
  MINIMUM         52    503 AM  20    1995  35     17       26
  AVERAGE         64                        45     19       44

PRECIPITATION (IN)
  YESTERDAY        T             1.32 2005   0.10  -0.10     0.02
  MONTH TO DATE    3.17                      2.71   0.46     3.09
  SINCE DEC 1      3.17                      2.71   0.46     3.09
  SINCE JAN 1     44.46                     42.61   1.85    53.43

SNOWFALL (IN)
  YESTERDAY       MM
  MONTH TO DATE   MM
  SINCE DEC 1     MM
  SINCE JUL 1     MM
  SNOW DEPTH      MM

DEGREE DAYS
 HEATING
  YESTERDAY        1                        20    -19       21
  MONTH TO DATE  415                       496    -81      404
  SINCE DEC 1    415                       496    -81      404
  SINCE JUL 1    915                       918     -3      874

 COOLING
  YESTERDAY        0                         0      0        0
  MONTH TO DATE    0                         0      0       18
  SINCE DEC 1      0                         0      0       18
  SINCE JAN 1   2282                      2059    223     2064
..................................................................


WIND (MPH)
  HIGHEST WIND SPEED    22   HIGHEST WIND DIRECTION    SW (220)
  HIGHEST GUST SPEED    29   HIGHEST GUST DIRECTION    SW (220)
  AVERAGE WIND SPEED     6.4


SKY COVER
  POSSIBLE SUNSHINE  MM
  AVERAGE SKY COVER 0.8


WEATHER CONDITIONS
 THE FOLLOWING WEATHER WAS RECORDED YESTERDAY.
  LIGHT RAIN


RELATIVE HUMIDITY (PERCENT)
 HIGHEST    97          1100 PM
 LOWEST     57           200 PM
 AVERAGE    77

..........................................................


THE FLORENCE SC CLIMATE NORMALS FOR TODAY
                         NORMAL    RECORD    YEAR
 MAXIMUM TEMPERATURE (F)   55        78      1984
 MINIMUM TEMPERATURE (F)   35        19      1977


SUNRISE AND SUNSET
DECEMBER 29 2014......SUNRISE   724 AM EST   SUNSET   518 PM EST
DECEMBER 30 2014......SUNRISE   724 AM EST   SUNSET   519 PM EST


-  INDICATES NEGATIVE NUMBERS.
R  INDICATES RECORD WAS SET OR TIED.
MM INDICATES DATA IS MISSING.
T  INDICATES TRACE AMOUNT.




$$
