562
CDUS42 KILM 162142
CLIFLO


CLIMATE REPORT
NATIONAL WEATHER SERVICE WILMINGTON NC
442 PM EST MON JAN 16 2017


...................................

...THE FLORENCE SC CLIMATE SUMMARY FOR JANUARY 16 2017...
VALID TODAY AS OF 0400 PM LOCAL TIME.

CLIMATE NORMAL PERIOD 1981 TO 2010
CLIMATE RECORD PERIOD 1948 TO 2017


WEATHER ITEM   OBSERVED TIME   RECORD YEAR NORMAL DEPARTURE LAST
                VALUE   (LST)  VALUE       VALUE  FROM      YEAR
                                                  NORMAL
..................................................................
TEMPERATURE (F)
 TODAY
  MAXIMUM         54    347 PM  81    1950  55     -1       65
  MINIMUM         50   1257 PM  12    1994  34     16       44
  AVERAGE         52                        45      7       55

PRECIPITATION (IN)
  TODAY            0.00          0.90 1997   0.11  -0.11     0.00
  MONTH TO DATE    2.13                      1.70   0.43     0.79
  SINCE DEC 1      6.70                      4.71   1.99     7.88
  SINCE JAN 1      2.13                      1.70   0.43     0.79

SNOWFALL (IN)
  TODAY           MM
  MONTH TO DATE   MM
  SINCE DEC 1     MM
  SINCE JUL 1     MM
  SNOW DEPTH      MM

DEGREE DAYS
 HEATING
  TODAY           13                        20     -7       10
  MONTH TO DATE  236                       327    -91      319
  SINCE DEC 1    731                       884   -153      540
  SINCE JUL 1   1044                      1306   -262      804

 COOLING
  TODAY            0                         0      0        0
  MONTH TO DATE    0                         0      0        0
  SINCE DEC 1      4                         4      0       57
  SINCE JAN 1      0                         0      0        0
..................................................................


WIND (MPH)
  HIGHEST WIND SPEED     9   HIGHEST WIND DIRECTION    NE (50)
  HIGHEST GUST SPEED    11   HIGHEST GUST DIRECTION    NE (50)
  AVERAGE WIND SPEED     6.0


SKY COVER
  POSSIBLE SUNSHINE  MM
  AVERAGE SKY COVER 1.0


WEATHER CONDITIONS
 THE FOLLOWING WEATHER WAS RECORDED TODAY.
  FOG
  FOG W/VISIBILITY <= 1/4 MILE


RELATIVE HUMIDITY (PERCENT)
 HIGHEST   100           200 AM
 LOWEST     93          1200 AM
 AVERAGE    97

..........................................................


THE FLORENCE SC CLIMATE NORMALS FOR TOMORROW
                         NORMAL    RECORD    YEAR
 MAXIMUM TEMPERATURE (F)   55        80      2013
 MINIMUM TEMPERATURE (F)   35        12      1977


SUNRISE AND SUNSET
JANUARY 16 2017.......SUNRISE   724 AM EST   SUNSET   534 PM EST
JANUARY 17 2017.......SUNRISE   724 AM EST   SUNSET   535 PM EST


-  INDICATES NEGATIVE NUMBERS.
R  INDICATES RECORD WAS SET OR TIED.
MM INDICATES DATA IS MISSING.
T  INDICATES TRACE AMOUNT.




$$
