000
CDUS42 KILM 312048
CLIFLO


CLIMATE REPORT
NATIONAL WEATHER SERVICE WILMINGTON NC
447 PM EDT FRI OCT 31 2014


...................................

...THE FLORENCE SC CLIMATE SUMMARY FOR OCTOBER 31 2014...
VALID TODAY AS OF 0400 PM LOCAL TIME.

CLIMATE NORMAL PERIOD 1981 TO 2010
CLIMATE RECORD PERIOD 1948 TO 2014


WEATHER ITEM   OBSERVED TIME   RECORD YEAR NORMAL DEPARTURE LAST
                VALUE   (LST)  VALUE       VALUE  FROM      YEAR
                                                  NORMAL
..................................................................
TEMPERATURE (F)
 TODAY
  MAXIMUM         68    251 PM  87    1961  72     -4       80
  MINIMUM         46    654 AM  33    2008  48     -2       53
                                      1952
  AVERAGE         57                        60     -3       67

PRECIPITATION (IN)
  TODAY            0.00          0.99 1995   0.09  -0.09     0.00
  MONTH TO DATE    1.26                      3.08  -1.82     0.83
  SINCE SEP 1      9.68                      6.75   2.93     1.72
  SINCE JAN 1     37.67                     37.23   0.44    48.18

DEGREE DAYS
 HEATING
  TODAY            8                         6      2        0
  MONTH TO DATE   63                       106    -43       82
  SINCE SEP 1     69                       117    -48       82
  SINCE JUL 1     69                       117    -48       82

 COOLING
  TODAY            0                         1     -1        2
  MONTH TO DATE  117                        86     31      105
  SINCE SEP 1    444                       372     72      403
  SINCE JAN 1   2276                      2042    234     2030
..................................................................


WIND (MPH)
  HIGHEST WIND SPEED    10   HIGHEST WIND DIRECTION    NE (40)
  HIGHEST GUST SPEED    13   HIGHEST GUST DIRECTION    NE (50)
  AVERAGE WIND SPEED     4.8


SKY COVER
  POSSIBLE SUNSHINE  MM
  AVERAGE SKY COVER 0.1


WEATHER CONDITIONS
 THE FOLLOWING WEATHER WAS RECORDED TODAY.
  FOG


RELATIVE HUMIDITY (PERCENT)
 HIGHEST    93           500 AM
 LOWEST     42           200 PM
 AVERAGE    68

..........................................................


THE FLORENCE SC CLIMATE NORMALS FOR TOMORROW
                         NORMAL    RECORD    YEAR
 MAXIMUM TEMPERATURE (F)   71        87      1974
 MINIMUM TEMPERATURE (F)   48        32      1954


SUNRISE AND SUNSET
OCTOBER 31 2014.......SUNRISE   738 AM EDT   SUNSET   627 PM EDT
NOVEMBER  1 2014......SUNRISE   739 AM EDT   SUNSET   626 PM EDT


-  INDICATES NEGATIVE NUMBERS.
R  INDICATES RECORD WAS SET OR TIED.
MM INDICATES DATA IS MISSING.
T  INDICATES TRACE AMOUNT.




$$
