000
CDUS42 KTBW 312133
CLIFMY


CLIMATE REPORT
NATIONAL WEATHER SERVICE TAMPA BAY FL
529 PM EDT MON AUG 31 2015


...................................

...THE FORT MYERS CLIMATE SUMMARY FOR AUGUST 31 2015...
VALID TODAY AS OF 0500 PM LOCAL TIME.

CLIMATE NORMAL PERIOD 1981 TO 2010
CLIMATE RECORD PERIOD 1902 TO 2015


WEATHER ITEM   OBSERVED TIME   RECORD YEAR NORMAL DEPARTURE LAST
                VALUE   (LST)  VALUE       VALUE  FROM      YEAR
                                                  NORMAL
..................................................................
TEMPERATURE (F)
 TODAY
  MAXIMUM         85   1002 AM  96    1987  91     -6       94
                                      1940
  MINIMUM         76    559 AM  69    1917  75      1       77
  AVERAGE         81                        83     -2       86

PRECIPITATION (IN)
  TODAY            T             2.39 1979   0.32  -0.32     0.02
  MONTH TO DATE   10.55                     10.14   0.41     6.78
  SINCE JUN 1     32.22                     29.27   2.95    17.90
  SINCE JAN 1     41.07                     41.07   0.00    29.24

DEGREE DAYS
 HEATING
  TODAY            0                         0      0        0
  MONTH TO DATE    0                         0      0        0
  SINCE JUN 1      0                         0      0        0
  SINCE JUL 1      0                         0      0        0

 COOLING
  TODAY           16                        18     -2       21
  MONTH TO DATE  574                       569      5      610
  SINCE JUN 1   1663                      1658      5     1720
  SINCE JAN 1   3017                      2724    293     2911
..................................................................


WIND (MPH)
  RESULTANT WIND SPEED   7   RESULTANT WIND DIRECTION  SE (150)
  HIGHEST WIND SPEED    15   HIGHEST WIND DIRECTION     S (160)
  HIGHEST GUST SPEED    19   HIGHEST GUST DIRECTION    SE (150)
  AVERAGE WIND SPEED     7.6


SKY COVER
  POSSIBLE SUNSHINE  MM
  AVERAGE SKY COVER 0.2


WEATHER CONDITIONS
 THE FOLLOWING WEATHER WAS RECORDED TODAY.
  LIGHT RAIN


RELATIVE HUMIDITY (PERCENT)
 HIGHEST   100           100 AM
 LOWEST     70          1000 AM

..........................................................


THE FORT MYERS CLIMATE NORMALS FOR TOMORROW
                         NORMAL    RECORD    YEAR
 MAXIMUM TEMPERATURE (F)   91        96      2014
 MINIMUM TEMPERATURE (F)   75        68      1917


SUNRISE AND SUNSET
AUGUST 31 2015........SUNRISE   707 AM EDT   SUNSET   749 PM EDT
SEPTEMBER  1 2015.....SUNRISE   707 AM EDT   SUNSET   748 PM EDT


-  INDICATES NEGATIVE NUMBERS.
R  INDICATES RECORD WAS SET OR TIED.
MM INDICATES DATA IS MISSING.
T  INDICATES TRACE AMOUNT.




$$


&&
------------------------------------------------------------------
******************** SUPPLEMENTAL DATA ***************************

...GULF WATER TEMPERATURE AT FORT MYERS BEACH 85
