000
CDUS42 KTBW 252118
CLIFMY


CLIMATE REPORT
NATIONAL WEATHER SERVICE TAMPA BAY FL
515 PM EDT MON MAY 25 2015


...................................

...THE FORT MYERS CLIMATE SUMMARY FOR MAY 25 2015...
VALID TODAY AS OF 0500 PM LOCAL TIME.

CLIMATE NORMAL PERIOD 1981 TO 2010
CLIMATE RECORD PERIOD 1902 TO 2015


WEATHER ITEM   OBSERVED TIME   RECORD YEAR NORMAL DEPARTURE LAST
                VALUE   (LST)  VALUE       VALUE  FROM      YEAR
                                                  NORMAL
..................................................................
TEMPERATURE (F)
 TODAY
  MAXIMUM         95    207 PM  97    1919  91      4       94
  MINIMUM         73    600 AM  60    1954  71      2       76
  AVERAGE         84                        81      3       85

PRECIPITATION (IN)
  TODAY            0.00          1.47 1932   0.12  -0.12      T
  MONTH TO DATE    1.39                      1.80  -0.41     1.47
  SINCE MAR 1      4.88                      6.86  -1.98     5.59
  SINCE JAN 1      8.07                     10.95  -2.88     9.03

DEGREE DAYS
 HEATING
  TODAY            0                         0      0        0
  MONTH TO DATE    0                         0      0        0
  SINCE MAR 1      0                        27    -27        9
  SINCE JUL 1    231                       287    -56      178

 COOLING
  TODAY           19                        16      3       20
  MONTH TO DATE  379                       339     40      364
  SINCE MAR 1   1106                       784    322      830
  SINCE JAN 1   1254                       969    285     1091
..................................................................


WIND (MPH)
  RESULTANT WIND SPEED   8   RESULTANT WIND DIRECTION   E (100)
  HIGHEST WIND SPEED    23   HIGHEST WIND DIRECTION    SE (120)
  HIGHEST GUST SPEED    30   HIGHEST GUST DIRECTION    SE (130)
  AVERAGE WIND SPEED     8.6


SKY COVER
  POSSIBLE SUNSHINE  MM
  AVERAGE SKY COVER 0.1


WEATHER CONDITIONS
 THE FOLLOWING WEATHER WAS RECORDED TODAY.
  THUNDERSTORM


RELATIVE HUMIDITY (PERCENT)
 HIGHEST    94           700 AM
 LOWEST     46           200 PM

..........................................................


THE FORT MYERS CLIMATE NORMALS FOR TOMORROW
                         NORMAL    RECORD    YEAR
 MAXIMUM TEMPERATURE (F)   91        99      1989
                                             1953
 MINIMUM TEMPERATURE (F)   71        60      1979


SUNRISE AND SUNSET
MAY 25 2015...........SUNRISE   636 AM EDT   SUNSET   813 PM EDT
MAY 26 2015...........SUNRISE   636 AM EDT   SUNSET   813 PM EDT


-  INDICATES NEGATIVE NUMBERS.
R  INDICATES RECORD WAS SET OR TIED.
MM INDICATES DATA IS MISSING.
T  INDICATES TRACE AMOUNT.




$$


&&
------------------------------------------------------------------
******************** SUPPLEMENTAL DATA ***************************

...GULF WATER TEMPERATURE AT FORT MYERS BEACH 88
