000
CDUS43 KDTX 292041
CLIFNT


CLIMATE REPORT
NATIONAL WEATHER SERVICE DETROIT/PONTIAC MI
429 PM EDT MON MAY 29 2017


...................................

...THE FLINT MI CLIMATE SUMMARY FOR MAY 29 2017...
VALID TODAY AS OF 0400 PM LOCAL TIME.

CLIMATE NORMAL PERIOD 1981 TO 2010
CLIMATE RECORD PERIOD 1921 TO 2017


WEATHER ITEM   OBSERVED TIME   RECORD YEAR NORMAL DEPARTURE LAST
                VALUE   (LST)  VALUE       VALUE  FROM      YEAR
                                                  NORMAL
..................................................................
TEMPERATURE (F)
 TODAY
  MAXIMUM         79    124 PM  92    1934  73      6       88
  MINIMUM         54    516 AM  34    1966  50      4       65
  AVERAGE         67                        61      6       77

PRECIPITATION (IN)
  TODAY            0.00          0.67 2011   0.10  -0.10     0.00
  MONTH TO DATE    2.46                      2.88  -0.42     1.72
  SINCE MAR 1     10.86                      7.68   3.18     8.38
  SINCE JAN 1     16.41                     10.79   5.62    12.23

SNOWFALL (IN)
  TODAY            0.0           0.0    MM   0.0    0.0      0.0
  MONTH TO DATE    0.0                       0.0    0.0       T
  SINCE MAR 1      6.9                       8.8   -1.9     18.4
  SINCE JUL 1     39.4                      47.4   -8.0     69.0
  SNOW DEPTH       0

DEGREE DAYS
 HEATING
  TODAY            0                         5     -5        0
  MONTH TO DATE  268                       269     -1      207
  SINCE MAR 1   1630                      1788   -158     1486
  SINCE JUL 1   5779                      6876  -1097     5356

 COOLING
  TODAY            2                         2      0       12
  MONTH TO DATE   22                        24     -2       65
  SINCE MAR 1     25                        28     -3       66
  SINCE JAN 1     25                        28     -3       66
..................................................................


WIND (MPH)
  HIGHEST WIND SPEED    24   HIGHEST WIND DIRECTION     W (250)
  HIGHEST GUST SPEED    34   HIGHEST GUST DIRECTION     W (250)
  AVERAGE WIND SPEED     9.9


SKY COVER
  POSSIBLE SUNSHINE  MM
  AVERAGE SKY COVER 0.1


WEATHER CONDITIONS
 THE FOLLOWING WEATHER WAS RECORDED TODAY.
  NO SIGNIFICANT WEATHER WAS OBSERVED.


RELATIVE HUMIDITY (PERCENT)
 HIGHEST    93           100 AM
 LOWEST     29           200 PM
 AVERAGE    61

..........................................................


THE FLINT MI CLIMATE NORMALS FOR TOMORROW
                         NORMAL    RECORD    YEAR
 MAXIMUM TEMPERATURE (F)   73        92      1934
 MINIMUM TEMPERATURE (F)   50        33      1996
                                             1961


SUNRISE AND SUNSET
MAY 29 2017...........SUNRISE   600 AM EDT   SUNSET   905 PM EDT
MAY 30 2017...........SUNRISE   600 AM EDT   SUNSET   906 PM EDT


-  INDICATES NEGATIVE NUMBERS.
R  INDICATES RECORD WAS SET OR TIED.
MM INDICATES DATA IS MISSING.
T  INDICATES TRACE AMOUNT.




$$
