486
CDUS43 KDTX 260537
CLIFNT


CLIMATE REPORT
NATIONAL WEATHER SERVICE DETROIT/PONTIAC MI
137 AM EDT WED JUL 26 2017


...................................

...THE FLINT MI CLIMATE SUMMARY FOR JULY 25 2017...

CLIMATE NORMAL PERIOD 1981 TO 2010
CLIMATE RECORD PERIOD 1921 TO 2017


WEATHER ITEM   OBSERVED TIME   RECORD YEAR NORMAL DEPARTURE LAST
                VALUE   (LST)  VALUE       VALUE  FROM      YEAR
                                                  NORMAL
..................................................................
TEMPERATURE (F)
 YESTERDAY
  MAXIMUM         81    352 PM 103    1934  82     -1       92
  MINIMUM         47R   547 AM  47    2013  59    -12       72
  AVERAGE         64                        70     -6       82

PRECIPITATION (IN)
  YESTERDAY        0.00          0.90 1987   0.12  -0.12     0.00
  MONTH TO DATE    2.56                      2.61  -0.05     1.32
  SINCE JUN 1      5.22                      5.68  -0.46     1.99
  SINCE JAN 1     21.65                     16.67   4.98    14.22

SNOWFALL (IN)
  YESTERDAY        0.0           0.0    MM   0.0    0.0      0.0
  MONTH TO DATE    0.0                       0.0    0.0      0.0
  SINCE JUN 1      0.0                       0.0    0.0      0.0
  SINCE JUL 1      0.0                       0.0    0.0      0.0
  SNOW DEPTH       0

DEGREE DAYS
 HEATING
  YESTERDAY        1                         0      1        0
  MONTH TO DATE    1                        10     -9        0
  SINCE JUN 1     40                        76    -36       28
  SINCE JUL 1      1                        10     -9        0

 COOLING
  YESTERDAY        0                         6     -6       17
  MONTH TO DATE  164                       150     14      285
  SINCE JUN 1    309                       262     47      463
  SINCE JAN 1    334                       294     40      542
..................................................................


WIND (MPH)
  HIGHEST WIND SPEED    10   HIGHEST WIND DIRECTION     E (110)
  HIGHEST GUST SPEED    17   HIGHEST GUST DIRECTION     E (100)
  AVERAGE WIND SPEED     2.7


SKY COVER
  POSSIBLE SUNSHINE  MM
  AVERAGE SKY COVER 0.0


WEATHER CONDITIONS
 THE FOLLOWING WEATHER WAS RECORDED YESTERDAY.
  NO SIGNIFICANT WEATHER WAS OBSERVED.


RELATIVE HUMIDITY (PERCENT)
 HIGHEST   100           300 AM
 LOWEST     36           400 PM
 AVERAGE    68

..........................................................


THE FLINT MI CLIMATE NORMALS FOR TODAY
                         NORMAL    RECORD    YEAR
 MAXIMUM TEMPERATURE (F)   82        99      1941
 MINIMUM TEMPERATURE (F)   59        48      1977


SUNRISE AND SUNSET
JULY 26 2017..........SUNRISE   620 AM EDT   SUNSET   902 PM EDT
JULY 27 2017..........SUNRISE   621 AM EDT   SUNSET   901 PM EDT


-  INDICATES NEGATIVE NUMBERS.
R  INDICATES RECORD WAS SET OR TIED.
MM INDICATES DATA IS MISSING.
T  INDICATES TRACE AMOUNT.




$$
