000
CDUS43 KDTX 010537
CLIFNT


CLIMATE REPORT
NATIONAL WEATHER SERVICE DETROIT/PONTIAC MI
137 AM EDT SAT AUG 1 2015


...................................

...THE FLINT MI CLIMATE SUMMARY FOR JULY 31 2015...

CLIMATE NORMAL PERIOD 1981 TO 2010
CLIMATE RECORD PERIOD 1921 TO 2015


WEATHER ITEM   OBSERVED TIME   RECORD YEAR NORMAL DEPARTURE LAST
                VALUE   (LST)  VALUE       VALUE  FROM      YEAR
                                                  NORMAL
..................................................................
TEMPERATURE (F)
 YESTERDAY
  MAXIMUM         88    240 PM  97    1955  81      7       80
                                      1933
  MINIMUM         64    551 AM  47    1960  59      5       53
  AVERAGE         76                        70      6       67

PRECIPITATION (IN)
  YESTERDAY        T             2.18 1992   0.12  -0.12     0.07
  MONTH TO DATE    2.94                      3.32  -0.38     5.76
  SINCE JUN 1      8.40                      6.39   2.01     8.22
  SINCE JAN 1     16.52                     17.38  -0.86    23.17

SNOWFALL (IN)
  YESTERDAY        0.0           0.0    MM   0.0    0.0      0.0
  MONTH TO DATE    0.0                       0.0    0.0      0.0
  SINCE JUN 1      0.0                       0.0    0.0      0.0
  SINCE JUL 1      0.0                       0.0    0.0      0.0
  SNOW DEPTH       0

DEGREE DAYS
 HEATING
  YESTERDAY        0                         0      0        0
  MONTH TO DATE    8                        10     -2       17
  SINCE JUN 1     36                        81    -45       39
  SINCE JUL 1      8                        15     -7       17

 COOLING
  YESTERDAY       11                         6      5        2
  MONTH TO DATE  218                       187     31      129
  SINCE JUN 1    342                       299     43      281
  SINCE JAN 1    417                       331     86      329
..................................................................


WIND (MPH)
  HIGHEST WIND SPEED    25   HIGHEST WIND DIRECTION     W (280)
  HIGHEST GUST SPEED    32   HIGHEST GUST DIRECTION     W (280)
  AVERAGE WIND SPEED    10.8


SKY COVER
  POSSIBLE SUNSHINE  MM
  AVERAGE SKY COVER 0.1


WEATHER CONDITIONS
 THE FOLLOWING WEATHER WAS RECORDED YESTERDAY.
  NO SIGNIFICANT WEATHER WAS OBSERVED.


RELATIVE HUMIDITY (PERCENT)
 HIGHEST    78           500 AM
 LOWEST     29           300 PM
 AVERAGE    54

..........................................................


THE FLINT MI CLIMATE NORMALS FOR TODAY
                         NORMAL    RECORD    YEAR
 MAXIMUM TEMPERATURE (F)   81        98      1988
 MINIMUM TEMPERATURE (F)   59        43      1947


SUNRISE AND SUNSET
AUGUST  1 2015........SUNRISE   626 AM EDT   SUNSET   856 PM EDT
AUGUST  2 2015........SUNRISE   627 AM EDT   SUNSET   855 PM EDT


-  INDICATES NEGATIVE NUMBERS.
R  INDICATES RECORD WAS SET OR TIED.
MM INDICATES DATA IS MISSING.
T  INDICATES TRACE AMOUNT.




$$
